{"id":848,"date":"2021-02-12T11:19:17","date_gmt":"2021-02-12T14:19:17","guid":{"rendered":"http:\/\/www.libertocitybell.com\/?post_type=product&#038;p=848"},"modified":"2023-02-09T16:14:23","modified_gmt":"2023-02-09T19:14:23","slug":"33-cuentos-sufis","status":"publish","type":"product","link":"https:\/\/www.libertocitybell.com\/?product=33-cuentos-sufis","title":{"rendered":"33 Cuentos sufis"},"content":{"rendered":"<div class=\"woocommerce-product-details__short-description\">\n<p>El mundo de los cuentos, tanto en sus versiones occidentales como en las que vienen de donde el sol nace, est\u00e1 poblado de reyes, de princesas, de animales que hablan, de mendigos que resultan no serlo, y todos estos elementos que nos vienen a la cabeza cuando o\u00edmos la palabra \u201ccuento\u201d; en general, tambi\u00e9n se admite que suelen contener alg\u00fan tipo de ense\u00f1anza, de \u201cmoraleja\u201d, de consejo pr\u00e1ctico con una aplicaci\u00f3n moral y\/o de otro tipo; es justo en este hecho donde podemos apreciar una diferencia importante. En la tradici\u00f3n oriental, las cosas funcionan de otra manera. Es un m\u00e9todo que ha sido dise\u00f1ado para ense\u00f1ar al ser humano a prepararse para llegar a realizar en su vida la \u201cexperiencia de la unidad\u201d, el \u201cconocimiento de la verdad\u201d, que constituyen la realidad. Para ello, se hace necesario introducir en el procedimiento mental del ser humano determinados elementos, \u201cense\u00f1anzas\u201d, encaminados a ir abriendo la conciencia a otras posibilidades, a otras percepciones. La moraleja, entonces, rara vez es tan evidente en los cuentos orientales, por ello es necesario leerlos con una actitud abierta y no preconcebida; dejando que lo que all\u00ed ha sido depositado con determinado fin, act\u00fae en nosotros en el nivel que debe actuar, y no en el que nosotros pensamos que deber\u00eda actuar. Por supuesto que los cuentos de este libro pueden leerse tambi\u00e9n como simple entretenimiento, o para disfrutar de sus cualidades literarias<\/p>\n<\/div>\n","protected":false},"excerpt":{"rendered":"<p>El mundo de los cuentos, tanto en sus versiones occidentales como en las que vienen de donde el sol nace, est\u00e1 poblado de reyes, de princesas, de animales que hablan, de mendigos que resultan no serlo, y todos estos elementos que nos vienen a la cabeza cuando o\u00edmos la palabra \u201ccuento\u201d; en general, tambi\u00e9n se&hellip;&nbsp;<a href=\"https:\/\/www.libertocitybell.com\/?product=33-cuentos-sufis\" class=\"\" rel=\"bookmark\">Leer m\u00e1s &raquo;<span class=\"screen-reader-text\">33 Cuentos sufis<\/span><\/a><\/p>\n","protected":false},"featured_media":849,"comment_status":"open","ping_status":"closed","template":"","meta":{"_coblocks_attr":"","_coblocks_dimensions":"","_coblocks_responsive_height":"","_coblocks_accordion_ie_support":"","neve_meta_sidebar":"","neve_meta_container":"","neve_meta_enable_content_width":"off","neve_meta_content_width":0,"neve_meta_title_alignment":"","neve_meta_author_avatar":"","neve_post_elements_order":"","neve_meta_disable_header":"","neve_meta_disable_footer":"","neve_meta_disable_title":"","spay_email":"","jetpack_publicize_message":"","jetpack_is_tweetstorm":false,"jetpack_publicize_feature_enabled":true},"product_cat":[30,44],"product_tag":[],"class_list":{"0":"post-848","1":"product","2":"type-product","3":"status-publish","4":"has-post-thumbnail","6":"product_cat-ninos-jovenes","7":"product_cat-orientalismo","9":"first","10":"outofstock","11":"taxable","12":"shipping-taxable","13":"purchasable","14":"product-type-simple"},"jetpack_publicize_connections":[],"_links":{"self":[{"href":"https:\/\/www.libertocitybell.com\/index.php?rest_route=\/wp\/v2\/product\/848","targetHints":{"allow":["GET"]}}],"collection":[{"href":"https:\/\/www.libertocitybell.com\/index.php?rest_route=\/wp\/v2\/product"}],"about":[{"href":"https:\/\/www.libertocitybell.com\/index.php?rest_route=\/wp\/v2\/types\/product"}],"replies":[{"embeddable":true,"href":"https:\/\/www.libertocitybell.com\/index.php?rest_route=%2Fwp%2Fv2%2Fcomments&post=848"}],"wp:featuredmedia":[{"embeddable":true,"href":"https:\/\/www.libertocitybell.com\/index.php?rest_route=\/wp\/v2\/media\/849"}],"wp:attachment":[{"href":"https:\/\/www.libertocitybell.com\/index.php?rest_route=%2Fwp%2Fv2%2Fmedia&parent=848"}],"wp:term":[{"taxonomy":"product_cat","embeddable":true,"href":"https:\/\/www.libertocitybell.com\/index.php?rest_route=%2Fwp%2Fv2%2Fproduct_cat&post=848"},{"taxonomy":"product_tag","embeddable":true,"href":"https:\/\/www.libertocitybell.com\/index.php?rest_route=%2Fwp%2Fv2%2Fproduct_tag&post=848"}],"curies":[{"name":"wp","href":"https:\/\/api.w.org\/{rel}","templated":true}]}}