{"id":833,"date":"2021-02-08T19:41:11","date_gmt":"2021-02-08T22:41:11","guid":{"rendered":"http:\/\/www.libertocitybell.com\/?post_type=product&#038;p=833"},"modified":"2023-02-09T20:29:37","modified_gmt":"2023-02-09T23:29:37","slug":"las-fotos-ines-ulanovsky","status":"publish","type":"product","link":"https:\/\/www.libertocitybell.com\/?product=las-fotos-ines-ulanovsky","title":{"rendered":"Las fotos &#8211; In\u00e9s Ulanovsky"},"content":{"rendered":"<p><em>La fotograf\u00eda repite mec\u00e1nicamente lo que nunca m\u00e1s podr\u00e1 repetirse existencialmente\u00a0<\/em>(Roland Barthes)<\/p>\n<p>&#8220;En el a\u00f1o 2003 descubr\u00ed algo de caracter\u00edsticas extraordinarias en mi archivo fotogr\u00e1fico personal. Diez a\u00f1os despu\u00e9s escrib\u00ed una cr\u00f3nica de ese hallazgo y empec\u00e9 a prestar especial atenci\u00f3n a las historias protagonizadas por fotos.<\/p>\n<p>En\u00a0<em>Las fotos<\/em>\u00a0se narran hechos que efectivamente ocurrieron. Trabaj\u00e9 con archivos y material documental (grabaciones, fotograf\u00edas, publicaciones, cartas, diarios \u00edntimos y mails). Al final de cada cap\u00edtulo se encuentra la foto mencionada en el texto. Las fotos no tienen el fin de ilustrar los textos y los textos no est\u00e1n ah\u00ed para explicar las fotos. Me interesa especialmente lo que ocurre en el encuentro de esos dos lenguajes tan diferentes y opuestos pero, de alg\u00fan modo, complementarios.<\/p>\n<p>En mis viejos cuadernos encontr\u00e9 algunas ideas sobre los archivos fotogr\u00e1ficos. Trabaj\u00e9 en varios. En una libretita del 2013 escrib\u00ed: &#8220;Los considero espacios ca\u00f3ticos y abrumadores pero llenos de tesoros que esperan ser descubiertos&#8221;. En otra de 2015, dec\u00eda: &#8220;Me interesan los archivos fotogr\u00e1ficos porque tienen la particularidad de atravesar al mismo tiempo universos sociales, pol\u00edticos, personales, \u00edntimos, materiales, hist\u00f3ricos, familiares y simb\u00f3licos&#8221;.<\/p>\n<p>Trabaj\u00e9 con fotos que provienen de lugares completamente diferentes (desde \u00e1lbumes familiares hasta prontuarios policiales), pero que comparten una misma caracter\u00edstica: la historia les otorg\u00f3 un protagonismo inesperado.&#8221;<\/p>\n","protected":false},"excerpt":{"rendered":"<p>La fotograf\u00eda repite mec\u00e1nicamente lo que nunca m\u00e1s podr\u00e1 repetirse existencialmente\u00a0(Roland Barthes) &#8220;En el a\u00f1o 2003 descubr\u00ed algo de caracter\u00edsticas extraordinarias en mi archivo fotogr\u00e1fico personal. Diez a\u00f1os despu\u00e9s escrib\u00ed una cr\u00f3nica de ese hallazgo y empec\u00e9 a prestar especial atenci\u00f3n a las historias protagonizadas por fotos. En\u00a0Las fotos\u00a0se narran hechos que efectivamente ocurrieron. Trabaj\u00e9&hellip;&nbsp;<a href=\"https:\/\/www.libertocitybell.com\/?product=las-fotos-ines-ulanovsky\" class=\"\" rel=\"bookmark\">Leer m\u00e1s &raquo;<span class=\"screen-reader-text\">Las fotos &#8211; In\u00e9s Ulanovsky<\/span><\/a><\/p>\n","protected":false},"featured_media":834,"comment_status":"open","ping_status":"closed","template":"","meta":{"_coblocks_attr":"","_coblocks_dimensions":"","_coblocks_responsive_height":"","_coblocks_accordion_ie_support":"","neve_meta_sidebar":"","neve_meta_container":"","neve_meta_enable_content_width":"off","neve_meta_content_width":0,"neve_meta_title_alignment":"","neve_meta_author_avatar":"","neve_post_elements_order":"","neve_meta_disable_header":"","neve_meta_disable_footer":"","neve_meta_disable_title":"","spay_email":"","jetpack_publicize_message":"","jetpack_is_tweetstorm":false,"jetpack_publicize_feature_enabled":true},"product_cat":[24,21],"product_tag":[],"class_list":{"0":"post-833","1":"product","2":"type-product","3":"status-publish","4":"has-post-thumbnail","6":"product_cat-fotografia","7":"product_cat-narrativa-argentina","9":"first","10":"outofstock","11":"taxable","12":"shipping-taxable","13":"purchasable","14":"product-type-simple"},"jetpack_publicize_connections":[],"_links":{"self":[{"href":"https:\/\/www.libertocitybell.com\/index.php?rest_route=\/wp\/v2\/product\/833","targetHints":{"allow":["GET"]}}],"collection":[{"href":"https:\/\/www.libertocitybell.com\/index.php?rest_route=\/wp\/v2\/product"}],"about":[{"href":"https:\/\/www.libertocitybell.com\/index.php?rest_route=\/wp\/v2\/types\/product"}],"replies":[{"embeddable":true,"href":"https:\/\/www.libertocitybell.com\/index.php?rest_route=%2Fwp%2Fv2%2Fcomments&post=833"}],"wp:featuredmedia":[{"embeddable":true,"href":"https:\/\/www.libertocitybell.com\/index.php?rest_route=\/wp\/v2\/media\/834"}],"wp:attachment":[{"href":"https:\/\/www.libertocitybell.com\/index.php?rest_route=%2Fwp%2Fv2%2Fmedia&parent=833"}],"wp:term":[{"taxonomy":"product_cat","embeddable":true,"href":"https:\/\/www.libertocitybell.com\/index.php?rest_route=%2Fwp%2Fv2%2Fproduct_cat&post=833"},{"taxonomy":"product_tag","embeddable":true,"href":"https:\/\/www.libertocitybell.com\/index.php?rest_route=%2Fwp%2Fv2%2Fproduct_tag&post=833"}],"curies":[{"name":"wp","href":"https:\/\/api.w.org\/{rel}","templated":true}]}}