{"id":799,"date":"2021-02-08T15:40:51","date_gmt":"2021-02-08T18:40:51","guid":{"rendered":"http:\/\/www.libertocitybell.com\/?post_type=product&#038;p=799"},"modified":"2023-02-09T20:10:34","modified_gmt":"2023-02-09T23:10:34","slug":"heridas-abiertas-begona-mendez","status":"publish","type":"product","link":"https:\/\/www.libertocitybell.com\/?product=heridas-abiertas-begona-mendez","title":{"rendered":"Heridas abiertas \u2013 Bego\u00f1a M\u00e9ndez"},"content":{"rendered":"<div class=\"resena\">\n<p>Santa Teresa, Soledad Acosta, Zenobia Camprub\u00ed, Teresa Wilms Montt, Lily \u00cd\u00f1iguez, Marga Gil Ro\u00ebsset, Idea Vilari\u00f1o, Susan Sontag, Alejandra Pizarnik y Mariana Eva Perez son las diez autoras objeto de este ensayo. Leerlas es irse de viaje hacia los l\u00edmites de la existencia y de la identidad, pues es en sus cuadernos personales donde se mostraron desnudas en extremo, con todos sus deseos y su dolor expuestos. Si los diarios empezaron siendo herramientas censoras y vigilantes por parte de instancias de autoridad (la Iglesia, la madre, el marido&#8230;), ellas consiguieron transformarlos \u2013aunque pagaran un alto precio por ello\u2013 en espacios de libertad. Este libro existe por todas las mujeres que transformaron su malestar y su marginalidad en parajes para la rebeli\u00f3n art\u00edstica, en territorios para la insubordinaci\u00f3n y la conquista de s\u00ed.<\/p>\n<div class=\"contenido-principal\">\n<aside class=\"autor\">Bego\u00f1a M\u00e9ndez (Palma, 1976) es licenciada en Lingu\u0308\u00edstica General y en Filolog\u00eda Hisp\u00e1nica por la Universidad de Barcelona. Tambi\u00e9n en la UB, se remasteriz\u00f3 en Literatura en la Era Digital y m\u00e1s tarde fue Premio Extraordinario en el m\u00e1ster de Humanidades de la UOC, con un trabajo centrado en Diario de juventud de la escritora uruguaya Idea Vilari\u00f1o. Es profesora de lengua y literatura en una escuela de adultos y colaboradora en las revistas culturales Pliego Suelto, El Cultural y Mercurio. Ha publicado Una flor sin pupila y la mujer de nieve (Sloper, 2019), artefacto literario hecho de versos, escritura autom\u00e1tica y collages.<\/aside>\n<\/div>\n<div class=\"contenido-secundario\"><\/div>\n<\/div>\n","protected":false},"excerpt":{"rendered":"<p>Santa Teresa, Soledad Acosta, Zenobia Camprub\u00ed, Teresa Wilms Montt, Lily \u00cd\u00f1iguez, Marga Gil Ro\u00ebsset, Idea Vilari\u00f1o, Susan Sontag, Alejandra Pizarnik y Mariana Eva Perez son las diez autoras objeto de este ensayo. Leerlas es irse de viaje hacia los l\u00edmites de la existencia y de la identidad, pues es en sus cuadernos personales donde se&hellip;&nbsp;<a href=\"https:\/\/www.libertocitybell.com\/?product=heridas-abiertas-begona-mendez\" class=\"\" rel=\"bookmark\">Leer m\u00e1s &raquo;<span class=\"screen-reader-text\">Heridas abiertas \u2013 Bego\u00f1a M\u00e9ndez<\/span><\/a><\/p>\n","protected":false},"featured_media":800,"comment_status":"open","ping_status":"closed","template":"","meta":{"_coblocks_attr":"","_coblocks_dimensions":"","_coblocks_responsive_height":"","_coblocks_accordion_ie_support":"","neve_meta_sidebar":"","neve_meta_container":"","neve_meta_enable_content_width":"off","neve_meta_content_width":0,"neve_meta_title_alignment":"","neve_meta_author_avatar":"","neve_post_elements_order":"","neve_meta_disable_header":"","neve_meta_disable_footer":"","neve_meta_disable_title":"","spay_email":"","jetpack_publicize_message":"","jetpack_is_tweetstorm":false,"jetpack_publicize_feature_enabled":true},"product_cat":[23,20],"product_tag":[],"class_list":{"0":"post-799","1":"product","2":"type-product","3":"status-publish","4":"has-post-thumbnail","6":"product_cat-feminismo","7":"product_cat-narrativa-internacional","9":"first","10":"outofstock","11":"taxable","12":"shipping-taxable","13":"purchasable","14":"product-type-simple"},"jetpack_publicize_connections":[],"_links":{"self":[{"href":"https:\/\/www.libertocitybell.com\/index.php?rest_route=\/wp\/v2\/product\/799","targetHints":{"allow":["GET"]}}],"collection":[{"href":"https:\/\/www.libertocitybell.com\/index.php?rest_route=\/wp\/v2\/product"}],"about":[{"href":"https:\/\/www.libertocitybell.com\/index.php?rest_route=\/wp\/v2\/types\/product"}],"replies":[{"embeddable":true,"href":"https:\/\/www.libertocitybell.com\/index.php?rest_route=%2Fwp%2Fv2%2Fcomments&post=799"}],"wp:featuredmedia":[{"embeddable":true,"href":"https:\/\/www.libertocitybell.com\/index.php?rest_route=\/wp\/v2\/media\/800"}],"wp:attachment":[{"href":"https:\/\/www.libertocitybell.com\/index.php?rest_route=%2Fwp%2Fv2%2Fmedia&parent=799"}],"wp:term":[{"taxonomy":"product_cat","embeddable":true,"href":"https:\/\/www.libertocitybell.com\/index.php?rest_route=%2Fwp%2Fv2%2Fproduct_cat&post=799"},{"taxonomy":"product_tag","embeddable":true,"href":"https:\/\/www.libertocitybell.com\/index.php?rest_route=%2Fwp%2Fv2%2Fproduct_tag&post=799"}],"curies":[{"name":"wp","href":"https:\/\/api.w.org\/{rel}","templated":true}]}}