{"id":760,"date":"2021-02-08T13:00:43","date_gmt":"2021-02-08T16:00:43","guid":{"rendered":"http:\/\/www.libertocitybell.com\/?post_type=product&#038;p=760"},"modified":"2023-02-09T16:14:36","modified_gmt":"2023-02-09T19:14:36","slug":"a-ciencia-incierta-luis-catenazzi","status":"publish","type":"product","link":"https:\/\/www.libertocitybell.com\/?product=a-ciencia-incierta-luis-catenazzi","title":{"rendered":"A ciencia incierta &#8211; Luis Cattenazzi"},"content":{"rendered":"<p>Fluidez, misterio, convicci\u00f3n. Lo primero que uno se pregunta al leer a Luis Canenazzi es c\u00f3mo se puede escribir tan s\u00f3lidamente bien. Acaso sus inquietantes fantas\u00edas cient\u00edficas y sus inc\u00f3modas especulaciones sobre el sentido del arte y la literatura se metan con semejante fuerza en la cabeza del lector gracias al dise\u00f1o de una realidad sensorial perfecta, base de la arm\u00f3nica estructura de cada relato. Nada parece resultarle dif\u00edcil a este nuevo Talento de la narrativa argentina.<\/p>\n","protected":false},"excerpt":{"rendered":"<p>Fluidez, misterio, convicci\u00f3n. Lo primero que uno se pregunta al leer a Luis Canenazzi es c\u00f3mo se puede escribir tan s\u00f3lidamente bien. Acaso sus inquietantes fantas\u00edas cient\u00edficas y sus inc\u00f3modas especulaciones sobre el sentido del arte y la literatura se metan con semejante fuerza en la cabeza del lector gracias al dise\u00f1o de una realidad&hellip;&nbsp;<a href=\"https:\/\/www.libertocitybell.com\/?product=a-ciencia-incierta-luis-catenazzi\" class=\"\" rel=\"bookmark\">Leer m\u00e1s &raquo;<span class=\"screen-reader-text\">A ciencia incierta &#8211; Luis Cattenazzi<\/span><\/a><\/p>\n","protected":false},"featured_media":761,"comment_status":"open","ping_status":"closed","template":"","meta":{"_coblocks_attr":"","_coblocks_dimensions":"","_coblocks_responsive_height":"","_coblocks_accordion_ie_support":"","neve_meta_sidebar":"","neve_meta_container":"","neve_meta_enable_content_width":"off","neve_meta_content_width":0,"neve_meta_title_alignment":"","neve_meta_author_avatar":"","neve_post_elements_order":"","neve_meta_disable_header":"","neve_meta_disable_footer":"","neve_meta_disable_title":"","spay_email":"","jetpack_publicize_message":"","jetpack_is_tweetstorm":false,"jetpack_publicize_feature_enabled":true},"product_cat":[21],"product_tag":[],"class_list":{"0":"post-760","1":"product","2":"type-product","3":"status-publish","4":"has-post-thumbnail","6":"product_cat-narrativa-argentina","8":"first","9":"outofstock","10":"taxable","11":"shipping-taxable","12":"purchasable","13":"product-type-simple"},"jetpack_publicize_connections":[],"_links":{"self":[{"href":"https:\/\/www.libertocitybell.com\/index.php?rest_route=\/wp\/v2\/product\/760","targetHints":{"allow":["GET"]}}],"collection":[{"href":"https:\/\/www.libertocitybell.com\/index.php?rest_route=\/wp\/v2\/product"}],"about":[{"href":"https:\/\/www.libertocitybell.com\/index.php?rest_route=\/wp\/v2\/types\/product"}],"replies":[{"embeddable":true,"href":"https:\/\/www.libertocitybell.com\/index.php?rest_route=%2Fwp%2Fv2%2Fcomments&post=760"}],"wp:featuredmedia":[{"embeddable":true,"href":"https:\/\/www.libertocitybell.com\/index.php?rest_route=\/wp\/v2\/media\/761"}],"wp:attachment":[{"href":"https:\/\/www.libertocitybell.com\/index.php?rest_route=%2Fwp%2Fv2%2Fmedia&parent=760"}],"wp:term":[{"taxonomy":"product_cat","embeddable":true,"href":"https:\/\/www.libertocitybell.com\/index.php?rest_route=%2Fwp%2Fv2%2Fproduct_cat&post=760"},{"taxonomy":"product_tag","embeddable":true,"href":"https:\/\/www.libertocitybell.com\/index.php?rest_route=%2Fwp%2Fv2%2Fproduct_tag&post=760"}],"curies":[{"name":"wp","href":"https:\/\/api.w.org\/{rel}","templated":true}]}}