{"id":688,"date":"2020-12-03T15:33:34","date_gmt":"2020-12-03T18:33:34","guid":{"rendered":"http:\/\/www.libertocitybell.com\/?post_type=product&#038;p=688"},"modified":"2023-02-09T16:17:42","modified_gmt":"2023-02-09T19:17:42","slug":"buenos-aires-para-colorear-2","status":"publish","type":"product","link":"https:\/\/www.libertocitybell.com\/?product=buenos-aires-para-colorear-2","title":{"rendered":"Buenos Aires para Colorear"},"content":{"rendered":"<p>\u00bfCu\u00e1les son los colores de Buenos Aires? Dicen que cambian con cada una de las cuatro estaciones, pero tambi\u00e9n seg\u00fan la mirada. En este peque\u00f1o libro\u00a0 de 18 hojas para colorear podr\u00e1s inmortalizarla como m\u00e1s te guste. Sus hojas se desprenden para que puedas enmarcarlas y crear tu propia galer\u00eda de recuerdos, acompa\u00f1ados por peque\u00f1os relatos que refrescar\u00e1n tu memoria. Recorr\u00e9 sus c\u00fapulas, sus empedrados y sus m\u00ednimos detalles con tus l\u00e1pices o marcadores&#8230; \u00a1y volv\u00e9 a viajar!<\/p>\n<p>Tama\u00f1o:\u00a013 x 18 cm<br \/>\nInterior:\u00a018 p\u00e1ginas para colorear.<br \/>\nPapel:\u00a0Papel Obra 250 grs.<\/p>\n","protected":false},"excerpt":{"rendered":"<p>\u00bfCu\u00e1les son los colores de Buenos Aires? Dicen que cambian con cada una de las cuatro estaciones, pero tambi\u00e9n seg\u00fan la mirada. En este peque\u00f1o libro\u00a0 de 18 hojas para colorear podr\u00e1s inmortalizarla como m\u00e1s te guste. Sus hojas se desprenden para que puedas enmarcarlas y crear tu propia galer\u00eda de recuerdos, acompa\u00f1ados por peque\u00f1os&hellip;&nbsp;<a href=\"https:\/\/www.libertocitybell.com\/?product=buenos-aires-para-colorear-2\" class=\"\" rel=\"bookmark\">Leer m\u00e1s &raquo;<span class=\"screen-reader-text\">Buenos Aires para Colorear<\/span><\/a><\/p>\n","protected":false},"featured_media":689,"comment_status":"open","ping_status":"closed","template":"","meta":{"_coblocks_attr":"","_coblocks_dimensions":"","_coblocks_responsive_height":"","_coblocks_accordion_ie_support":"","neve_meta_sidebar":"","neve_meta_container":"","neve_meta_enable_content_width":"off","neve_meta_content_width":0,"neve_meta_title_alignment":"","neve_meta_author_avatar":"","neve_post_elements_order":"","neve_meta_disable_header":"","neve_meta_disable_footer":"","neve_meta_disable_title":"","spay_email":"","jetpack_publicize_message":"","jetpack_is_tweetstorm":false,"jetpack_publicize_feature_enabled":true},"product_cat":[33,35],"product_tag":[],"class_list":{"0":"post-688","1":"product","2":"type-product","3":"status-publish","4":"has-post-thumbnail","6":"product_cat-libro-ilustrado","7":"product_cat-monoblock","9":"first","10":"outofstock","11":"taxable","12":"shipping-taxable","13":"purchasable","14":"product-type-simple"},"jetpack_publicize_connections":[],"_links":{"self":[{"href":"https:\/\/www.libertocitybell.com\/index.php?rest_route=\/wp\/v2\/product\/688","targetHints":{"allow":["GET"]}}],"collection":[{"href":"https:\/\/www.libertocitybell.com\/index.php?rest_route=\/wp\/v2\/product"}],"about":[{"href":"https:\/\/www.libertocitybell.com\/index.php?rest_route=\/wp\/v2\/types\/product"}],"replies":[{"embeddable":true,"href":"https:\/\/www.libertocitybell.com\/index.php?rest_route=%2Fwp%2Fv2%2Fcomments&post=688"}],"wp:featuredmedia":[{"embeddable":true,"href":"https:\/\/www.libertocitybell.com\/index.php?rest_route=\/wp\/v2\/media\/689"}],"wp:attachment":[{"href":"https:\/\/www.libertocitybell.com\/index.php?rest_route=%2Fwp%2Fv2%2Fmedia&parent=688"}],"wp:term":[{"taxonomy":"product_cat","embeddable":true,"href":"https:\/\/www.libertocitybell.com\/index.php?rest_route=%2Fwp%2Fv2%2Fproduct_cat&post=688"},{"taxonomy":"product_tag","embeddable":true,"href":"https:\/\/www.libertocitybell.com\/index.php?rest_route=%2Fwp%2Fv2%2Fproduct_tag&post=688"}],"curies":[{"name":"wp","href":"https:\/\/api.w.org\/{rel}","templated":true}]}}