{"id":657,"date":"2020-11-27T15:02:38","date_gmt":"2020-11-27T18:02:38","guid":{"rendered":"http:\/\/www.libertocitybell.com\/?post_type=product&#038;p=657"},"modified":"2023-02-09T20:44:21","modified_gmt":"2023-02-09T23:44:21","slug":"persecucion-joyce-carol-oates","status":"publish","type":"product","link":"https:\/\/www.libertocitybell.com\/?product=persecucion-joyce-carol-oates","title":{"rendered":"Persecuci\u00f3n &#8211; Joyce Carol Oates"},"content":{"rendered":"<p>Cuando era una ni\u00f1a, Abby ten\u00eda una pesadilla recurrente en la que deambulaba por una pradera cubierta de cr\u00e1neos y huesos humanos. La Abby adulta cree haber dejado atr\u00e1s sus demonios hasta que, la v\u00edspera de su boda, el sue\u00f1o regresa y la fuerza a afrontar los oscuros secretos de su pasado, que le ha ocultado a su futuro marido, Willem. Al d\u00eda siguiente \u2014menos de veinticuatro horas despu\u00e9s de contraer matrimonio\u2014, Abby es atropellada por un autob\u00fas. Mientras su mujer convalece en el hospital, Willem intenta averiguar si su mujer ha sido v\u00edctima de un accidente involuntario o, por el contrario, se ha lanzado contra el veh\u00edculo de forma premeditada.<\/p>\n<p>En\u00a0<em>Persecuci\u00f3n<\/em>, Joyce Carol Oates demuestra de nuevo por qu\u00e9 es la reina del suspense psicol\u00f3gico.<\/p>\n","protected":false},"excerpt":{"rendered":"<p>Cuando era una ni\u00f1a, Abby ten\u00eda una pesadilla recurrente en la que deambulaba por una pradera cubierta de cr\u00e1neos y huesos humanos. La Abby adulta cree haber dejado atr\u00e1s sus demonios hasta que, la v\u00edspera de su boda, el sue\u00f1o regresa y la fuerza a afrontar los oscuros secretos de su pasado, que le ha&hellip;&nbsp;<a href=\"https:\/\/www.libertocitybell.com\/?product=persecucion-joyce-carol-oates\" class=\"\" rel=\"bookmark\">Leer m\u00e1s &raquo;<span class=\"screen-reader-text\">Persecuci\u00f3n &#8211; Joyce Carol Oates<\/span><\/a><\/p>\n","protected":false},"featured_media":658,"comment_status":"open","ping_status":"closed","template":"","meta":{"_coblocks_attr":"","_coblocks_dimensions":"","_coblocks_responsive_height":"","_coblocks_accordion_ie_support":"","neve_meta_sidebar":"","neve_meta_container":"","neve_meta_enable_content_width":"off","neve_meta_content_width":0,"neve_meta_title_alignment":"","neve_meta_author_avatar":"","neve_post_elements_order":"","neve_meta_disable_header":"","neve_meta_disable_footer":"","neve_meta_disable_title":"","spay_email":"","jetpack_publicize_message":"","jetpack_is_tweetstorm":false,"jetpack_publicize_feature_enabled":true},"product_cat":[20],"product_tag":[],"class_list":{"0":"post-657","1":"product","2":"type-product","3":"status-publish","4":"has-post-thumbnail","6":"product_cat-narrativa-internacional","8":"first","9":"outofstock","10":"taxable","11":"shipping-taxable","12":"purchasable","13":"product-type-simple"},"jetpack_publicize_connections":[],"_links":{"self":[{"href":"https:\/\/www.libertocitybell.com\/index.php?rest_route=\/wp\/v2\/product\/657","targetHints":{"allow":["GET"]}}],"collection":[{"href":"https:\/\/www.libertocitybell.com\/index.php?rest_route=\/wp\/v2\/product"}],"about":[{"href":"https:\/\/www.libertocitybell.com\/index.php?rest_route=\/wp\/v2\/types\/product"}],"replies":[{"embeddable":true,"href":"https:\/\/www.libertocitybell.com\/index.php?rest_route=%2Fwp%2Fv2%2Fcomments&post=657"}],"wp:featuredmedia":[{"embeddable":true,"href":"https:\/\/www.libertocitybell.com\/index.php?rest_route=\/wp\/v2\/media\/658"}],"wp:attachment":[{"href":"https:\/\/www.libertocitybell.com\/index.php?rest_route=%2Fwp%2Fv2%2Fmedia&parent=657"}],"wp:term":[{"taxonomy":"product_cat","embeddable":true,"href":"https:\/\/www.libertocitybell.com\/index.php?rest_route=%2Fwp%2Fv2%2Fproduct_cat&post=657"},{"taxonomy":"product_tag","embeddable":true,"href":"https:\/\/www.libertocitybell.com\/index.php?rest_route=%2Fwp%2Fv2%2Fproduct_tag&post=657"}],"curies":[{"name":"wp","href":"https:\/\/api.w.org\/{rel}","templated":true}]}}