{"id":647,"date":"2020-11-20T12:45:44","date_gmt":"2020-11-20T15:45:44","guid":{"rendered":"http:\/\/www.libertocitybell.com\/?post_type=product&#038;p=647"},"modified":"2023-02-09T20:46:12","modified_gmt":"2023-02-09T23:46:12","slug":"solo-lo-inutil-es-placentero-anton-chejov","status":"publish","type":"product","link":"https:\/\/www.libertocitybell.com\/?product=solo-lo-inutil-es-placentero-anton-chejov","title":{"rendered":"Solo lo in\u00fatil es placentero &#8211; Anton Ch\u00e9jov"},"content":{"rendered":"<p>Las nuevas formas literarias engendran nuevas formas de vida, y es por ello que son tan repulsivas para las mentes conservadoras.<\/p>\n<p>&nbsp;<\/p>\n<p>Ant\u00f3n P\u00e1vlovich Ch\u00e9jov, (1860-1904) fue un\u00a0m\u00e9dico,\u00a0escritor\u00a0y\u00a0dramaturgo\u00a0ruso. Encuadrable en la corriente m\u00e1s psicol\u00f3gica del\u00a0realismo\u00a0y el\u00a0naturalismo, fue un maestro del\u00a0relato corto, siendo considerado como uno de los m\u00e1s importantes escritores de este g\u00e9nero en la historia de la literatura<\/p>\n","protected":false},"excerpt":{"rendered":"<p>Las nuevas formas literarias engendran nuevas formas de vida, y es por ello que son tan repulsivas para las mentes conservadoras. &nbsp; Ant\u00f3n P\u00e1vlovich Ch\u00e9jov, (1860-1904) fue un\u00a0m\u00e9dico,\u00a0escritor\u00a0y\u00a0dramaturgo\u00a0ruso. Encuadrable en la corriente m\u00e1s psicol\u00f3gica del\u00a0realismo\u00a0y el\u00a0naturalismo, fue un maestro del\u00a0relato corto, siendo considerado como uno de los m\u00e1s importantes escritores de este g\u00e9nero en la&hellip;&nbsp;<a href=\"https:\/\/www.libertocitybell.com\/?product=solo-lo-inutil-es-placentero-anton-chejov\" class=\"\" rel=\"bookmark\">Leer m\u00e1s &raquo;<span class=\"screen-reader-text\">Solo lo in\u00fatil es placentero &#8211; Anton Ch\u00e9jov<\/span><\/a><\/p>\n","protected":false},"featured_media":648,"comment_status":"open","ping_status":"closed","template":"","meta":{"_coblocks_attr":"","_coblocks_dimensions":"","_coblocks_responsive_height":"","_coblocks_accordion_ie_support":"","neve_meta_sidebar":"","neve_meta_container":"","neve_meta_enable_content_width":"off","neve_meta_content_width":0,"neve_meta_title_alignment":"","neve_meta_author_avatar":"","neve_post_elements_order":"","neve_meta_disable_header":"","neve_meta_disable_footer":"","neve_meta_disable_title":"","spay_email":"","jetpack_publicize_message":"","jetpack_is_tweetstorm":false,"jetpack_publicize_feature_enabled":true},"product_cat":[20],"product_tag":[],"class_list":{"0":"post-647","1":"product","2":"type-product","3":"status-publish","4":"has-post-thumbnail","6":"product_cat-narrativa-internacional","8":"first","9":"outofstock","10":"taxable","11":"shipping-taxable","12":"purchasable","13":"product-type-simple"},"jetpack_publicize_connections":[],"_links":{"self":[{"href":"https:\/\/www.libertocitybell.com\/index.php?rest_route=\/wp\/v2\/product\/647","targetHints":{"allow":["GET"]}}],"collection":[{"href":"https:\/\/www.libertocitybell.com\/index.php?rest_route=\/wp\/v2\/product"}],"about":[{"href":"https:\/\/www.libertocitybell.com\/index.php?rest_route=\/wp\/v2\/types\/product"}],"replies":[{"embeddable":true,"href":"https:\/\/www.libertocitybell.com\/index.php?rest_route=%2Fwp%2Fv2%2Fcomments&post=647"}],"wp:featuredmedia":[{"embeddable":true,"href":"https:\/\/www.libertocitybell.com\/index.php?rest_route=\/wp\/v2\/media\/648"}],"wp:attachment":[{"href":"https:\/\/www.libertocitybell.com\/index.php?rest_route=%2Fwp%2Fv2%2Fmedia&parent=647"}],"wp:term":[{"taxonomy":"product_cat","embeddable":true,"href":"https:\/\/www.libertocitybell.com\/index.php?rest_route=%2Fwp%2Fv2%2Fproduct_cat&post=647"},{"taxonomy":"product_tag","embeddable":true,"href":"https:\/\/www.libertocitybell.com\/index.php?rest_route=%2Fwp%2Fv2%2Fproduct_tag&post=647"}],"curies":[{"name":"wp","href":"https:\/\/api.w.org\/{rel}","templated":true}]}}