{"id":630,"date":"2020-11-20T11:32:24","date_gmt":"2020-11-20T14:32:24","guid":{"rendered":"http:\/\/www.libertocitybell.com\/?post_type=product&#038;p=630"},"modified":"2023-02-09T20:10:14","modified_gmt":"2023-02-09T23:10:14","slug":"hacer-el-amor-con-musica-david-herbert-lawrence","status":"publish","type":"product","link":"https:\/\/www.libertocitybell.com\/?product=hacer-el-amor-con-musica-david-herbert-lawrence","title":{"rendered":"Hacer el amor con m\u00fasica &#8211; David Herbert Lawrence"},"content":{"rendered":"<p>\u00bfQu\u00e9 quer\u00edan y deseaban? Algo es seguro: quer\u00edan que les hicieran el amor con m\u00fasica. Quer\u00edan que el hombre no fuera una criatura tosca, que va directo a su objetivo y punto. Quer\u00edan que sonaran acordes celestiales mientras \u00e9l las tomaba de la mano, y que un nuevo movimiento musical estallara cuando les rodeara la cintura con el brazo. La m\u00fasica ir\u00eda in crescendo con infinitas variaciones, a medida que hicieran el amor y avanzaran de instancia en instancia, en un baile exquisito, m\u00fasica y amor unidos inextricablemente, como las dos personas.<\/p>\n<p>&nbsp;<\/p>\n<div class=\"bloque autor\">\n<div class=\"contenido\">\n<p>David Herbert Richards Lawrence\u00a0(Eastwood,\u00a0Inglaterra;\u00a011 de septiembre\u00a0de\u00a01885-Vence,\u00a0Francia;\u00a02 de marzo\u00a0de\u00a01930) fue un\u00a0escritor\u00a0ingl\u00e9s, autor de\u00a0novelas,\u00a0cuentos,\u00a0poemas, obras de\u00a0teatro,\u00a0ensayos, libros de viaje,\u00a0pinturas,\u00a0traducciones\u00a0y\u00a0cr\u00edtica literaria.<\/p>\n<\/div>\n<\/div>\n","protected":false},"excerpt":{"rendered":"<p>\u00bfQu\u00e9 quer\u00edan y deseaban? Algo es seguro: quer\u00edan que les hicieran el amor con m\u00fasica. Quer\u00edan que el hombre no fuera una criatura tosca, que va directo a su objetivo y punto. Quer\u00edan que sonaran acordes celestiales mientras \u00e9l las tomaba de la mano, y que un nuevo movimiento musical estallara cuando les rodeara la&hellip;&nbsp;<a href=\"https:\/\/www.libertocitybell.com\/?product=hacer-el-amor-con-musica-david-herbert-lawrence\" class=\"\" rel=\"bookmark\">Leer m\u00e1s &raquo;<span class=\"screen-reader-text\">Hacer el amor con m\u00fasica &#8211; David Herbert Lawrence<\/span><\/a><\/p>\n","protected":false},"featured_media":631,"comment_status":"open","ping_status":"closed","template":"","meta":{"_coblocks_attr":"","_coblocks_dimensions":"","_coblocks_responsive_height":"","_coblocks_accordion_ie_support":"","neve_meta_sidebar":"","neve_meta_container":"","neve_meta_enable_content_width":"off","neve_meta_content_width":0,"neve_meta_title_alignment":"","neve_meta_author_avatar":"","neve_post_elements_order":"","neve_meta_disable_header":"","neve_meta_disable_footer":"","neve_meta_disable_title":"","spay_email":"","jetpack_publicize_message":"","jetpack_is_tweetstorm":false,"jetpack_publicize_feature_enabled":true},"product_cat":[20],"product_tag":[],"class_list":{"0":"post-630","1":"product","2":"type-product","3":"status-publish","4":"has-post-thumbnail","6":"product_cat-narrativa-internacional","8":"first","9":"outofstock","10":"taxable","11":"shipping-taxable","12":"purchasable","13":"product-type-simple"},"jetpack_publicize_connections":[],"_links":{"self":[{"href":"https:\/\/www.libertocitybell.com\/index.php?rest_route=\/wp\/v2\/product\/630","targetHints":{"allow":["GET"]}}],"collection":[{"href":"https:\/\/www.libertocitybell.com\/index.php?rest_route=\/wp\/v2\/product"}],"about":[{"href":"https:\/\/www.libertocitybell.com\/index.php?rest_route=\/wp\/v2\/types\/product"}],"replies":[{"embeddable":true,"href":"https:\/\/www.libertocitybell.com\/index.php?rest_route=%2Fwp%2Fv2%2Fcomments&post=630"}],"wp:featuredmedia":[{"embeddable":true,"href":"https:\/\/www.libertocitybell.com\/index.php?rest_route=\/wp\/v2\/media\/631"}],"wp:attachment":[{"href":"https:\/\/www.libertocitybell.com\/index.php?rest_route=%2Fwp%2Fv2%2Fmedia&parent=630"}],"wp:term":[{"taxonomy":"product_cat","embeddable":true,"href":"https:\/\/www.libertocitybell.com\/index.php?rest_route=%2Fwp%2Fv2%2Fproduct_cat&post=630"},{"taxonomy":"product_tag","embeddable":true,"href":"https:\/\/www.libertocitybell.com\/index.php?rest_route=%2Fwp%2Fv2%2Fproduct_tag&post=630"}],"curies":[{"name":"wp","href":"https:\/\/api.w.org\/{rel}","templated":true}]}}