{"id":625,"date":"2020-11-20T11:11:29","date_gmt":"2020-11-20T14:11:29","guid":{"rendered":"http:\/\/www.libertocitybell.com\/?post_type=product&#038;p=625"},"modified":"2023-02-09T20:08:09","modified_gmt":"2023-02-09T23:08:09","slug":"en-la-brevedad-del-instante-matsuo-basho","status":"publish","type":"product","link":"https:\/\/www.libertocitybell.com\/?product=en-la-brevedad-del-instante-matsuo-basho","title":{"rendered":"En la brevedad del instante &#8211; Matsuo Bash\u014d"},"content":{"rendered":"<p>&#8220;El haiku no solo es poes\u00eda escrita -o, m\u00e1s exactamente dibujada- sino poes\u00eda vivida, experiencia po\u00e9tica recreada. Con inmensa cortes\u00eda, Basho no nos dice todo: se limita a entregarnos unos cuantos elementos, los suficientes para encender la chispa.&#8221;<br \/>\nOctavio Paz<\/p>\n<p>Matsuo Bash\u014d, nacido como\u00a0Matsuo Kinsaku\u00a0(Ueno,\u00a01644\u00a0&#8211;\u00a0Osaka,\u00a028 de noviembre\u00a0de\u00a01694), fue el poeta m\u00e1s famoso del\u00a0per\u00edodo Edo\u00a0de\u00a0Jap\u00f3n. Es\u00a0considerado\u00a0uno de los cuatro grandes maestros del\u00a0haiku,\u00a0junto a\u00a0Yosa Buson,\u00a0Kobayashi Issa\u00a0y\u00a0Masaoka Shiki;\u00a0Bash\u014d cultiv\u00f3 y consolid\u00f3 el\u00a0haiku\u00a0con un estilo sencillo y con un componente espiritual. Su\u00a0poes\u00eda\u00a0consigui\u00f3 renombre internacional, y en Jap\u00f3n muchos de sus poemas se reproducen en monumentos y lugares tradicionales.\u00a0Bash\u014d empez\u00f3 a practicar el arte de la\u00a0poes\u00eda\u00a0a una edad temprana, y m\u00e1s adelante lleg\u00f3 a integrarse en el escenario intelectual de\u00a0Edo\u00a0(actualmente\u00a0Tokio), para llegar a convertirse r\u00e1pidamente en una celebridad en todo Jap\u00f3n. A pesar de ser maestro de poetas, en determinados momentos renunci\u00f3 a la vida social de los c\u00edrculos literarios y prefiri\u00f3 recorrer todo el pa\u00eds a pie, viajando incluso por la parte norte de la isla, un territorio muy poco poblado, para poder encontrar fuentes de inspiraci\u00f3n para sus escritos.<\/p>\n","protected":false},"excerpt":{"rendered":"<p>&#8220;El haiku no solo es poes\u00eda escrita -o, m\u00e1s exactamente dibujada- sino poes\u00eda vivida, experiencia po\u00e9tica recreada. Con inmensa cortes\u00eda, Basho no nos dice todo: se limita a entregarnos unos cuantos elementos, los suficientes para encender la chispa.&#8221; Octavio Paz Matsuo Bash\u014d, nacido como\u00a0Matsuo Kinsaku\u00a0(Ueno,\u00a01644\u00a0&#8211;\u00a0Osaka,\u00a028 de noviembre\u00a0de\u00a01694), fue el poeta m\u00e1s famoso del\u00a0per\u00edodo Edo\u00a0de\u00a0Jap\u00f3n. Es\u00a0considerado\u00a0uno&hellip;&nbsp;<a href=\"https:\/\/www.libertocitybell.com\/?product=en-la-brevedad-del-instante-matsuo-basho\" class=\"\" rel=\"bookmark\">Leer m\u00e1s &raquo;<span class=\"screen-reader-text\">En la brevedad del instante &#8211; Matsuo Bash\u014d<\/span><\/a><\/p>\n","protected":false},"featured_media":626,"comment_status":"open","ping_status":"closed","template":"","meta":{"_coblocks_attr":"","_coblocks_dimensions":"","_coblocks_responsive_height":"","_coblocks_accordion_ie_support":"","neve_meta_sidebar":"","neve_meta_container":"","neve_meta_enable_content_width":"off","neve_meta_content_width":0,"neve_meta_title_alignment":"","neve_meta_author_avatar":"","neve_post_elements_order":"","neve_meta_disable_header":"","neve_meta_disable_footer":"","neve_meta_disable_title":"","spay_email":"","jetpack_publicize_message":"","jetpack_is_tweetstorm":false,"jetpack_publicize_feature_enabled":true},"product_cat":[20,44],"product_tag":[],"class_list":{"0":"post-625","1":"product","2":"type-product","3":"status-publish","4":"has-post-thumbnail","6":"product_cat-narrativa-internacional","7":"product_cat-orientalismo","9":"first","10":"outofstock","11":"taxable","12":"shipping-taxable","13":"purchasable","14":"product-type-simple"},"jetpack_publicize_connections":[],"_links":{"self":[{"href":"https:\/\/www.libertocitybell.com\/index.php?rest_route=\/wp\/v2\/product\/625","targetHints":{"allow":["GET"]}}],"collection":[{"href":"https:\/\/www.libertocitybell.com\/index.php?rest_route=\/wp\/v2\/product"}],"about":[{"href":"https:\/\/www.libertocitybell.com\/index.php?rest_route=\/wp\/v2\/types\/product"}],"replies":[{"embeddable":true,"href":"https:\/\/www.libertocitybell.com\/index.php?rest_route=%2Fwp%2Fv2%2Fcomments&post=625"}],"wp:featuredmedia":[{"embeddable":true,"href":"https:\/\/www.libertocitybell.com\/index.php?rest_route=\/wp\/v2\/media\/626"}],"wp:attachment":[{"href":"https:\/\/www.libertocitybell.com\/index.php?rest_route=%2Fwp%2Fv2%2Fmedia&parent=625"}],"wp:term":[{"taxonomy":"product_cat","embeddable":true,"href":"https:\/\/www.libertocitybell.com\/index.php?rest_route=%2Fwp%2Fv2%2Fproduct_cat&post=625"},{"taxonomy":"product_tag","embeddable":true,"href":"https:\/\/www.libertocitybell.com\/index.php?rest_route=%2Fwp%2Fv2%2Fproduct_tag&post=625"}],"curies":[{"name":"wp","href":"https:\/\/api.w.org\/{rel}","templated":true}]}}