{"id":623,"date":"2020-11-20T11:05:37","date_gmt":"2020-11-20T14:05:37","guid":{"rendered":"http:\/\/www.libertocitybell.com\/?post_type=product&#038;p=623"},"modified":"2023-02-09T20:06:40","modified_gmt":"2023-02-09T23:06:40","slug":"el-origen-de-la-danza-pascal-quignard","status":"publish","type":"product","link":"https:\/\/www.libertocitybell.com\/?product=el-origen-de-la-danza-pascal-quignard","title":{"rendered":"El origen de la danza &#8211; Pascal Quignard"},"content":{"rendered":"<p>La danza, en este libro, remite a ciertos acontecimientos anteriores al lenguaje articulado. Sus gestos buscan, en un pasado irrecuperable pero real, antes del nacimiento, la ausencia de t\u00e9cnica, el gateo, el mundo l\u00edquido, sin palabras. Quignard sostiene que, antes del lenguaje, antes de sumergirse en el habla, que es el segundo mundo, para el cuerpo hubo un primer mundo, amni\u00f3tico, que es el de la danza. Aquel mundo mudo, cerrado, contenido, tantea en los pasos de danza los l\u00edmites del lenguaje y procura abrirse a la falta absoluta de mundo, el desmayo, la \u201cdescontinencia\u201d y al fin la muerte.<br \/>\nEste obra actualiza lo terrible del mito de Medea y cuenta experiencias: la puesta en escena de un guion para ser danzado por una bailarina japonesa de butoh, cuyo tema es Medea; la semejanza entre la danza sin reglas y los gateos y los pasos reptantes de los afectados por la bomba at\u00f3mica; los raptos del sexo y los raptos de las religiones que hacen echar los brazos atr\u00e1s, la cabeza atr\u00e1s, los ojos cerrados en un \u00e9xtasis sin voces.<\/p>\n","protected":false},"excerpt":{"rendered":"<p>La danza, en este libro, remite a ciertos acontecimientos anteriores al lenguaje articulado. Sus gestos buscan, en un pasado irrecuperable pero real, antes del nacimiento, la ausencia de t\u00e9cnica, el gateo, el mundo l\u00edquido, sin palabras. Quignard sostiene que, antes del lenguaje, antes de sumergirse en el habla, que es el segundo mundo, para el&hellip;&nbsp;<a href=\"https:\/\/www.libertocitybell.com\/?product=el-origen-de-la-danza-pascal-quignard\" class=\"\" rel=\"bookmark\">Leer m\u00e1s &raquo;<span class=\"screen-reader-text\">El origen de la danza &#8211; Pascal Quignard<\/span><\/a><\/p>\n","protected":false},"featured_media":624,"comment_status":"open","ping_status":"closed","template":"","meta":{"_coblocks_attr":"","_coblocks_dimensions":"","_coblocks_responsive_height":"","_coblocks_accordion_ie_support":"","neve_meta_sidebar":"","neve_meta_container":"","neve_meta_enable_content_width":"off","neve_meta_content_width":0,"neve_meta_title_alignment":"","neve_meta_author_avatar":"","neve_post_elements_order":"","neve_meta_disable_header":"","neve_meta_disable_footer":"","neve_meta_disable_title":"","spay_email":"","jetpack_publicize_message":"","jetpack_is_tweetstorm":false,"jetpack_publicize_feature_enabled":true},"product_cat":[20],"product_tag":[],"class_list":{"0":"post-623","1":"product","2":"type-product","3":"status-publish","4":"has-post-thumbnail","6":"product_cat-narrativa-internacional","8":"first","9":"outofstock","10":"taxable","11":"shipping-taxable","12":"purchasable","13":"product-type-simple"},"jetpack_publicize_connections":[],"_links":{"self":[{"href":"https:\/\/www.libertocitybell.com\/index.php?rest_route=\/wp\/v2\/product\/623","targetHints":{"allow":["GET"]}}],"collection":[{"href":"https:\/\/www.libertocitybell.com\/index.php?rest_route=\/wp\/v2\/product"}],"about":[{"href":"https:\/\/www.libertocitybell.com\/index.php?rest_route=\/wp\/v2\/types\/product"}],"replies":[{"embeddable":true,"href":"https:\/\/www.libertocitybell.com\/index.php?rest_route=%2Fwp%2Fv2%2Fcomments&post=623"}],"wp:featuredmedia":[{"embeddable":true,"href":"https:\/\/www.libertocitybell.com\/index.php?rest_route=\/wp\/v2\/media\/624"}],"wp:attachment":[{"href":"https:\/\/www.libertocitybell.com\/index.php?rest_route=%2Fwp%2Fv2%2Fmedia&parent=623"}],"wp:term":[{"taxonomy":"product_cat","embeddable":true,"href":"https:\/\/www.libertocitybell.com\/index.php?rest_route=%2Fwp%2Fv2%2Fproduct_cat&post=623"},{"taxonomy":"product_tag","embeddable":true,"href":"https:\/\/www.libertocitybell.com\/index.php?rest_route=%2Fwp%2Fv2%2Fproduct_tag&post=623"}],"curies":[{"name":"wp","href":"https:\/\/api.w.org\/{rel}","templated":true}]}}