{"id":590,"date":"2020-11-16T12:35:33","date_gmt":"2020-11-16T15:35:33","guid":{"rendered":"http:\/\/www.libertocitybell.com\/?post_type=product&#038;p=590"},"modified":"2023-02-09T20:41:30","modified_gmt":"2023-02-09T23:41:30","slug":"nuestra-parte-de-noche-mariana-enriquez","status":"publish","type":"product","link":"https:\/\/www.libertocitybell.com\/?product=nuestra-parte-de-noche-mariana-enriquez","title":{"rendered":"Nuestra parte de noche &#8211; Mariana Enriquez"},"content":{"rendered":"<div>\n<div class=\"premios-etiqueta-texto\"><strong>La herencia, el deseo de pervivir, la paternidad, el horror, lo \u00edntimo y lo pol\u00edtico. Una novela libre y osada, hechizante y genial.<\/strong><\/div>\n<\/div>\n<p>Un padre y un hijo atraviesan Argentina por carretera, desde Buenos Aires hacia las cataratas de Iguaz\u00fa, en la frontera norte con Brasil. Son los a\u00f1os de la junta militar, hay controles de soldados armados y tensi\u00f3n en el ambiente. El hijo se llama Gaspar y el padre trata de protegerlo del destino que le ha sido asignado. La madre muri\u00f3 en circunstancias poco claras, en un accidente que acaso no lo fue.<\/p>\n<p>Como su padre, Gaspar est\u00e1 llamado a ser un m\u00e9dium en una sociedad secreta, la Orden, que contacta con la Oscuridad en busca de la vida eterna mediante atroces rituales. En ellos es vital disponer de un m\u00e9dium, pero el destino de estos seres dotados de poderes especiales es cruel, porque su desgaste f\u00edsico y mental es r\u00e1pido e implacable. Los or\u00edgenes de la Orden, regida por la poderosa familia de la madre de Gaspar, se remontan a siglos atr\u00e1s, cuando el conocimiento de la Oscuridad lleg\u00f3 desde el coraz\u00f3n de \u00c1frica a Inglaterra y desde all\u00ed se extendi\u00f3 hasta Argentina.<\/p>\n<p>El lector encontrar\u00e1 en estas p\u00e1ginas casas cuyo interior muta; pasadizos que esconden monstruos inimaginables; rituales con fieros y ext\u00e1ticos sacrificios humanos; andanzas en el Londres psicod\u00e9lico de los a\u00f1os sesenta, donde la madre de Gaspar conoci\u00f3 a un joven cantante de aire andr\u00f3gino llamado David; p\u00e1rpados humanos convertidos en fetiches; enigm\u00e1ticas liturgias sexuales; la relaci\u00f3n entre padres e hijos, con la carga de una herencia atroz; y, de fondo, la represi\u00f3n de la dictadura militar, los desaparecidos y, m\u00e1s adelante, la incierta llegada de la democracia, los primeros brotes del sida en Buenos Aires&#8230;<\/p>\n<p>El terror sobrenatural se entrecruza con terrores muy reales en esta novela perturbadora y deslumbrante, que consagra a Mariana Enriquez como una escritora fundamental de las letras latinoamericanas del siglo XXI.<\/p>\n<p>&nbsp;<\/p>\n<p><strong><a href=\"https:\/\/www.anagrama-ed.es\/premios\/herralde-de-novela\">PREMIO HERRALDE DE NOVELA 2019<\/a><\/strong><\/p>\n","protected":false},"excerpt":{"rendered":"<p>La herencia, el deseo de pervivir, la paternidad, el horror, lo \u00edntimo y lo pol\u00edtico. Una novela libre y osada, hechizante y genial. Un padre y un hijo atraviesan Argentina por carretera, desde Buenos Aires hacia las cataratas de Iguaz\u00fa, en la frontera norte con Brasil. Son los a\u00f1os de la junta militar, hay controles&hellip;&nbsp;<a href=\"https:\/\/www.libertocitybell.com\/?product=nuestra-parte-de-noche-mariana-enriquez\" class=\"\" rel=\"bookmark\">Leer m\u00e1s &raquo;<span class=\"screen-reader-text\">Nuestra parte de noche &#8211; Mariana Enriquez<\/span><\/a><\/p>\n","protected":false},"featured_media":553,"comment_status":"open","ping_status":"closed","template":"","meta":{"_coblocks_attr":"","_coblocks_dimensions":"","_coblocks_responsive_height":"","_coblocks_accordion_ie_support":"","neve_meta_sidebar":"","neve_meta_container":"","neve_meta_enable_content_width":"off","neve_meta_content_width":0,"neve_meta_title_alignment":"","neve_meta_author_avatar":"","neve_post_elements_order":"","neve_meta_disable_header":"","neve_meta_disable_footer":"","neve_meta_disable_title":"","spay_email":"","jetpack_publicize_message":"","jetpack_is_tweetstorm":false,"jetpack_publicize_feature_enabled":true},"product_cat":[21],"product_tag":[],"class_list":{"0":"post-590","1":"product","2":"type-product","3":"status-publish","4":"has-post-thumbnail","6":"product_cat-narrativa-argentina","8":"first","9":"outofstock","10":"taxable","11":"shipping-taxable","12":"purchasable","13":"product-type-simple"},"jetpack_publicize_connections":[],"_links":{"self":[{"href":"https:\/\/www.libertocitybell.com\/index.php?rest_route=\/wp\/v2\/product\/590","targetHints":{"allow":["GET"]}}],"collection":[{"href":"https:\/\/www.libertocitybell.com\/index.php?rest_route=\/wp\/v2\/product"}],"about":[{"href":"https:\/\/www.libertocitybell.com\/index.php?rest_route=\/wp\/v2\/types\/product"}],"replies":[{"embeddable":true,"href":"https:\/\/www.libertocitybell.com\/index.php?rest_route=%2Fwp%2Fv2%2Fcomments&post=590"}],"wp:featuredmedia":[{"embeddable":true,"href":"https:\/\/www.libertocitybell.com\/index.php?rest_route=\/wp\/v2\/media\/553"}],"wp:attachment":[{"href":"https:\/\/www.libertocitybell.com\/index.php?rest_route=%2Fwp%2Fv2%2Fmedia&parent=590"}],"wp:term":[{"taxonomy":"product_cat","embeddable":true,"href":"https:\/\/www.libertocitybell.com\/index.php?rest_route=%2Fwp%2Fv2%2Fproduct_cat&post=590"},{"taxonomy":"product_tag","embeddable":true,"href":"https:\/\/www.libertocitybell.com\/index.php?rest_route=%2Fwp%2Fv2%2Fproduct_tag&post=590"}],"curies":[{"name":"wp","href":"https:\/\/api.w.org\/{rel}","templated":true}]}}