{"id":395,"date":"2020-10-09T19:52:36","date_gmt":"2020-10-09T22:52:36","guid":{"rendered":"http:\/\/www.libertocitybell.com\/?post_type=product&#038;p=395"},"modified":"2023-01-06T19:10:25","modified_gmt":"2023-01-06T22:10:25","slug":"teoria-de-la-gravedad-leila-guerriero","status":"publish","type":"product","link":"https:\/\/www.libertocitybell.com\/?product=teoria-de-la-gravedad-leila-guerriero","title":{"rendered":"Teor\u00eda de la gravedad &#8211; Leila Guerriero"},"content":{"rendered":"<p>En esta secci\u00f3n de columnas, publicadas a lo largo de m\u00e1s de cinco a\u00f1os en la contraportada de <i>El Pa\u00eds<\/i>, Leila Guerriero, una de las grandes firmas del periodismo narrativo latinoamericano, se coloca a s\u00ed misma en su afilado punto de mira. Con una prosa feroz y precisa, la autora bucea en lo sutil para, desde el asombro con el que es capaz de iluminar la realidad cotidiana, alumbrar lo que permanece oculto en nosotros.<\/p>\n<p>\u00bfDe qu\u00e9 tratan estos textos? Entre muchas otras cosas, \u00abdel tama\u00f1o de la aridez de nuestros corazones. De repollos y reyes y de por qu\u00e9 el mar hierve y de si los cerdos tienen alas. Del horror del amor cuando se termina. De todas las cosas que estaban hechas para olvidar que no hemos olvidado nunca; de las que estaban hechas para no olvidar jam\u00e1s (el dolor, los muertos queridos, aquella tarde en la arena) y que, sin embargo, hemos olvidado para siempre\u00bb.<\/p>\n<p>Un conjunto de escritos que, adem\u00e1s de formar una hermosa constelaci\u00f3n de sus recuerdos, lecturas y reflexiones, golpea al lector con la fuera de la mejor literatura.<\/p>\n<p>\u00ab(\u2026) arquitectura ling\u00fc\u00edstica levantada con maestr\u00eda. (\u2026) Este no es un libro para olvidarse de uno mismo y flotar en destinos ajenos, sino un libro para caer justo en el centro de nuestra propia existencia.\u00bb <b>Pedro Mairal<\/b><\/p>\n","protected":false},"excerpt":{"rendered":"<p>En esta secci\u00f3n de columnas, publicadas a lo largo de m\u00e1s de cinco a\u00f1os en la contraportada de El Pa\u00eds, Leila Guerriero, una de las grandes firmas del periodismo narrativo latinoamericano, se coloca a s\u00ed misma en su afilado punto de mira. Con una prosa feroz y precisa, la autora bucea en lo sutil para,&hellip;&nbsp;<a href=\"https:\/\/www.libertocitybell.com\/?product=teoria-de-la-gravedad-leila-guerriero\" class=\"\" rel=\"bookmark\">Leer m\u00e1s &raquo;<span class=\"screen-reader-text\">Teor\u00eda de la gravedad &#8211; Leila Guerriero<\/span><\/a><\/p>\n","protected":false},"featured_media":396,"comment_status":"open","ping_status":"closed","template":"","meta":{"_coblocks_attr":"","_coblocks_dimensions":"","_coblocks_responsive_height":"","_coblocks_accordion_ie_support":"","neve_meta_sidebar":"","neve_meta_container":"","neve_meta_enable_content_width":"off","neve_meta_content_width":0,"neve_meta_title_alignment":"","neve_meta_author_avatar":"","neve_post_elements_order":"","neve_meta_disable_header":"","neve_meta_disable_footer":"","neve_meta_disable_title":"","spay_email":"","jetpack_publicize_message":"","jetpack_is_tweetstorm":false,"jetpack_publicize_feature_enabled":true},"product_cat":[21],"product_tag":[],"class_list":{"0":"post-395","1":"product","2":"type-product","3":"status-publish","4":"has-post-thumbnail","6":"product_cat-narrativa-argentina","8":"first","9":"outofstock","10":"taxable","11":"shipping-taxable","12":"purchasable","13":"product-type-simple"},"jetpack_publicize_connections":[],"_links":{"self":[{"href":"https:\/\/www.libertocitybell.com\/index.php?rest_route=\/wp\/v2\/product\/395","targetHints":{"allow":["GET"]}}],"collection":[{"href":"https:\/\/www.libertocitybell.com\/index.php?rest_route=\/wp\/v2\/product"}],"about":[{"href":"https:\/\/www.libertocitybell.com\/index.php?rest_route=\/wp\/v2\/types\/product"}],"replies":[{"embeddable":true,"href":"https:\/\/www.libertocitybell.com\/index.php?rest_route=%2Fwp%2Fv2%2Fcomments&post=395"}],"wp:featuredmedia":[{"embeddable":true,"href":"https:\/\/www.libertocitybell.com\/index.php?rest_route=\/wp\/v2\/media\/396"}],"wp:attachment":[{"href":"https:\/\/www.libertocitybell.com\/index.php?rest_route=%2Fwp%2Fv2%2Fmedia&parent=395"}],"wp:term":[{"taxonomy":"product_cat","embeddable":true,"href":"https:\/\/www.libertocitybell.com\/index.php?rest_route=%2Fwp%2Fv2%2Fproduct_cat&post=395"},{"taxonomy":"product_tag","embeddable":true,"href":"https:\/\/www.libertocitybell.com\/index.php?rest_route=%2Fwp%2Fv2%2Fproduct_tag&post=395"}],"curies":[{"name":"wp","href":"https:\/\/api.w.org\/{rel}","templated":true}]}}