{"id":367,"date":"2020-10-09T18:17:41","date_gmt":"2020-10-09T21:17:41","guid":{"rendered":"http:\/\/www.libertocitybell.com\/?post_type=product&#038;p=367"},"modified":"2023-02-09T20:31:57","modified_gmt":"2023-02-09T23:31:57","slug":"london-retrato-de-una-ciudad-reuel-golden","status":"publish","type":"product","link":"https:\/\/www.libertocitybell.com\/?product=london-retrato-de-una-ciudad-reuel-golden","title":{"rendered":"London. Retrato De Una Ciudad &#8211; Reuel Golden"},"content":{"rendered":"<p>Londres es una ciudad de excitantes contrastes, una mezcla de historia e innovaci\u00f3n constante. Esta monograf\u00eda en tama\u00f1o XL re\u00fane una gran cantidad de fotograf\u00edas procedentes de todo tipo de archivos para presentar un mapa visual del pasado y el presente de la ciudad. Im\u00e1genes de sus muy diversos habitantes, calles y rincones se combinan a lo&#8230;<\/p>\n<p>Ya lo dijo en su d\u00eda Samuel Johnson: &#8220;Cuando un hombre se hast\u00eda de Londres, se hast\u00eda de la vida&#8221;. La excepcional historia de la ciudad, su arquitectura, sus monumentos, sus calles, su estilo, su esp\u00edritu y el punto rebelde que la anima (sin olvidar a sus inimitables habitantes) aparecen reflejados en cientos de irresistibles fotograf\u00edas procedentes de un amplio conjunto de archivos de todo el mundo. Londres es una metr\u00f3poli vasta, extens\u00edsima, en constante crecimiento y evoluci\u00f3n, pero a lo largo de su complejo pasado y cambiante presente ha conseguido mantener el humor, el car\u00e1cter \u00fanico y el esp\u00edritu desafiante que caracterizan a los londinenses. Este libro es un homenaje a todos ellos, a su ciudad y su historia. M\u00e1s all\u00e1 de las numerosas im\u00e1genes que lo ilustran (muchas de ellas nunca antes publicadas), el presente volumen desgrana la historia de Londres a trav\u00e9s de cientos de citas, ensayos y referencias de pel\u00edculas, libros y discos.<\/p>\n","protected":false},"excerpt":{"rendered":"<p>Londres es una ciudad de excitantes contrastes, una mezcla de historia e innovaci\u00f3n constante. Esta monograf\u00eda en tama\u00f1o XL re\u00fane una gran cantidad de fotograf\u00edas procedentes de todo tipo de archivos para presentar un mapa visual del pasado y el presente de la ciudad. Im\u00e1genes de sus muy diversos habitantes, calles y rincones se combinan&hellip;&nbsp;<a href=\"https:\/\/www.libertocitybell.com\/?product=london-retrato-de-una-ciudad-reuel-golden\" class=\"\" rel=\"bookmark\">Leer m\u00e1s &raquo;<span class=\"screen-reader-text\">London. Retrato De Una Ciudad &#8211; Reuel Golden<\/span><\/a><\/p>\n","protected":false},"featured_media":400,"comment_status":"open","ping_status":"closed","template":"","meta":{"_coblocks_attr":"","_coblocks_dimensions":"","_coblocks_responsive_height":"","_coblocks_accordion_ie_support":"","neve_meta_sidebar":"","neve_meta_container":"","neve_meta_enable_content_width":"off","neve_meta_content_width":0,"neve_meta_title_alignment":"","neve_meta_author_avatar":"","neve_post_elements_order":"","neve_meta_disable_header":"","neve_meta_disable_footer":"","neve_meta_disable_title":"","spay_email":"","jetpack_publicize_message":"","jetpack_is_tweetstorm":false,"jetpack_publicize_feature_enabled":true},"product_cat":[24],"product_tag":[],"class_list":{"0":"post-367","1":"product","2":"type-product","3":"status-publish","4":"has-post-thumbnail","6":"product_cat-fotografia","8":"first","9":"outofstock","10":"taxable","11":"shipping-taxable","12":"purchasable","13":"product-type-simple"},"jetpack_publicize_connections":[],"_links":{"self":[{"href":"https:\/\/www.libertocitybell.com\/index.php?rest_route=\/wp\/v2\/product\/367","targetHints":{"allow":["GET"]}}],"collection":[{"href":"https:\/\/www.libertocitybell.com\/index.php?rest_route=\/wp\/v2\/product"}],"about":[{"href":"https:\/\/www.libertocitybell.com\/index.php?rest_route=\/wp\/v2\/types\/product"}],"replies":[{"embeddable":true,"href":"https:\/\/www.libertocitybell.com\/index.php?rest_route=%2Fwp%2Fv2%2Fcomments&post=367"}],"wp:featuredmedia":[{"embeddable":true,"href":"https:\/\/www.libertocitybell.com\/index.php?rest_route=\/wp\/v2\/media\/400"}],"wp:attachment":[{"href":"https:\/\/www.libertocitybell.com\/index.php?rest_route=%2Fwp%2Fv2%2Fmedia&parent=367"}],"wp:term":[{"taxonomy":"product_cat","embeddable":true,"href":"https:\/\/www.libertocitybell.com\/index.php?rest_route=%2Fwp%2Fv2%2Fproduct_cat&post=367"},{"taxonomy":"product_tag","embeddable":true,"href":"https:\/\/www.libertocitybell.com\/index.php?rest_route=%2Fwp%2Fv2%2Fproduct_tag&post=367"}],"curies":[{"name":"wp","href":"https:\/\/api.w.org\/{rel}","templated":true}]}}