{"id":246,"date":"2020-10-06T15:55:51","date_gmt":"2020-10-06T18:55:51","guid":{"rendered":"http:\/\/www.libertocitybell.com\/?post_type=product&#038;p=246"},"modified":"2023-02-09T20:53:54","modified_gmt":"2023-02-09T23:53:54","slug":"vuelta-al-sol-may-groppo","status":"publish","type":"product","link":"https:\/\/www.libertocitybell.com\/?product=vuelta-al-sol-may-groppo","title":{"rendered":"Vuelta al sol &#8211; May Groppo"},"content":{"rendered":"<div class=\"thrv_wrapper thrv_text_element\">\n<p><strong>Nunca es demasiado tarde o demasiado pronto para ser quien quer\u00e9s ser.<\/strong><\/p>\n<p><strong>Vuelta al Sol<\/strong>, una gu\u00eda pr\u00e1ctica de introspecci\u00f3n que te desaf\u00eda a bucear m\u00e1s profundo para reconocer lo vivido, soltar lo viejo y celebrar lo aprendido.<\/p>\n<\/div>\n<p><span class=\"thrv-advanced-inline-text tve_editable tcb-styled-list-icon-text tcb-no-delete tcb-no-save\">M\u00e1s de 60 preguntas y disparadores para actualizar tu mirada sobre vos, conectar con tus deseos y elegir tus pr\u00f3ximos pasos con claridad e intenci\u00f3n.<\/span><\/p>\n<p><strong>Incluye espacio para registrar 3 a\u00f1os.<\/strong><\/p>\n","protected":false},"excerpt":{"rendered":"<p>Nunca es demasiado tarde o demasiado pronto para ser quien quer\u00e9s ser. Vuelta al Sol, una gu\u00eda pr\u00e1ctica de introspecci\u00f3n que te desaf\u00eda a bucear m\u00e1s profundo para reconocer lo vivido, soltar lo viejo y celebrar lo aprendido. M\u00e1s de 60 preguntas y disparadores para actualizar tu mirada sobre vos, conectar con tus deseos y&hellip;&nbsp;<a href=\"https:\/\/www.libertocitybell.com\/?product=vuelta-al-sol-may-groppo\" class=\"\" rel=\"bookmark\">Leer m\u00e1s &raquo;<span class=\"screen-reader-text\">Vuelta al sol &#8211; May Groppo<\/span><\/a><\/p>\n","protected":false},"featured_media":247,"comment_status":"open","ping_status":"closed","template":"","meta":{"_coblocks_attr":"","_coblocks_dimensions":"","_coblocks_responsive_height":"","_coblocks_accordion_ie_support":"","neve_meta_sidebar":"","neve_meta_container":"","neve_meta_enable_content_width":"off","neve_meta_content_width":0,"neve_meta_title_alignment":"","neve_meta_author_avatar":"","neve_post_elements_order":"","neve_meta_disable_header":"","neve_meta_disable_footer":"","neve_meta_disable_title":"","spay_email":"","jetpack_publicize_message":"","jetpack_is_tweetstorm":false,"jetpack_publicize_feature_enabled":true},"product_cat":[27,35],"product_tag":[],"class_list":{"0":"post-246","1":"product","2":"type-product","3":"status-publish","4":"has-post-thumbnail","6":"product_cat-autoconocimiento","7":"product_cat-monoblock","9":"first","10":"outofstock","11":"taxable","12":"shipping-taxable","13":"purchasable","14":"product-type-simple"},"jetpack_publicize_connections":[],"_links":{"self":[{"href":"https:\/\/www.libertocitybell.com\/index.php?rest_route=\/wp\/v2\/product\/246","targetHints":{"allow":["GET"]}}],"collection":[{"href":"https:\/\/www.libertocitybell.com\/index.php?rest_route=\/wp\/v2\/product"}],"about":[{"href":"https:\/\/www.libertocitybell.com\/index.php?rest_route=\/wp\/v2\/types\/product"}],"replies":[{"embeddable":true,"href":"https:\/\/www.libertocitybell.com\/index.php?rest_route=%2Fwp%2Fv2%2Fcomments&post=246"}],"wp:featuredmedia":[{"embeddable":true,"href":"https:\/\/www.libertocitybell.com\/index.php?rest_route=\/wp\/v2\/media\/247"}],"wp:attachment":[{"href":"https:\/\/www.libertocitybell.com\/index.php?rest_route=%2Fwp%2Fv2%2Fmedia&parent=246"}],"wp:term":[{"taxonomy":"product_cat","embeddable":true,"href":"https:\/\/www.libertocitybell.com\/index.php?rest_route=%2Fwp%2Fv2%2Fproduct_cat&post=246"},{"taxonomy":"product_tag","embeddable":true,"href":"https:\/\/www.libertocitybell.com\/index.php?rest_route=%2Fwp%2Fv2%2Fproduct_tag&post=246"}],"curies":[{"name":"wp","href":"https:\/\/api.w.org\/{rel}","templated":true}]}}