{"id":1894,"date":"2022-10-03T11:43:45","date_gmt":"2022-10-03T14:43:45","guid":{"rendered":"https:\/\/www.libertocitybell.com\/?product=el-cielo-es-azul-la-tierra-blancahiromi-kawakami"},"modified":"2023-02-09T16:26:50","modified_gmt":"2023-02-09T19:26:50","slug":"el-cielo-es-azul-la-tierra-blancahiromi-kawakami","status":"publish","type":"product","link":"https:\/\/www.libertocitybell.com\/?product=el-cielo-es-azul-la-tierra-blancahiromi-kawakami","title":{"rendered":"El cielo es azul, la tierra blanca\nHiromi kawakami"},"content":{"rendered":"<p><span style=\"font-family: Arial, Helvetica, sans-serif;font-size: 13px;font-style: normal;font-weight: 400;letter-spacing: normal;text-align: left;text-indent: 0px;text-transform: none;text-decoration: none;float: none\">Tsukiko tiene treinta y ocho, vive sola y trabaja en una oficina. Una noche se encuentra en un bar con uno de sus antiguos profesores del colegio.El es treinta a\u00f1os mayor que ella, jubilado y presumiblemente viudo. Su relaci\u00f3n evoluciona de un conocimiento superficial, mientras comen y beben, a una agradable sensaci\u00f3n de compa\u00f1erismo y, finalmente, hasta una profunda relaci\u00f3n sentimental. Desde un sake caliente hasta una cerveza fr\u00eda,desde los \u00e1rboles desnudos hasta su florecimiento,el lector siente de cerca la melancol\u00eda de los protagonistas y la hipn\u00f3tica atm\u00f3sfera de esta historia ganadora del prestigioso Premio Tanizaki, que ha marcado un hito en la literatura contempor\u00e1nea.<\/span><\/p>\n","protected":false},"excerpt":{"rendered":"<p>Tsukiko tiene treinta y ocho, vive sola y trabaja en una oficina. Una noche se encuentra en un bar con uno de sus antiguos profesores del colegio.El es treinta a\u00f1os mayor que ella, jubilado y presumiblemente viudo. Su relaci\u00f3n evoluciona de un conocimiento superficial, mientras comen y beben, a una agradable sensaci\u00f3n de compa\u00f1erismo y,&hellip;&nbsp;<a href=\"https:\/\/www.libertocitybell.com\/?product=el-cielo-es-azul-la-tierra-blancahiromi-kawakami\" class=\"\" rel=\"bookmark\">Leer m\u00e1s &raquo;<span class=\"screen-reader-text\">El cielo es azul, la tierra blanca<br \/>\nHiromi kawakami<\/span><\/a><\/p>\n","protected":false},"featured_media":1893,"comment_status":"open","ping_status":"closed","template":"","meta":{"_coblocks_attr":"","_coblocks_dimensions":"","_coblocks_responsive_height":"","_coblocks_accordion_ie_support":"","neve_meta_sidebar":"","neve_meta_container":"","neve_meta_enable_content_width":"","neve_meta_content_width":0,"neve_meta_title_alignment":"","neve_meta_author_avatar":"","neve_post_elements_order":"","neve_meta_disable_header":"","neve_meta_disable_footer":"","neve_meta_disable_title":"","spay_email":"","jetpack_publicize_message":"","jetpack_is_tweetstorm":false,"jetpack_publicize_feature_enabled":true},"product_cat":[20],"product_tag":[],"class_list":{"0":"post-1894","1":"product","2":"type-product","3":"status-publish","4":"has-post-thumbnail","6":"product_cat-narrativa-internacional","8":"first","9":"outofstock","10":"taxable","11":"shipping-taxable","12":"purchasable","13":"product-type-simple"},"jetpack_publicize_connections":[],"_links":{"self":[{"href":"https:\/\/www.libertocitybell.com\/index.php?rest_route=\/wp\/v2\/product\/1894","targetHints":{"allow":["GET"]}}],"collection":[{"href":"https:\/\/www.libertocitybell.com\/index.php?rest_route=\/wp\/v2\/product"}],"about":[{"href":"https:\/\/www.libertocitybell.com\/index.php?rest_route=\/wp\/v2\/types\/product"}],"replies":[{"embeddable":true,"href":"https:\/\/www.libertocitybell.com\/index.php?rest_route=%2Fwp%2Fv2%2Fcomments&post=1894"}],"wp:featuredmedia":[{"embeddable":true,"href":"https:\/\/www.libertocitybell.com\/index.php?rest_route=\/wp\/v2\/media\/1893"}],"wp:attachment":[{"href":"https:\/\/www.libertocitybell.com\/index.php?rest_route=%2Fwp%2Fv2%2Fmedia&parent=1894"}],"wp:term":[{"taxonomy":"product_cat","embeddable":true,"href":"https:\/\/www.libertocitybell.com\/index.php?rest_route=%2Fwp%2Fv2%2Fproduct_cat&post=1894"},{"taxonomy":"product_tag","embeddable":true,"href":"https:\/\/www.libertocitybell.com\/index.php?rest_route=%2Fwp%2Fv2%2Fproduct_tag&post=1894"}],"curies":[{"name":"wp","href":"https:\/\/api.w.org\/{rel}","templated":true}]}}