{"id":179,"date":"2020-10-05T17:23:37","date_gmt":"2020-10-05T20:23:37","guid":{"rendered":"http:\/\/www.libertocitybell.com\/?post_type=product&#038;p=179"},"modified":"2023-02-09T20:09:02","modified_gmt":"2023-02-09T23:09:02","slug":"feministas-para-colorear","status":"publish","type":"product","link":"https:\/\/www.libertocitybell.com\/?product=feministas-para-colorear","title":{"rendered":"Feministas para colorear"},"content":{"rendered":"<p>Mujeres maravillosas, de todos los tiempos, que se animaron a alzar su voz. Actrices, m\u00e9dicas, cient\u00edficas, m\u00fasicas, activistas: no fueron princesas ni tuvieron poderes m\u00e1gicos, no fueron perfectas ni infalibles, pero cambiaron el mundo actuando con valent\u00eda y libertad, peleando por sus derechos y los de todas las mujeres.<\/p>\n<p>Algunas de las mujeres que encontrar\u00e1s en estas p\u00e1ginas: Amelia Earhart, Angela Davis, Alicia Moreau de Justo, las Suffragettes, Lola Mora, Malala, Mariela Mu\u00f1oz, Juana de Arco, Simone de Beauvoir, Chimamanda Ngozi Adichie y muchas m\u00e1s de distintas \u00e9pocas y lugares del mundo.<\/p>\n","protected":false},"excerpt":{"rendered":"<p>Mujeres maravillosas, de todos los tiempos, que se animaron a alzar su voz. Actrices, m\u00e9dicas, cient\u00edficas, m\u00fasicas, activistas: no fueron princesas ni tuvieron poderes m\u00e1gicos, no fueron perfectas ni infalibles, pero cambiaron el mundo actuando con valent\u00eda y libertad, peleando por sus derechos y los de todas las mujeres. Algunas de las mujeres que encontrar\u00e1s&hellip;&nbsp;<a href=\"https:\/\/www.libertocitybell.com\/?product=feministas-para-colorear\" class=\"\" rel=\"bookmark\">Leer m\u00e1s &raquo;<span class=\"screen-reader-text\">Feministas para colorear<\/span><\/a><\/p>\n","protected":false},"featured_media":180,"comment_status":"open","ping_status":"closed","template":"","meta":{"_coblocks_attr":"","_coblocks_dimensions":"","_coblocks_responsive_height":"","_coblocks_accordion_ie_support":"","neve_meta_sidebar":"","neve_meta_container":"","neve_meta_enable_content_width":"off","neve_meta_content_width":0,"neve_meta_title_alignment":"","neve_meta_author_avatar":"","neve_post_elements_order":"","neve_meta_disable_header":"","neve_meta_disable_footer":"","neve_meta_disable_title":"","spay_email":"","jetpack_publicize_message":"","jetpack_is_tweetstorm":false,"jetpack_publicize_feature_enabled":true},"product_cat":[23,35,30],"product_tag":[],"class_list":{"0":"post-179","1":"product","2":"type-product","3":"status-publish","4":"has-post-thumbnail","6":"product_cat-feminismo","7":"product_cat-monoblock","8":"product_cat-ninos-jovenes","10":"first","11":"outofstock","12":"taxable","13":"shipping-taxable","14":"purchasable","15":"product-type-simple"},"jetpack_publicize_connections":[],"_links":{"self":[{"href":"https:\/\/www.libertocitybell.com\/index.php?rest_route=\/wp\/v2\/product\/179","targetHints":{"allow":["GET"]}}],"collection":[{"href":"https:\/\/www.libertocitybell.com\/index.php?rest_route=\/wp\/v2\/product"}],"about":[{"href":"https:\/\/www.libertocitybell.com\/index.php?rest_route=\/wp\/v2\/types\/product"}],"replies":[{"embeddable":true,"href":"https:\/\/www.libertocitybell.com\/index.php?rest_route=%2Fwp%2Fv2%2Fcomments&post=179"}],"wp:featuredmedia":[{"embeddable":true,"href":"https:\/\/www.libertocitybell.com\/index.php?rest_route=\/wp\/v2\/media\/180"}],"wp:attachment":[{"href":"https:\/\/www.libertocitybell.com\/index.php?rest_route=%2Fwp%2Fv2%2Fmedia&parent=179"}],"wp:term":[{"taxonomy":"product_cat","embeddable":true,"href":"https:\/\/www.libertocitybell.com\/index.php?rest_route=%2Fwp%2Fv2%2Fproduct_cat&post=179"},{"taxonomy":"product_tag","embeddable":true,"href":"https:\/\/www.libertocitybell.com\/index.php?rest_route=%2Fwp%2Fv2%2Fproduct_tag&post=179"}],"curies":[{"name":"wp","href":"https:\/\/api.w.org\/{rel}","templated":true}]}}