{"id":1737,"date":"2022-05-02T15:44:01","date_gmt":"2022-05-02T18:44:01","guid":{"rendered":"https:\/\/www.libertocitybell.com\/?product=la-primavera-llego-en-un-carro-tirado-por-caballosriichi-yokomitsu"},"modified":"2023-02-09T20:27:41","modified_gmt":"2023-02-09T23:27:41","slug":"la-primavera-llego-en-un-carro-tirado-por-caballosriichi-yokomitsu","status":"publish","type":"product","link":"https:\/\/www.libertocitybell.com\/?product=la-primavera-llego-en-un-carro-tirado-por-caballosriichi-yokomitsu","title":{"rendered":"La primavera lleg\u00f3 en un carro tirado por caballos\nRiichi Yokomitsu"},"content":{"rendered":"<p>En el cuento que le da t\u00edtulo a este libro, un gato callejero entra a un estudio y ocupa el lugar que dej\u00f3 la tortuga. As\u00ed nos ocurre con Riichi Yokomitsu, que con estos cinco relatos se cuela, tan desconocido como despreocupado, por entre los grandes sabios para reclamar el espacio que por derecho tambi\u00e9n le pertenece.<\/p>\n<p>Yokomitsu carece de misericordia, pero sus personajes est\u00e1n plenos de compasi\u00f3n; paranoia y generosidad van de la mano.<span class=\"Apple-converted-space\">&nbsp;<\/span><em style=\"font-style: italic\">La primavera lleg\u00f3 en un carro tirado por caballos<\/em><span class=\"Apple-converted-space\">&nbsp;<\/span>es un libro conmovedor, casi epif\u00e1nico, sobre los padecimientos ajenos y propios, muchas veces autoinflingidos. \u00abHab\u00eda decidido probar esos sufrimientos como la lengua prueba el az\u00facar, para mirarlos con la luz total de todos sus sentidos\u00bb.<\/p>\n<p>Acompa\u00f1ados por un pr\u00f3logo a cargo de Miguel Sardegna y del obituario que le dedic\u00f3 Kawabata a su admirado amigo, nos adentramos a este autor con la certeza creciente de tener entre las manos a un nuevo cl\u00e1sico, en esta traducci\u00f3n directa del japon\u00e9s que incluye relatos jam\u00e1s traducidos antes. Todav\u00eda heridos por el rayo de Yokomitsu, solo nos queda cerrar el libro y esperar con ansias el pr\u00f3ximo.<\/p>\n","protected":false},"excerpt":{"rendered":"<p>En el cuento que le da t\u00edtulo a este libro, un gato callejero entra a un estudio y ocupa el lugar que dej\u00f3 la tortuga. As\u00ed nos ocurre con Riichi Yokomitsu, que con estos cinco relatos se cuela, tan desconocido como despreocupado, por entre los grandes sabios para reclamar el espacio que por derecho tambi\u00e9n&hellip;&nbsp;<a href=\"https:\/\/www.libertocitybell.com\/?product=la-primavera-llego-en-un-carro-tirado-por-caballosriichi-yokomitsu\" class=\"\" rel=\"bookmark\">Leer m\u00e1s &raquo;<span class=\"screen-reader-text\">La primavera lleg\u00f3 en un carro tirado por caballos<br \/>\nRiichi Yokomitsu<\/span><\/a><\/p>\n","protected":false},"featured_media":1736,"comment_status":"open","ping_status":"closed","template":"","meta":{"_coblocks_attr":"","_coblocks_dimensions":"","_coblocks_responsive_height":"","_coblocks_accordion_ie_support":"","neve_meta_sidebar":"","neve_meta_container":"","neve_meta_enable_content_width":"","neve_meta_content_width":0,"neve_meta_title_alignment":"","neve_meta_author_avatar":"","neve_post_elements_order":"","neve_meta_disable_header":"","neve_meta_disable_footer":"","neve_meta_disable_title":"","spay_email":"","jetpack_publicize_message":"","jetpack_is_tweetstorm":false,"jetpack_publicize_feature_enabled":true},"product_cat":[20],"product_tag":[],"class_list":{"0":"post-1737","1":"product","2":"type-product","3":"status-publish","4":"has-post-thumbnail","6":"product_cat-narrativa-internacional","8":"first","9":"outofstock","10":"taxable","11":"shipping-taxable","12":"purchasable","13":"product-type-simple"},"jetpack_publicize_connections":[],"_links":{"self":[{"href":"https:\/\/www.libertocitybell.com\/index.php?rest_route=\/wp\/v2\/product\/1737","targetHints":{"allow":["GET"]}}],"collection":[{"href":"https:\/\/www.libertocitybell.com\/index.php?rest_route=\/wp\/v2\/product"}],"about":[{"href":"https:\/\/www.libertocitybell.com\/index.php?rest_route=\/wp\/v2\/types\/product"}],"replies":[{"embeddable":true,"href":"https:\/\/www.libertocitybell.com\/index.php?rest_route=%2Fwp%2Fv2%2Fcomments&post=1737"}],"wp:featuredmedia":[{"embeddable":true,"href":"https:\/\/www.libertocitybell.com\/index.php?rest_route=\/wp\/v2\/media\/1736"}],"wp:attachment":[{"href":"https:\/\/www.libertocitybell.com\/index.php?rest_route=%2Fwp%2Fv2%2Fmedia&parent=1737"}],"wp:term":[{"taxonomy":"product_cat","embeddable":true,"href":"https:\/\/www.libertocitybell.com\/index.php?rest_route=%2Fwp%2Fv2%2Fproduct_cat&post=1737"},{"taxonomy":"product_tag","embeddable":true,"href":"https:\/\/www.libertocitybell.com\/index.php?rest_route=%2Fwp%2Fv2%2Fproduct_tag&post=1737"}],"curies":[{"name":"wp","href":"https:\/\/api.w.org\/{rel}","templated":true}]}}