{"id":1716,"date":"2022-04-27T19:02:40","date_gmt":"2022-04-27T22:02:40","guid":{"rendered":"https:\/\/www.libertocitybell.com\/?product=el-rio-en-la-noche-joan-didion-2da-edicion"},"modified":"2023-02-09T20:07:09","modified_gmt":"2023-02-09T23:07:09","slug":"el-rio-en-la-noche-joan-didion-2da-edicion","status":"publish","type":"product","link":"https:\/\/www.libertocitybell.com\/?product=el-rio-en-la-noche-joan-didion-2da-edicion","title":{"rendered":"El R\u00edo en la Noche &#8211; JOAN DIDION 2da Edici\u00f3n"},"content":{"rendered":"<p><span style=\"font-family:Lato;font-size:13.6px;font-style:normal;font-weight:400;letter-spacing:normal;text-transform:none;float:none;text-align:left\">El r\u00edo en la noche desprende la esencia cl\u00e1sica de una gran no vela norteamericana. Cronolog\u00eda de un drama familiar que concluye en un asesinato, es tambin la historia de la decadencia de una familia de pioneros y su traum\u00e1tica adaptaci\u00f3n a las transformaciones de la vida en California a mediados del siglo XX.<\/span><\/p>\n","protected":false},"excerpt":{"rendered":"<p>El r\u00edo en la noche desprende la esencia cl\u00e1sica de una gran no vela norteamericana. Cronolog\u00eda de un drama familiar que concluye en un asesinato, es tambin la historia de la decadencia de una familia de pioneros y su traum\u00e1tica adaptaci\u00f3n a las transformaciones de la vida en California a mediados del siglo XX.<\/p>\n","protected":false},"featured_media":1715,"comment_status":"open","ping_status":"closed","template":"","meta":{"_coblocks_attr":"","_coblocks_dimensions":"","_coblocks_responsive_height":"","_coblocks_accordion_ie_support":"","neve_meta_sidebar":"","neve_meta_container":"","neve_meta_enable_content_width":"","neve_meta_content_width":0,"neve_meta_title_alignment":"","neve_meta_author_avatar":"","neve_post_elements_order":"","neve_meta_disable_header":"","neve_meta_disable_footer":"","neve_meta_disable_title":"","spay_email":"","jetpack_publicize_message":"","jetpack_is_tweetstorm":false,"jetpack_publicize_feature_enabled":true},"product_cat":[20],"product_tag":[],"class_list":{"0":"post-1716","1":"product","2":"type-product","3":"status-publish","4":"has-post-thumbnail","6":"product_cat-narrativa-internacional","8":"first","9":"outofstock","10":"sold-individually","11":"taxable","12":"shipping-taxable","13":"purchasable","14":"product-type-simple"},"jetpack_publicize_connections":[],"_links":{"self":[{"href":"https:\/\/www.libertocitybell.com\/index.php?rest_route=\/wp\/v2\/product\/1716","targetHints":{"allow":["GET"]}}],"collection":[{"href":"https:\/\/www.libertocitybell.com\/index.php?rest_route=\/wp\/v2\/product"}],"about":[{"href":"https:\/\/www.libertocitybell.com\/index.php?rest_route=\/wp\/v2\/types\/product"}],"replies":[{"embeddable":true,"href":"https:\/\/www.libertocitybell.com\/index.php?rest_route=%2Fwp%2Fv2%2Fcomments&post=1716"}],"wp:featuredmedia":[{"embeddable":true,"href":"https:\/\/www.libertocitybell.com\/index.php?rest_route=\/wp\/v2\/media\/1715"}],"wp:attachment":[{"href":"https:\/\/www.libertocitybell.com\/index.php?rest_route=%2Fwp%2Fv2%2Fmedia&parent=1716"}],"wp:term":[{"taxonomy":"product_cat","embeddable":true,"href":"https:\/\/www.libertocitybell.com\/index.php?rest_route=%2Fwp%2Fv2%2Fproduct_cat&post=1716"},{"taxonomy":"product_tag","embeddable":true,"href":"https:\/\/www.libertocitybell.com\/index.php?rest_route=%2Fwp%2Fv2%2Fproduct_tag&post=1716"}],"curies":[{"name":"wp","href":"https:\/\/api.w.org\/{rel}","templated":true}]}}