{"id":1697,"date":"2022-04-27T18:40:31","date_gmt":"2022-04-27T21:40:31","guid":{"rendered":"https:\/\/www.libertocitybell.com\/?product=saramagosus-nombres-un-album-biografico"},"modified":"2023-02-09T20:45:41","modified_gmt":"2023-02-09T23:45:41","slug":"saramagosus-nombres-un-album-biografico","status":"publish","type":"product","link":"https:\/\/www.libertocitybell.com\/?product=saramagosus-nombres-un-album-biografico","title":{"rendered":"SARAMAGO\nSus nombres Un \u00e1lbum biogr\u00e1fico"},"content":{"rendered":"<p><span style=\"font-family: Arial, Helvetica, sans-serif;font-size: 13px;font-style: normal;font-weight: 400;letter-spacing: normal;text-align: left;text-indent: 0px;text-transform: none;text-decoration: none;float: none\">\u00abA veces digo que yo no invento nada, que lo que hago es ense\u00f1ar, como quien va por un camino, encuentra una piedra y la levanta para ver qu\u00e9 hay debajo&#8230; Eso es lo que yo hago. No existe premeditaci\u00f3n ni una actitud intelectual previa. Digamos que \u00e9sa es mi manera de entender el mundo\u00bb. En Saramago. Sus nombres est\u00e1n recogidas m\u00e1s de doscientas claves del universo creador del premio Nobel portugu\u00e9s. Concebido como un libro que celebra al autor en el centenario de su nacimiento, en \u00e9l la palabra y la imagen se combinan, se acompa\u00f1an, se despliegan en m\u00faltiples sentidos. La voz que gu\u00eda por sus p\u00e1ginas es la del propio escritor, que ense\u00f1a y comenta lugares, personas, lecturas, temas y personajes de sus obras. Todos forjaron su identidad. Todos le convirtieron en lo que sigue siendo hoy: uno de los escritores contempor\u00e1neos m\u00e1s queridos y valorados a trav\u00e9s su vida, dedicada a la literatura y a desentra\u00f1ar la esencia del ser humano. \u00abUna fotobiograf\u00eda de Jos\u00e9 Saramago es, necesariamente, tambi\u00e9n un retrato de la historia universal del \u00faltimo siglo, de los momentos, autores, corrientes de pensamiento y debates que a\u00fan nos conforman, tanto a los que hemos sido sus contempor\u00e1neos como a aquellos que le suceden. Es una publicaci\u00f3n que adquiere un simbolismo particular en el momento en que se celebra el centenario del nacimiento de Jos\u00e9 Saramago, o que se reviste de un valor atemporal\u00bb<\/span><\/p>\n","protected":false},"excerpt":{"rendered":"<p>\u00abA veces digo que yo no invento nada, que lo que hago es ense\u00f1ar, como quien va por un camino, encuentra una piedra y la levanta para ver qu\u00e9 hay debajo&#8230; Eso es lo que yo hago. No existe premeditaci\u00f3n ni una actitud intelectual previa. Digamos que \u00e9sa es mi manera de entender el mundo\u00bb.&hellip;&nbsp;<a href=\"https:\/\/www.libertocitybell.com\/?product=saramagosus-nombres-un-album-biografico\" class=\"\" rel=\"bookmark\">Leer m\u00e1s &raquo;<span class=\"screen-reader-text\">SARAMAGO<br \/>\nSus nombres Un \u00e1lbum biogr\u00e1fico<\/span><\/a><\/p>\n","protected":false},"featured_media":1696,"comment_status":"open","ping_status":"closed","template":"","meta":{"_coblocks_attr":"","_coblocks_dimensions":"","_coblocks_responsive_height":"","_coblocks_accordion_ie_support":"","neve_meta_sidebar":"","neve_meta_container":"","neve_meta_enable_content_width":"","neve_meta_content_width":0,"neve_meta_title_alignment":"","neve_meta_author_avatar":"","neve_post_elements_order":"","neve_meta_disable_header":"","neve_meta_disable_footer":"","neve_meta_disable_title":"","spay_email":"","jetpack_publicize_message":"","jetpack_is_tweetstorm":false,"jetpack_publicize_feature_enabled":true},"product_cat":[25,24],"product_tag":[],"class_list":{"0":"post-1697","1":"product","2":"type-product","3":"status-publish","4":"has-post-thumbnail","6":"product_cat-biografia","7":"product_cat-fotografia","9":"first","10":"outofstock","11":"taxable","12":"shipping-taxable","13":"purchasable","14":"product-type-simple"},"jetpack_publicize_connections":[],"_links":{"self":[{"href":"https:\/\/www.libertocitybell.com\/index.php?rest_route=\/wp\/v2\/product\/1697","targetHints":{"allow":["GET"]}}],"collection":[{"href":"https:\/\/www.libertocitybell.com\/index.php?rest_route=\/wp\/v2\/product"}],"about":[{"href":"https:\/\/www.libertocitybell.com\/index.php?rest_route=\/wp\/v2\/types\/product"}],"replies":[{"embeddable":true,"href":"https:\/\/www.libertocitybell.com\/index.php?rest_route=%2Fwp%2Fv2%2Fcomments&post=1697"}],"wp:featuredmedia":[{"embeddable":true,"href":"https:\/\/www.libertocitybell.com\/index.php?rest_route=\/wp\/v2\/media\/1696"}],"wp:attachment":[{"href":"https:\/\/www.libertocitybell.com\/index.php?rest_route=%2Fwp%2Fv2%2Fmedia&parent=1697"}],"wp:term":[{"taxonomy":"product_cat","embeddable":true,"href":"https:\/\/www.libertocitybell.com\/index.php?rest_route=%2Fwp%2Fv2%2Fproduct_cat&post=1697"},{"taxonomy":"product_tag","embeddable":true,"href":"https:\/\/www.libertocitybell.com\/index.php?rest_route=%2Fwp%2Fv2%2Fproduct_tag&post=1697"}],"curies":[{"name":"wp","href":"https:\/\/api.w.org\/{rel}","templated":true}]}}