{"id":1681,"date":"2022-04-27T18:12:56","date_gmt":"2022-04-27T21:12:56","guid":{"rendered":"https:\/\/www.libertocitybell.com\/?product=agujas-doradasmichael-mc-dowell"},"modified":"2023-02-09T16:15:27","modified_gmt":"2023-02-09T19:15:27","slug":"agujas-doradasmichael-mc-dowell","status":"publish","type":"product","link":"https:\/\/www.libertocitybell.com\/?product=agujas-doradasmichael-mc-dowell","title":{"rendered":"Agujas doradas\nMichael Mc Dowell"},"content":{"rendered":"<p><span style=\"font-family: Arial, Helvetica, sans-serif;font-size: 13px;font-style: normal;font-weight: 400;letter-spacing: normal;text-align: left;text-indent: 0px;text-transform: none;text-decoration: none;float: none\">Agujas Doradas es una historia de venganza ambientada en Nueva York en 1881 que narra el enfrentamiento entre dos familias, los Shanks, encabezados por la matriarca Black Lena y los Stallworths. La primera opera desde el refugio de su tienda de empe\u00f1os y ha hecho del crimen su especialidad. Los segundos son corruptos e infieles, sacan ventaja de la miseria de los barrios bajos para golpear a la clase alta de diversas formas. Un cuerpo desnudo tendido en la morgue a la espera de ser reconocido, una joven que practica abortos, dos ni\u00f1os que roban un cad\u00e1ver para venderlo a un m\u00e9dico, una habitaci\u00f3n ruinosa en lo alto de un edificio decadente entre cuyos muros se perpetra un asesinato y un antro en el que emborracharse y perder dinero a las cartas son algunos de los elementos de este cl\u00e1sico del terror<\/span><\/p>\n","protected":false},"excerpt":{"rendered":"<p>Agujas Doradas es una historia de venganza ambientada en Nueva York en 1881 que narra el enfrentamiento entre dos familias, los Shanks, encabezados por la matriarca Black Lena y los Stallworths. La primera opera desde el refugio de su tienda de empe\u00f1os y ha hecho del crimen su especialidad. Los segundos son corruptos e infieles,&hellip;&nbsp;<a href=\"https:\/\/www.libertocitybell.com\/?product=agujas-doradasmichael-mc-dowell\" class=\"\" rel=\"bookmark\">Leer m\u00e1s &raquo;<span class=\"screen-reader-text\">Agujas doradas<br \/>\nMichael Mc Dowell<\/span><\/a><\/p>\n","protected":false},"featured_media":1680,"comment_status":"open","ping_status":"closed","template":"","meta":{"_coblocks_attr":"","_coblocks_dimensions":"","_coblocks_responsive_height":"","_coblocks_accordion_ie_support":"","neve_meta_sidebar":"","neve_meta_container":"","neve_meta_enable_content_width":"","neve_meta_content_width":0,"neve_meta_title_alignment":"","neve_meta_author_avatar":"","neve_post_elements_order":"","neve_meta_disable_header":"","neve_meta_disable_footer":"","neve_meta_disable_title":"","spay_email":"","jetpack_publicize_message":"","jetpack_is_tweetstorm":false,"jetpack_publicize_feature_enabled":true},"product_cat":[20],"product_tag":[],"class_list":{"0":"post-1681","1":"product","2":"type-product","3":"status-publish","4":"has-post-thumbnail","6":"product_cat-narrativa-internacional","8":"first","9":"outofstock","10":"taxable","11":"shipping-taxable","12":"purchasable","13":"product-type-simple"},"jetpack_publicize_connections":[],"_links":{"self":[{"href":"https:\/\/www.libertocitybell.com\/index.php?rest_route=\/wp\/v2\/product\/1681","targetHints":{"allow":["GET"]}}],"collection":[{"href":"https:\/\/www.libertocitybell.com\/index.php?rest_route=\/wp\/v2\/product"}],"about":[{"href":"https:\/\/www.libertocitybell.com\/index.php?rest_route=\/wp\/v2\/types\/product"}],"replies":[{"embeddable":true,"href":"https:\/\/www.libertocitybell.com\/index.php?rest_route=%2Fwp%2Fv2%2Fcomments&post=1681"}],"wp:featuredmedia":[{"embeddable":true,"href":"https:\/\/www.libertocitybell.com\/index.php?rest_route=\/wp\/v2\/media\/1680"}],"wp:attachment":[{"href":"https:\/\/www.libertocitybell.com\/index.php?rest_route=%2Fwp%2Fv2%2Fmedia&parent=1681"}],"wp:term":[{"taxonomy":"product_cat","embeddable":true,"href":"https:\/\/www.libertocitybell.com\/index.php?rest_route=%2Fwp%2Fv2%2Fproduct_cat&post=1681"},{"taxonomy":"product_tag","embeddable":true,"href":"https:\/\/www.libertocitybell.com\/index.php?rest_route=%2Fwp%2Fv2%2Fproduct_tag&post=1681"}],"curies":[{"name":"wp","href":"https:\/\/api.w.org\/{rel}","templated":true}]}}