{"id":1658,"date":"2022-04-27T17:22:43","date_gmt":"2022-04-27T20:22:43","guid":{"rendered":"https:\/\/www.libertocitybell.com\/?product=caceria-de-ninos-taeko-kono"},"modified":"2023-02-09T16:17:51","modified_gmt":"2023-02-09T19:17:51","slug":"caceria-de-ninos-taeko-kono","status":"publish","type":"product","link":"https:\/\/www.libertocitybell.com\/?product=caceria-de-ninos-taeko-kono","title":{"rendered":"CACER\u00cdA DE NI\u00d1OS &#8211; Taeko Kono"},"content":{"rendered":"<p style=\"margin:20px0px;padding:0px;border:0px;vertical-align:baseline;max-width:100%;font-family:Lato,sans-serif;font-style:normal;font-weight:400;letter-spacing:normal;text-transform:none;text-align:left\">Ganadora de los premios literarios m\u00e1s importantes de Jap\u00f3n, Taeko  K\u014dno escribe sobre mujeres con una belleza inquietante y extra\u00f1a.  Su genio reside en la forma tan veros\u00edmil de retratar cada detalle perturbador de la vida cotidiana. Con sorprendente audacia, la autora sabe describir la lenta pero inexorable transformaci\u00f3n de un vago malestar en una tragedia.   <\/p>\n<p>El rechazo a la maternidad y una inesperada relaci\u00f3n con la muerte, el cuerpo como una entidad separada y truculenta, la indagaci\u00f3n de un trauma infantil, el placer que se mezcla con el dolor, y una desmesurada aversi\u00f3n por las ni\u00f1as. \u00bfD\u00f3nde se encuentra aquello que se desea con desesperaci\u00f3n? En cada relato no tarda en aparecer un trasfondo sexual que impulsa la narraci\u00f3n de un modo contundente.<\/p>\n<p>Taeko K\u014dno expone los hechos con perfecta econom\u00eda y prescindencia,  sin explicaciones ni ninguna voluntad de aleccionar. Su estilo resulta  tan v\u00edvido e intenso que el lector siente v\u00e9rtigo, culpa, y hasta un cierto  peligro personal; pero sobre todo, una pasmada admiraci\u00f3n por el milagro de estar frente a una obra maestra.<\/p>\n","protected":false},"excerpt":{"rendered":"<p>Ganadora de los premios literarios m\u00e1s importantes de Jap\u00f3n, Taeko K\u014dno escribe sobre mujeres con una belleza inquietante y extra\u00f1a. Su genio reside en la forma tan veros\u00edmil de retratar cada detalle perturbador de la vida cotidiana. Con sorprendente audacia, la autora sabe describir la lenta pero inexorable transformaci\u00f3n de un vago malestar en una&hellip;&nbsp;<a href=\"https:\/\/www.libertocitybell.com\/?product=caceria-de-ninos-taeko-kono\" class=\"\" rel=\"bookmark\">Leer m\u00e1s &raquo;<span class=\"screen-reader-text\">CACER\u00cdA DE NI\u00d1OS &#8211; Taeko Kono<\/span><\/a><\/p>\n","protected":false},"featured_media":1657,"comment_status":"open","ping_status":"closed","template":"","meta":{"_coblocks_attr":"","_coblocks_dimensions":"","_coblocks_responsive_height":"","_coblocks_accordion_ie_support":"","neve_meta_sidebar":"","neve_meta_container":"","neve_meta_enable_content_width":"","neve_meta_content_width":0,"neve_meta_title_alignment":"","neve_meta_author_avatar":"","neve_post_elements_order":"","neve_meta_disable_header":"","neve_meta_disable_footer":"","neve_meta_disable_title":"","spay_email":"","jetpack_publicize_message":"","jetpack_is_tweetstorm":false,"jetpack_publicize_feature_enabled":true},"product_cat":[23,20],"product_tag":[],"class_list":{"0":"post-1658","1":"product","2":"type-product","3":"status-publish","4":"has-post-thumbnail","6":"product_cat-feminismo","7":"product_cat-narrativa-internacional","9":"first","10":"outofstock","11":"sold-individually","12":"taxable","13":"shipping-taxable","14":"purchasable","15":"product-type-simple"},"jetpack_publicize_connections":[],"_links":{"self":[{"href":"https:\/\/www.libertocitybell.com\/index.php?rest_route=\/wp\/v2\/product\/1658","targetHints":{"allow":["GET"]}}],"collection":[{"href":"https:\/\/www.libertocitybell.com\/index.php?rest_route=\/wp\/v2\/product"}],"about":[{"href":"https:\/\/www.libertocitybell.com\/index.php?rest_route=\/wp\/v2\/types\/product"}],"replies":[{"embeddable":true,"href":"https:\/\/www.libertocitybell.com\/index.php?rest_route=%2Fwp%2Fv2%2Fcomments&post=1658"}],"wp:featuredmedia":[{"embeddable":true,"href":"https:\/\/www.libertocitybell.com\/index.php?rest_route=\/wp\/v2\/media\/1657"}],"wp:attachment":[{"href":"https:\/\/www.libertocitybell.com\/index.php?rest_route=%2Fwp%2Fv2%2Fmedia&parent=1658"}],"wp:term":[{"taxonomy":"product_cat","embeddable":true,"href":"https:\/\/www.libertocitybell.com\/index.php?rest_route=%2Fwp%2Fv2%2Fproduct_cat&post=1658"},{"taxonomy":"product_tag","embeddable":true,"href":"https:\/\/www.libertocitybell.com\/index.php?rest_route=%2Fwp%2Fv2%2Fproduct_tag&post=1658"}],"curies":[{"name":"wp","href":"https:\/\/api.w.org\/{rel}","templated":true}]}}