{"id":1647,"date":"2022-04-27T16:57:24","date_gmt":"2022-04-27T19:57:24","guid":{"rendered":"https:\/\/www.libertocitybell.com\/?product=el-hombre-en-busca-de-sentido-viktor-frankl"},"modified":"2023-02-09T16:28:46","modified_gmt":"2023-02-09T19:28:46","slug":"el-hombre-en-busca-de-sentido-viktor-frankl","status":"publish","type":"product","link":"https:\/\/www.libertocitybell.com\/?product=el-hombre-en-busca-de-sentido-viktor-frankl","title":{"rendered":"El hombre en busca de sentido &#8211; Viktor Frankl"},"content":{"rendered":"<p><span style=\"font-family:Lato;font-size:13.6px;font-style:normal;font-weight:400;letter-spacing:normal;text-transform:none;float:none;text-align:left\">El hombre en busca del sentido. Por  Viktor Frankl. Este es uno de los grandes libros de la humanidad. Un testimonio estremecedor sobre la tr\u00e1gica experiencia vivida por el autor en un campo de concentraci\u00f3n. El sufrimiento, el dolor y la pena, y como, cuando la fuerza del esp\u00edritu se hace presente, la vida  contin\u00faa. Es m\u00e1s que un testimonio: es una ense\u00f1anza sobre lo esencial. Sobre el coraje del coraz\u00f3n.   Recomendado del librero.   El hombre en busca del sentido Por Frankl Viktor ,El hombre en busca de sentido es el estremecedor relato en el que Viktor Frankl nos narra su experiencia en los campos de concentraci\u00f3n. Durante todos esos a\u00f1os de sufrimiento, sinti\u00f3 en su propio ser lo que significaba una existencia desnuda, absolutamente desprovista de todo, salvo de la existencia misma. \u00c9l, que todo lo hab\u00eda perdido, que padeci\u00f3 hambre, fr\u00edo y brutalidades, que tantas veces estuvo a punto de ser ejecutado, pudo reconocer que, pese a todo, la vida es digna de ser vivida y que la libertad interior y la dignidad humana son indestructibles. En su condici\u00f3n de psiquiatra y prisionero, Frankl reflexiona con palabras de sorprendente esperanza sobre la capacidad humana de trascender las dificultades y descubrir una verdad profunda que nos orienta y da sentido a nuestras vidas. La logoterapia, m\u00e9todo psicoterap\u00e9utico creado por el propio Frankl, se centra precisamente en el sentido de la existencia y en la b\u00fasqueda de ese sentido por parte del hombre, que asume la responsabilidad ante s\u00ed mismo, ante los dem\u00e1s y ante la vida. \u00bfQu\u00e9 espera la vida de nosotros? El hombre en busca de sentido es mucho m\u00e1s que el testimonio de un psiquiatra sobre los hechos y los acontecimientos vividos en un campo de concentraci\u00f3n, es una lecci\u00f3n existencial. Traducido a medio centenar de idiomas, se han vendido millones de ejemplares en todo el mundo. Seg\u00fan la Library of Congress de Washington, es uno de los diez libros de mayor influencia en Estados Unidos.<\/span><\/p>\n","protected":false},"excerpt":{"rendered":"<p>El hombre en busca del sentido. Por Viktor Frankl. Este es uno de los grandes libros de la humanidad. Un testimonio estremecedor sobre la tr\u00e1gica experiencia vivida por el autor en un campo de concentraci\u00f3n. El sufrimiento, el dolor y la pena, y como, cuando la fuerza del esp\u00edritu se hace presente, la vida contin\u00faa.&hellip;&nbsp;<a href=\"https:\/\/www.libertocitybell.com\/?product=el-hombre-en-busca-de-sentido-viktor-frankl\" class=\"\" rel=\"bookmark\">Leer m\u00e1s &raquo;<span class=\"screen-reader-text\">El hombre en busca de sentido &#8211; Viktor Frankl<\/span><\/a><\/p>\n","protected":false},"featured_media":1646,"comment_status":"open","ping_status":"closed","template":"","meta":{"_coblocks_attr":"","_coblocks_dimensions":"","_coblocks_responsive_height":"","_coblocks_accordion_ie_support":"","neve_meta_sidebar":"","neve_meta_container":"","neve_meta_enable_content_width":"","neve_meta_content_width":0,"neve_meta_title_alignment":"","neve_meta_author_avatar":"","neve_post_elements_order":"","neve_meta_disable_header":"","neve_meta_disable_footer":"","neve_meta_disable_title":"","spay_email":"","jetpack_publicize_message":"","jetpack_is_tweetstorm":false,"jetpack_publicize_feature_enabled":true},"product_cat":[20],"product_tag":[],"class_list":{"0":"post-1647","1":"product","2":"type-product","3":"status-publish","4":"has-post-thumbnail","6":"product_cat-narrativa-internacional","8":"first","9":"outofstock","10":"sold-individually","11":"taxable","12":"shipping-taxable","13":"purchasable","14":"product-type-simple"},"jetpack_publicize_connections":[],"_links":{"self":[{"href":"https:\/\/www.libertocitybell.com\/index.php?rest_route=\/wp\/v2\/product\/1647","targetHints":{"allow":["GET"]}}],"collection":[{"href":"https:\/\/www.libertocitybell.com\/index.php?rest_route=\/wp\/v2\/product"}],"about":[{"href":"https:\/\/www.libertocitybell.com\/index.php?rest_route=\/wp\/v2\/types\/product"}],"replies":[{"embeddable":true,"href":"https:\/\/www.libertocitybell.com\/index.php?rest_route=%2Fwp%2Fv2%2Fcomments&post=1647"}],"wp:featuredmedia":[{"embeddable":true,"href":"https:\/\/www.libertocitybell.com\/index.php?rest_route=\/wp\/v2\/media\/1646"}],"wp:attachment":[{"href":"https:\/\/www.libertocitybell.com\/index.php?rest_route=%2Fwp%2Fv2%2Fmedia&parent=1647"}],"wp:term":[{"taxonomy":"product_cat","embeddable":true,"href":"https:\/\/www.libertocitybell.com\/index.php?rest_route=%2Fwp%2Fv2%2Fproduct_cat&post=1647"},{"taxonomy":"product_tag","embeddable":true,"href":"https:\/\/www.libertocitybell.com\/index.php?rest_route=%2Fwp%2Fv2%2Fproduct_tag&post=1647"}],"curies":[{"name":"wp","href":"https:\/\/api.w.org\/{rel}","templated":true}]}}