{"id":1643,"date":"2022-04-27T16:45:15","date_gmt":"2022-04-27T19:45:15","guid":{"rendered":"https:\/\/www.libertocitybell.com\/?product=como-era-ser-pequeno-explicado-a-los-grandes-luis-pescetti"},"modified":"2023-02-09T16:20:17","modified_gmt":"2023-02-09T19:20:17","slug":"como-era-ser-pequeno-explicado-a-los-grandes-luis-pescetti","status":"publish","type":"product","link":"https:\/\/www.libertocitybell.com\/?product=como-era-ser-pequeno-explicado-a-los-grandes-luis-pescetti","title":{"rendered":"C\u00d3MO ERA SER Peque\u00f1o explicado a los grandes &#8211; Luis Pescetti"},"content":{"rendered":"<p><span style=\"font-family:Arial,Helvetica,sans-serif;font-size:13px;font-style:normal;font-weight:400;letter-spacing:normal;text-transform:none;float:none;text-align:left\">Por incre\u00edble que parezca, los adultos solemos olvidarnos de como fue ser ni\u00f1os. Una experiencia de al menos doce o trece a\u00f1os deber\u00eda ser imborrable, pero muchos terminamos hablando de ellos como exiliados de nuestra propia infancia.Este libro entra\u00f1able viene a corregir un equivoco que se origina en ese olvido: la idea de que los ni\u00f1os deben ser tratados como personas en diminutivo, como seres irracionales cuyos &#8216;caprichos&#8217; hay que reconducir a la supuesta sensatez adulta. Nace de innumerables preguntas que Luis Pescetti ha escuchado en su larga trayectoria alrededor de los ni\u00f1os como exitos\u00edsimo m\u00fasico y autor: &#8216;como haces para que los chicos se r\u00edan?&#8217; &#8216;como logras que te presten atencion?&#8217;. Pues, dicen estas p\u00e1ginas , hay que ponerse en el lugar de ellos, tratar de mirar la vida con sus ojos reci\u00e9n llegados,imaginar que pasa por la cabeza de alguien que no se siente pequeo ni incapaz, y que se esfuerza cada d\u00eda por conquistar un pedacito mas de mundo. Y si pensamos a los chicos como inmigrantes en el tiempo, llegamos a un presente en el que los adultos somos ciudadanos plenos?)?? \u00bfCambiar\u00eda el modo en que reaccionamos frente a sus desafios, sus desilusiones y sus preguntas, o la manera en que tratamos de ense\u00f1arles algo? En este libro, que ofrecemos para padres y madres, docentes y profesionales que trabajan con ni\u00f1os, Pescetti vuelve a escenas de su propia infancia y de sus a\u00f1os de vida y trabajo en Am\u00e9rica Latina, y propone recuperar la idea de &#8216;ser peque\u00f1o&#8217; como una experiencia que se repite una y otra vez en la vida adulta, cuando estamos frente a un cambio de escala que nos obliga a recalcular nuestras posibilidades. &#8216;Ni un ni\u00f1o es un compacto de recursos infantiles, ni un adulto ha eliminado todo vestigio de sus deseos y respuestas de la infancia&#8217;, se\u00f1ala el autor, que ha escrito un libro que intenta devolver humanidad a la tarea mas desafiante que un adulto un libro que intenta devolver humanidad a la tarea mas desafiante que un adulto puede enfrentar: acompa\u00f1ar a un ni\u00f1o en esos a\u00f1os en que la mirada de los otros nos define para siempre.<\/span><\/p>\n","protected":false},"excerpt":{"rendered":"<p>Por incre\u00edble que parezca, los adultos solemos olvidarnos de como fue ser ni\u00f1os. Una experiencia de al menos doce o trece a\u00f1os deber\u00eda ser imborrable, pero muchos terminamos hablando de ellos como exiliados de nuestra propia infancia.Este libro entra\u00f1able viene a corregir un equivoco que se origina en ese olvido: la idea de que los&hellip;&nbsp;<a href=\"https:\/\/www.libertocitybell.com\/?product=como-era-ser-pequeno-explicado-a-los-grandes-luis-pescetti\" class=\"\" rel=\"bookmark\">Leer m\u00e1s &raquo;<span class=\"screen-reader-text\">C\u00d3MO ERA SER Peque\u00f1o explicado a los grandes &#8211; Luis Pescetti<\/span><\/a><\/p>\n","protected":false},"featured_media":1641,"comment_status":"open","ping_status":"closed","template":"","meta":{"_coblocks_attr":"","_coblocks_dimensions":"","_coblocks_responsive_height":"","_coblocks_accordion_ie_support":"","neve_meta_sidebar":"","neve_meta_container":"","neve_meta_enable_content_width":"","neve_meta_content_width":0,"neve_meta_title_alignment":"","neve_meta_author_avatar":"","neve_post_elements_order":"","neve_meta_disable_header":"","neve_meta_disable_footer":"","neve_meta_disable_title":"","spay_email":"","jetpack_publicize_message":"","jetpack_is_tweetstorm":false,"jetpack_publicize_feature_enabled":true},"product_cat":[39],"product_tag":[],"class_list":{"0":"post-1643","1":"product","2":"type-product","3":"status-publish","4":"has-post-thumbnail","6":"product_cat-agendas","8":"first","9":"outofstock","10":"sold-individually","11":"taxable","12":"shipping-taxable","13":"purchasable","14":"product-type-simple"},"jetpack_publicize_connections":[],"_links":{"self":[{"href":"https:\/\/www.libertocitybell.com\/index.php?rest_route=\/wp\/v2\/product\/1643","targetHints":{"allow":["GET"]}}],"collection":[{"href":"https:\/\/www.libertocitybell.com\/index.php?rest_route=\/wp\/v2\/product"}],"about":[{"href":"https:\/\/www.libertocitybell.com\/index.php?rest_route=\/wp\/v2\/types\/product"}],"replies":[{"embeddable":true,"href":"https:\/\/www.libertocitybell.com\/index.php?rest_route=%2Fwp%2Fv2%2Fcomments&post=1643"}],"wp:featuredmedia":[{"embeddable":true,"href":"https:\/\/www.libertocitybell.com\/index.php?rest_route=\/wp\/v2\/media\/1641"}],"wp:attachment":[{"href":"https:\/\/www.libertocitybell.com\/index.php?rest_route=%2Fwp%2Fv2%2Fmedia&parent=1643"}],"wp:term":[{"taxonomy":"product_cat","embeddable":true,"href":"https:\/\/www.libertocitybell.com\/index.php?rest_route=%2Fwp%2Fv2%2Fproduct_cat&post=1643"},{"taxonomy":"product_tag","embeddable":true,"href":"https:\/\/www.libertocitybell.com\/index.php?rest_route=%2Fwp%2Fv2%2Fproduct_tag&post=1643"}],"curies":[{"name":"wp","href":"https:\/\/api.w.org\/{rel}","templated":true}]}}