{"id":1639,"date":"2022-04-27T16:41:27","date_gmt":"2022-04-27T19:41:27","guid":{"rendered":"https:\/\/www.libertocitybell.com\/?product=recetas-en-papelitossofia-pachano"},"modified":"2023-02-09T20:45:25","modified_gmt":"2023-02-09T23:45:25","slug":"recetas-en-papelitossofia-pachano","status":"publish","type":"product","link":"https:\/\/www.libertocitybell.com\/?product=recetas-en-papelitossofia-pachano","title":{"rendered":"Recetas en papelitos\nSof\u00eda Pachano"},"content":{"rendered":"<p dir=\"ltr\"><span>Sof\u00eda Pachano resuelve este misterio en una emotiva labor period\u00edstica de rescate que comienza en la casa de su abuela y contin\u00faa en la intimidad de 17 cocinas de familia.<\/span><\/p>\n<p dir=\"ltr\"><span>El resultado es una invitaci\u00f3n a redescubrir los ingredientes que condimentan nuestras historias, y a cocinar y compartir nuevas tradiciones.<\/span><\/p>\n<p dir=\"ltr\"><span>Aprend\u00e9 a cocinar platos t\u00edpicos de la cocina \u00e1rabe, armenia, brit\u00e1nica, china, coreana, criolla, espa\u00f1ola, francesa, italiana, japonesa, jud\u00eda, paraguaya, peruana y venezolana.<\/span><\/p>\n<p dir=\"ltr\"><span>Del keppe frito de la<\/span><span><span class=\"Apple-converted-space\">&nbsp;<\/span><\/span><span>bobe<\/span><span><span class=\"Apple-converted-space\">&nbsp;<\/span><\/span><span>a los tallarines del<\/span><span><span class=\"Apple-converted-space\">&nbsp;<\/span><\/span><span>nonno<\/span><span>, un recorrido sin precedentes a trav\u00e9s de m\u00e1s de 90 recetas cl\u00e1sicas de algunas de las colectividades que enriquecen al patrimonio cultural de Am\u00e9rica Latina.<\/span><\/p>\n","protected":false},"excerpt":{"rendered":"<p>Sof\u00eda Pachano resuelve este misterio en una emotiva labor period\u00edstica de rescate que comienza en la casa de su abuela y contin\u00faa en la intimidad de 17 cocinas de familia. El resultado es una invitaci\u00f3n a redescubrir los ingredientes que condimentan nuestras historias, y a cocinar y compartir nuevas tradiciones. Aprend\u00e9 a cocinar platos t\u00edpicos&hellip;&nbsp;<a href=\"https:\/\/www.libertocitybell.com\/?product=recetas-en-papelitossofia-pachano\" class=\"\" rel=\"bookmark\">Leer m\u00e1s &raquo;<span class=\"screen-reader-text\">Recetas en papelitos<br \/>\nSof\u00eda Pachano<\/span><\/a><\/p>\n","protected":false},"featured_media":1638,"comment_status":"open","ping_status":"closed","template":"","meta":{"_coblocks_attr":"","_coblocks_dimensions":"","_coblocks_responsive_height":"","_coblocks_accordion_ie_support":"","neve_meta_sidebar":"","neve_meta_container":"","neve_meta_enable_content_width":"","neve_meta_content_width":0,"neve_meta_title_alignment":"","neve_meta_author_avatar":"","neve_post_elements_order":"","neve_meta_disable_header":"","neve_meta_disable_footer":"","neve_meta_disable_title":"","spay_email":"","jetpack_publicize_message":"","jetpack_is_tweetstorm":false,"jetpack_publicize_feature_enabled":true},"product_cat":[29],"product_tag":[],"class_list":{"0":"post-1639","1":"product","2":"type-product","3":"status-publish","4":"has-post-thumbnail","6":"product_cat-gastronomia","8":"first","9":"outofstock","10":"taxable","11":"shipping-taxable","12":"purchasable","13":"product-type-simple"},"jetpack_publicize_connections":[],"_links":{"self":[{"href":"https:\/\/www.libertocitybell.com\/index.php?rest_route=\/wp\/v2\/product\/1639","targetHints":{"allow":["GET"]}}],"collection":[{"href":"https:\/\/www.libertocitybell.com\/index.php?rest_route=\/wp\/v2\/product"}],"about":[{"href":"https:\/\/www.libertocitybell.com\/index.php?rest_route=\/wp\/v2\/types\/product"}],"replies":[{"embeddable":true,"href":"https:\/\/www.libertocitybell.com\/index.php?rest_route=%2Fwp%2Fv2%2Fcomments&post=1639"}],"wp:featuredmedia":[{"embeddable":true,"href":"https:\/\/www.libertocitybell.com\/index.php?rest_route=\/wp\/v2\/media\/1638"}],"wp:attachment":[{"href":"https:\/\/www.libertocitybell.com\/index.php?rest_route=%2Fwp%2Fv2%2Fmedia&parent=1639"}],"wp:term":[{"taxonomy":"product_cat","embeddable":true,"href":"https:\/\/www.libertocitybell.com\/index.php?rest_route=%2Fwp%2Fv2%2Fproduct_cat&post=1639"},{"taxonomy":"product_tag","embeddable":true,"href":"https:\/\/www.libertocitybell.com\/index.php?rest_route=%2Fwp%2Fv2%2Fproduct_tag&post=1639"}],"curies":[{"name":"wp","href":"https:\/\/api.w.org\/{rel}","templated":true}]}}