{"id":1621,"date":"2022-04-25T15:25:02","date_gmt":"2022-04-25T18:25:02","guid":{"rendered":"https:\/\/www.libertocitybell.com\/?product=puzzle-artistas-rompecabezas-hoy-en-el-museo-por-maria-luque"},"modified":"2023-02-09T20:45:04","modified_gmt":"2023-02-09T23:45:04","slug":"puzzle-artistas-rompecabezas-hoy-en-el-museo-por-maria-luque","status":"publish","type":"product","link":"https:\/\/www.libertocitybell.com\/?product=puzzle-artistas-rompecabezas-hoy-en-el-museo-por-maria-luque","title":{"rendered":"Puzzle artistas rompecabezas Hoy en el museo \nPor Mar\u00eda Luque"},"content":{"rendered":"<div><strong style=\"font-weight: 500\">CARACTER\u00cdSTICAS:<\/p>\n<p><\/strong><\/div>\n<div>Puzzle de 300 piezas<\/div>\n<div>Puzzle de 30 \u00d7 40 cm (armado)<\/div>\n<div>Incluye caja contenedora<br \/>\nColecci\u00f3n: Artistas Rompecebezas<\/div>\n<div>Edad m\u00ednima recomendada:&nbsp; 8+<\/div>\n","protected":false},"excerpt":{"rendered":"<p>CARACTER\u00cdSTICAS: Puzzle de 300 piezas Puzzle de 30 \u00d7 40 cm (armado) Incluye caja contenedora Colecci\u00f3n: Artistas Rompecebezas Edad m\u00ednima recomendada:&nbsp; 8+<\/p>\n","protected":false},"featured_media":1619,"comment_status":"open","ping_status":"closed","template":"","meta":{"_coblocks_attr":"","_coblocks_dimensions":"","_coblocks_responsive_height":"","_coblocks_accordion_ie_support":"","neve_meta_sidebar":"","neve_meta_container":"","neve_meta_enable_content_width":"","neve_meta_content_width":0,"neve_meta_title_alignment":"","neve_meta_author_avatar":"","neve_post_elements_order":"","neve_meta_disable_header":"","neve_meta_disable_footer":"","neve_meta_disable_title":"","spay_email":"","jetpack_publicize_message":"","jetpack_is_tweetstorm":false,"jetpack_publicize_feature_enabled":true},"product_cat":[35],"product_tag":[],"class_list":{"0":"post-1621","1":"product","2":"type-product","3":"status-publish","4":"has-post-thumbnail","6":"product_cat-monoblock","8":"first","9":"outofstock","10":"taxable","11":"shipping-taxable","12":"purchasable","13":"product-type-simple"},"jetpack_publicize_connections":[],"_links":{"self":[{"href":"https:\/\/www.libertocitybell.com\/index.php?rest_route=\/wp\/v2\/product\/1621","targetHints":{"allow":["GET"]}}],"collection":[{"href":"https:\/\/www.libertocitybell.com\/index.php?rest_route=\/wp\/v2\/product"}],"about":[{"href":"https:\/\/www.libertocitybell.com\/index.php?rest_route=\/wp\/v2\/types\/product"}],"replies":[{"embeddable":true,"href":"https:\/\/www.libertocitybell.com\/index.php?rest_route=%2Fwp%2Fv2%2Fcomments&post=1621"}],"wp:featuredmedia":[{"embeddable":true,"href":"https:\/\/www.libertocitybell.com\/index.php?rest_route=\/wp\/v2\/media\/1619"}],"wp:attachment":[{"href":"https:\/\/www.libertocitybell.com\/index.php?rest_route=%2Fwp%2Fv2%2Fmedia&parent=1621"}],"wp:term":[{"taxonomy":"product_cat","embeddable":true,"href":"https:\/\/www.libertocitybell.com\/index.php?rest_route=%2Fwp%2Fv2%2Fproduct_cat&post=1621"},{"taxonomy":"product_tag","embeddable":true,"href":"https:\/\/www.libertocitybell.com\/index.php?rest_route=%2Fwp%2Fv2%2Fproduct_tag&post=1621"}],"curies":[{"name":"wp","href":"https:\/\/api.w.org\/{rel}","templated":true}]}}