{"id":1590,"date":"2022-04-21T13:45:28","date_gmt":"2022-04-21T16:45:28","guid":{"rendered":"https:\/\/www.libertocitybell.com\/?product=matar-al-padre"},"modified":"2023-02-09T20:34:58","modified_gmt":"2023-02-09T23:34:58","slug":"matar-al-padre","status":"publish","type":"product","link":"https:\/\/www.libertocitybell.com\/?product=matar-al-padre","title":{"rendered":"Matar al padre\nAm\u00e9lie Nothomb"},"content":{"rendered":"<p><span style=\"font-family:\">Nothomb nos sumerge en el universo de la magia a trav\u00e9s de dos figuras: Norman Terence, un mago c\u00e9lebre, y Joe Whip, que se presenta en la puerta de su casa buscando un mentor y encontrar\u00e1 un padre adoptivo. Y, como dicta el mandato ed\u00edpico del t\u00edtulo, entre padre e hijo se establecer\u00e1 una relaci\u00f3n que oscila entre la fascinaci\u00f3n y la rivalidad, acrecentada por la presencia de la seductora Christina, una malabarista. \u00bfNo es tambi\u00e9n la literatura una forma de magia, y el escritor un generoso prestidigitador que mantiene lo real en suspenso mientras dura la f\u00e1bula? Pero los magos siempre guardan alg\u00fan que otro truco bajo su chistera, y la historia de Joe y Norman desvelar\u00e1 al lector un desenlace inesperado, sorprendente.<\/span><\/p>\n","protected":false},"excerpt":{"rendered":"<p>Nothomb nos sumerge en el universo de la magia a trav\u00e9s de dos figuras: Norman Terence, un mago c\u00e9lebre, y Joe Whip, que se presenta en la puerta de su casa buscando un mentor y encontrar\u00e1 un padre adoptivo. Y, como dicta el mandato ed\u00edpico del t\u00edtulo, entre padre e hijo se establecer\u00e1 una relaci\u00f3n&hellip;&nbsp;<a href=\"https:\/\/www.libertocitybell.com\/?product=matar-al-padre\" class=\"\" rel=\"bookmark\">Leer m\u00e1s &raquo;<span class=\"screen-reader-text\">Matar al padre<br \/>\nAm\u00e9lie Nothomb<\/span><\/a><\/p>\n","protected":false},"featured_media":1589,"comment_status":"open","ping_status":"closed","template":"","meta":{"_coblocks_attr":"","_coblocks_dimensions":"","_coblocks_responsive_height":"","_coblocks_accordion_ie_support":"","neve_meta_sidebar":"","neve_meta_container":"","neve_meta_enable_content_width":"","neve_meta_content_width":0,"neve_meta_title_alignment":"","neve_meta_author_avatar":"","neve_post_elements_order":"","neve_meta_disable_header":"","neve_meta_disable_footer":"","neve_meta_disable_title":"","spay_email":"","jetpack_publicize_message":"","jetpack_is_tweetstorm":false,"jetpack_publicize_feature_enabled":true},"product_cat":[20],"product_tag":[],"class_list":{"0":"post-1590","1":"product","2":"type-product","3":"status-publish","4":"has-post-thumbnail","6":"product_cat-narrativa-internacional","8":"first","9":"outofstock","10":"sold-individually","11":"taxable","12":"shipping-taxable","13":"purchasable","14":"product-type-simple"},"jetpack_publicize_connections":[],"_links":{"self":[{"href":"https:\/\/www.libertocitybell.com\/index.php?rest_route=\/wp\/v2\/product\/1590","targetHints":{"allow":["GET"]}}],"collection":[{"href":"https:\/\/www.libertocitybell.com\/index.php?rest_route=\/wp\/v2\/product"}],"about":[{"href":"https:\/\/www.libertocitybell.com\/index.php?rest_route=\/wp\/v2\/types\/product"}],"replies":[{"embeddable":true,"href":"https:\/\/www.libertocitybell.com\/index.php?rest_route=%2Fwp%2Fv2%2Fcomments&post=1590"}],"wp:featuredmedia":[{"embeddable":true,"href":"https:\/\/www.libertocitybell.com\/index.php?rest_route=\/wp\/v2\/media\/1589"}],"wp:attachment":[{"href":"https:\/\/www.libertocitybell.com\/index.php?rest_route=%2Fwp%2Fv2%2Fmedia&parent=1590"}],"wp:term":[{"taxonomy":"product_cat","embeddable":true,"href":"https:\/\/www.libertocitybell.com\/index.php?rest_route=%2Fwp%2Fv2%2Fproduct_cat&post=1590"},{"taxonomy":"product_tag","embeddable":true,"href":"https:\/\/www.libertocitybell.com\/index.php?rest_route=%2Fwp%2Fv2%2Fproduct_tag&post=1590"}],"curies":[{"name":"wp","href":"https:\/\/api.w.org\/{rel}","templated":true}]}}