{"id":1586,"date":"2022-04-21T12:40:05","date_gmt":"2022-04-21T15:40:05","guid":{"rendered":"https:\/\/www.libertocitybell.com\/?product=el-libro-de-la-almohadasei-shonagon"},"modified":"2023-02-09T16:30:46","modified_gmt":"2023-02-09T19:30:46","slug":"el-libro-de-la-almohadasei-shonagon","status":"publish","type":"product","link":"https:\/\/www.libertocitybell.com\/?product=el-libro-de-la-almohadasei-shonagon","title":{"rendered":"El libro de la almohada\nSei Sh\u00f4nagon"},"content":{"rendered":"<p><span>La literatura japonesa no es milenaria sino tard\u00eda y tiene la particularidad de que las obras maestras iniciales de su narrativa est\u00e1n escritas por mujeres: `El Libro de la Almohada\u00b4, de Sei Sh\u00f4nagon y el `Romance de Genji\u00b4, de Murasaki Shikibu, fueron escritos entre fines del primer milenio de nuestra era y comienzos del segundo. Due\u00f1as de un nuevo sistema de expresi\u00f3n, las mujeres fueron las protagonistas de la literatura, porque lo literario circulaba en \u00e1mbitos predominantemente femeninos, con audiencias exclusivas que gustaban de los diarios y las memorias, el intercambio de poemas y los acertijos literarios. Sei Sh\u00f4nagon, la autora de este maravilloso libro, aparece como la mujer que demuestra su superioridad intelectual ante cualquiera que se le aventure en una conversaci\u00f3n, dentro del marco de una sociedad donde hombres y mujeres comparten cierta camarader\u00eda. Una mujer de mundo, inteligente, cultivada, un poco c\u00ednica, que manifiesta siempre sus gustos y predilecciones. Es la pionera de un g\u00e9nero propio de la literatura japonesa vigente a\u00fan hoy: Zuihitsu, el ensayo fugaz y digresivo, literalmente \u201cal correr del pincel\u201d. Una dispersi\u00f3n del sujeto en fragmentos que evocan emociones, transcriben observaciones, detallan apuntes autobiogr\u00e1ficos o componen poemas, con total ausencia de una direcci\u00f3n predeterminada, pero con una gran unidad est\u00e9tica y conceptual.<\/span><\/p>\n","protected":false},"excerpt":{"rendered":"<p>La literatura japonesa no es milenaria sino tard\u00eda y tiene la particularidad de que las obras maestras iniciales de su narrativa est\u00e1n escritas por mujeres: `El Libro de la Almohada\u00b4, de Sei Sh\u00f4nagon y el `Romance de Genji\u00b4, de Murasaki Shikibu, fueron escritos entre fines del primer milenio de nuestra era y comienzos del segundo.&hellip;&nbsp;<a href=\"https:\/\/www.libertocitybell.com\/?product=el-libro-de-la-almohadasei-shonagon\" class=\"\" rel=\"bookmark\">Leer m\u00e1s &raquo;<span class=\"screen-reader-text\">El libro de la almohada<br \/>\nSei Sh\u00f4nagon<\/span><\/a><\/p>\n","protected":false},"featured_media":1585,"comment_status":"open","ping_status":"closed","template":"","meta":{"_coblocks_attr":"","_coblocks_dimensions":"","_coblocks_responsive_height":"","_coblocks_accordion_ie_support":"","neve_meta_sidebar":"","neve_meta_container":"","neve_meta_enable_content_width":"","neve_meta_content_width":0,"neve_meta_title_alignment":"","neve_meta_author_avatar":"","neve_post_elements_order":"","neve_meta_disable_header":"","neve_meta_disable_footer":"","neve_meta_disable_title":"","spay_email":"","jetpack_publicize_message":"","jetpack_is_tweetstorm":false,"jetpack_publicize_feature_enabled":true},"product_cat":[33,44],"product_tag":[],"class_list":{"0":"post-1586","1":"product","2":"type-product","3":"status-publish","4":"has-post-thumbnail","6":"product_cat-libro-ilustrado","7":"product_cat-orientalismo","9":"first","10":"outofstock","11":"taxable","12":"shipping-taxable","13":"purchasable","14":"product-type-simple"},"jetpack_publicize_connections":[],"_links":{"self":[{"href":"https:\/\/www.libertocitybell.com\/index.php?rest_route=\/wp\/v2\/product\/1586","targetHints":{"allow":["GET"]}}],"collection":[{"href":"https:\/\/www.libertocitybell.com\/index.php?rest_route=\/wp\/v2\/product"}],"about":[{"href":"https:\/\/www.libertocitybell.com\/index.php?rest_route=\/wp\/v2\/types\/product"}],"replies":[{"embeddable":true,"href":"https:\/\/www.libertocitybell.com\/index.php?rest_route=%2Fwp%2Fv2%2Fcomments&post=1586"}],"wp:featuredmedia":[{"embeddable":true,"href":"https:\/\/www.libertocitybell.com\/index.php?rest_route=\/wp\/v2\/media\/1585"}],"wp:attachment":[{"href":"https:\/\/www.libertocitybell.com\/index.php?rest_route=%2Fwp%2Fv2%2Fmedia&parent=1586"}],"wp:term":[{"taxonomy":"product_cat","embeddable":true,"href":"https:\/\/www.libertocitybell.com\/index.php?rest_route=%2Fwp%2Fv2%2Fproduct_cat&post=1586"},{"taxonomy":"product_tag","embeddable":true,"href":"https:\/\/www.libertocitybell.com\/index.php?rest_route=%2Fwp%2Fv2%2Fproduct_tag&post=1586"}],"curies":[{"name":"wp","href":"https:\/\/api.w.org\/{rel}","templated":true}]}}