{"id":1552,"date":"2022-04-21T10:43:41","date_gmt":"2022-04-21T13:43:41","guid":{"rendered":"https:\/\/www.libertocitybell.com\/?product=el-tercer-paraiso-cristian-alarcon"},"modified":"2023-02-09T20:07:19","modified_gmt":"2023-02-09T23:07:19","slug":"el-tercer-paraiso-cristian-alarcon","status":"publish","type":"product","link":"https:\/\/www.libertocitybell.com\/?product=el-tercer-paraiso-cristian-alarcon","title":{"rendered":"El tercer para\u00edso \nCristian Alarcon"},"content":{"rendered":"<p>Un escritor cultiva su jard\u00edn en las afueras de Buenos Aires. Hasta all\u00ed acuden sus recuerdos de la infancia en un pueblo del sur de Chile, las historias de sus ancestras, su abuela, su madre. Tambi\u00e9n el exilio a la Argentina y c\u00f3mo en ese destierro son las mujeres quienes siembran la huerta, los jardines, la solidaridad, lo colectivo. Novela sin g\u00e9nero, h\u00edbrida y po\u00e9tica, leer El tercer para\u00edso es entrar en un instante al universo de Cristian Alarc\u00f3n, autor de este viaje literario, bot\u00e1nico y feminista, que lejos de agotarse en una primera lectura nos pide volver sobre el texto para poder responder a las m\u00faltiples preguntas que plantea. \u00abAmbientada en diversos parajes de Chile y Argentina, el protagonista reconstruye la historia de sus antepasados, al tiempo que ahonda en su pasi\u00f3n por el cultivo de un jard\u00edn, en busca de un para\u00edso personal. La novela abre una puerta a la esperanza de hallar en lo peque\u00f1o un refugio frente a las tragedias colectivas.\u00bb Del acta del jurado del XXV Premio Alfaguara de novela, presidido por Fernando Aramburu y compuesto por Olga Merino, Ray Loriga, Paula V\u00e1zquez, Marisol Schulz Manaut y Pilar Reyes.<\/p>\n","protected":false},"excerpt":{"rendered":"<p>Un escritor cultiva su jard\u00edn en las afueras de Buenos Aires. Hasta all\u00ed acuden sus recuerdos de la infancia en un pueblo del sur de Chile, las historias de sus ancestras, su abuela, su madre. Tambi\u00e9n el exilio a la Argentina y c\u00f3mo en ese destierro son las mujeres quienes siembran la huerta, los jardines,&hellip;&nbsp;<a href=\"https:\/\/www.libertocitybell.com\/?product=el-tercer-paraiso-cristian-alarcon\" class=\"\" rel=\"bookmark\">Leer m\u00e1s &raquo;<span class=\"screen-reader-text\">El tercer para\u00edso<br \/>\nCristian Alarcon<\/span><\/a><\/p>\n","protected":false},"featured_media":1551,"comment_status":"open","ping_status":"closed","template":"","meta":{"_coblocks_attr":"","_coblocks_dimensions":"","_coblocks_responsive_height":"","_coblocks_accordion_ie_support":"","neve_meta_sidebar":"","neve_meta_container":"","neve_meta_enable_content_width":"","neve_meta_content_width":0,"neve_meta_title_alignment":"","neve_meta_author_avatar":"","neve_post_elements_order":"","neve_meta_disable_header":"","neve_meta_disable_footer":"","neve_meta_disable_title":"","spay_email":"","jetpack_publicize_message":"","jetpack_is_tweetstorm":false,"jetpack_publicize_feature_enabled":true},"product_cat":[22],"product_tag":[],"class_list":{"0":"post-1552","1":"product","2":"type-product","3":"status-publish","4":"has-post-thumbnail","6":"product_cat-narrativa-latinoamericana","8":"first","9":"outofstock","10":"taxable","11":"shipping-taxable","12":"purchasable","13":"product-type-simple"},"jetpack_publicize_connections":[],"_links":{"self":[{"href":"https:\/\/www.libertocitybell.com\/index.php?rest_route=\/wp\/v2\/product\/1552","targetHints":{"allow":["GET"]}}],"collection":[{"href":"https:\/\/www.libertocitybell.com\/index.php?rest_route=\/wp\/v2\/product"}],"about":[{"href":"https:\/\/www.libertocitybell.com\/index.php?rest_route=\/wp\/v2\/types\/product"}],"replies":[{"embeddable":true,"href":"https:\/\/www.libertocitybell.com\/index.php?rest_route=%2Fwp%2Fv2%2Fcomments&post=1552"}],"wp:featuredmedia":[{"embeddable":true,"href":"https:\/\/www.libertocitybell.com\/index.php?rest_route=\/wp\/v2\/media\/1551"}],"wp:attachment":[{"href":"https:\/\/www.libertocitybell.com\/index.php?rest_route=%2Fwp%2Fv2%2Fmedia&parent=1552"}],"wp:term":[{"taxonomy":"product_cat","embeddable":true,"href":"https:\/\/www.libertocitybell.com\/index.php?rest_route=%2Fwp%2Fv2%2Fproduct_cat&post=1552"},{"taxonomy":"product_tag","embeddable":true,"href":"https:\/\/www.libertocitybell.com\/index.php?rest_route=%2Fwp%2Fv2%2Fproduct_tag&post=1552"}],"curies":[{"name":"wp","href":"https:\/\/api.w.org\/{rel}","templated":true}]}}