{"id":1535,"date":"2022-04-07T10:42:23","date_gmt":"2022-04-07T13:42:23","guid":{"rendered":"https:\/\/www.libertocitybell.com\/?product=la-hermandad-de-la-uvajhon-fante"},"modified":"2023-02-09T20:13:31","modified_gmt":"2023-02-09T23:13:31","slug":"la-hermandad-de-la-uvajhon-fante","status":"publish","type":"product","link":"https:\/\/www.libertocitybell.com\/?product=la-hermandad-de-la-uvajhon-fante","title":{"rendered":"La hermandad de la uva\nJhon Fante"},"content":{"rendered":"<p><span>El mejor cantero de Am\u00e9rica, el viejo Nick Molise est\u00e1 de nuevo en crisis con su mujer. Ninguno de los hijos quiere intervenir; por otra parte, Nick no tiene intenci\u00f3n de pedir nada a nadie, y menos cuando, a pesar de la edad, alberga un mont\u00f3n de proyectos. Su sue\u00f1o, tampoco demasiado secreto, era una tribu de hijos-alba\u00f1iles seguidores de su arte, y en cambio tiene que hab\u00e9rselas con un guardafrenos, un empleadillo de banca y un escritor. A despecho de su innata pereza, Henry \u2013un \u00e1lter ego de John Fante\u2013 deja mujer e hijos y se embarca en un avi\u00f3n para sumergirse en el mundo de sus padres. Y su padre lo pilla desprevenido invit\u00e1ndolo a una empresa tan absurda como in\u00fatil: construir un secadero de pieles de ciervo, en un pueblo imposible. Henry en un principio duda, despu\u00e9s acepta, atra\u00eddo por la panda de chiflados amiguitos de pap\u00e1&#8230; \u00abRezuma todo el aroma Fante en su estado m\u00e1s puro y salvaje, desde la primera l\u00ednea. Es un autor que consigue no decepcionar nunca ni a uno solo de sus seguidores, es una pasi\u00f3n que dura para siempre por una sencilla raz\u00f3n: siempre es igual a s\u00ed mismo\u00bb (Mercedes Monmany, ABC); \u00abUno de esos tres o cuatro t\u00edtulos realmente maravillosos que nos aguardan entre el aluvi\u00f3n editorial de cada temporada\u00bb (Pedro Mart\u00ednez Zarracina, El Correo).<\/span><\/p>\n","protected":false},"excerpt":{"rendered":"<p>El mejor cantero de Am\u00e9rica, el viejo Nick Molise est\u00e1 de nuevo en crisis con su mujer. Ninguno de los hijos quiere intervenir; por otra parte, Nick no tiene intenci\u00f3n de pedir nada a nadie, y menos cuando, a pesar de la edad, alberga un mont\u00f3n de proyectos. Su sue\u00f1o, tampoco demasiado secreto, era una&hellip;&nbsp;<a href=\"https:\/\/www.libertocitybell.com\/?product=la-hermandad-de-la-uvajhon-fante\" class=\"\" rel=\"bookmark\">Leer m\u00e1s &raquo;<span class=\"screen-reader-text\">La hermandad de la uva<br \/>\nJhon Fante<\/span><\/a><\/p>\n","protected":false},"featured_media":1534,"comment_status":"open","ping_status":"closed","template":"","meta":{"_coblocks_attr":"","_coblocks_dimensions":"","_coblocks_responsive_height":"","_coblocks_accordion_ie_support":"","neve_meta_sidebar":"","neve_meta_container":"","neve_meta_enable_content_width":"","neve_meta_content_width":0,"neve_meta_title_alignment":"","neve_meta_author_avatar":"","neve_post_elements_order":"","neve_meta_disable_header":"","neve_meta_disable_footer":"","neve_meta_disable_title":"","spay_email":"","jetpack_publicize_message":"","jetpack_is_tweetstorm":false,"jetpack_publicize_feature_enabled":true},"product_cat":[20],"product_tag":[],"class_list":{"0":"post-1535","1":"product","2":"type-product","3":"status-publish","4":"has-post-thumbnail","6":"product_cat-narrativa-internacional","8":"first","9":"outofstock","10":"taxable","11":"shipping-taxable","12":"purchasable","13":"product-type-simple"},"jetpack_publicize_connections":[],"_links":{"self":[{"href":"https:\/\/www.libertocitybell.com\/index.php?rest_route=\/wp\/v2\/product\/1535","targetHints":{"allow":["GET"]}}],"collection":[{"href":"https:\/\/www.libertocitybell.com\/index.php?rest_route=\/wp\/v2\/product"}],"about":[{"href":"https:\/\/www.libertocitybell.com\/index.php?rest_route=\/wp\/v2\/types\/product"}],"replies":[{"embeddable":true,"href":"https:\/\/www.libertocitybell.com\/index.php?rest_route=%2Fwp%2Fv2%2Fcomments&post=1535"}],"wp:featuredmedia":[{"embeddable":true,"href":"https:\/\/www.libertocitybell.com\/index.php?rest_route=\/wp\/v2\/media\/1534"}],"wp:attachment":[{"href":"https:\/\/www.libertocitybell.com\/index.php?rest_route=%2Fwp%2Fv2%2Fmedia&parent=1535"}],"wp:term":[{"taxonomy":"product_cat","embeddable":true,"href":"https:\/\/www.libertocitybell.com\/index.php?rest_route=%2Fwp%2Fv2%2Fproduct_cat&post=1535"},{"taxonomy":"product_tag","embeddable":true,"href":"https:\/\/www.libertocitybell.com\/index.php?rest_route=%2Fwp%2Fv2%2Fproduct_tag&post=1535"}],"curies":[{"name":"wp","href":"https:\/\/api.w.org\/{rel}","templated":true}]}}