{"id":1531,"date":"2022-04-07T10:33:44","date_gmt":"2022-04-07T13:33:44","guid":{"rendered":"https:\/\/www.libertocitybell.com\/?product=manual-para-mujeres-de-la-limpiezalucia-berlin"},"modified":"2023-02-09T20:34:50","modified_gmt":"2023-02-09T23:34:50","slug":"manual-para-mujeres-de-la-limpiezalucia-berlin","status":"publish","type":"product","link":"https:\/\/www.libertocitybell.com\/?product=manual-para-mujeres-de-la-limpiezalucia-berlin","title":{"rendered":"Manual para mujeres de la limpieza\nLucia Berlin"},"content":{"rendered":"<p align=\"JUSTIFY\" style=\"margin-top: 0px;margin-bottom: 0.8rem;font-family: Fort;font-size: 16.100000381469727px;font-style: normal;font-weight: normal;letter-spacing: normal;text-align: justify;text-indent: 0px;text-transform: none;text-decoration: none\">Con su inigualable toque de humor y melancol\u00eda,<span class=\"Apple-converted-space\">&nbsp;<\/span><b style=\"font-weight: bolder\">Berlin<\/b><span class=\"Apple-converted-space\">&nbsp;<\/span>se hace eco de su vida, asombrosa y convulsa, para crear verdaderos milagros literarios con episodios del d\u00eda a d\u00eda. Las mujeres de sus relatos est\u00e1n desorientadas, pero al mismo tiempo son fuertes, inteligentes y, sobre todo, extraordinariamente reales. R\u00eden, lloran, aman, beben: sobreviven.<\/p>\n<p align=\"JUSTIFY\" style=\"margin-top: 0px;margin-bottom: 0.8rem;font-family: Fort;font-size: 16.100000381469727px;font-style: normal;font-weight: normal;letter-spacing: normal;text-align: justify;text-indent: 0px;text-transform: none;text-decoration: none\"><b style=\"font-weight: bolder\">La cr\u00edtica ha dicho&#8230;<\/b><\/p>\n<p align=\"JUSTIFY\" style=\"margin-top: 0px;margin-bottom: 0.8rem;font-family: Fort;font-size: 16.100000381469727px;font-style: normal;font-weight: normal;letter-spacing: normal;text-align: justify;text-indent: 0px;text-transform: none;text-decoration: none\">\u00abSu prosa desciende de Proust y de Ch\u00e9jov. Siempre me he preguntado por qu\u00e9 el mundo ha tardado tanto en descubrir a Lucia Berlin.\u00bb<\/p>\n<p align=\"JUSTIFY\" style=\"margin-top: 0px;margin-bottom: 0.8rem;font-family: Fort;font-size: 16.100000381469727px;font-style: normal;font-weight: normal;letter-spacing: normal;text-align: justify;text-indent: 0px;text-transform: none;text-decoration: none\"><b style=\"font-weight: bolder\"><i>Elizabeth Geoghegan, The Paris Review<\/i><\/b><\/p>\n","protected":false},"excerpt":{"rendered":"<p>Con su inigualable toque de humor y melancol\u00eda,&nbsp;Berlin&nbsp;se hace eco de su vida, asombrosa y convulsa, para crear verdaderos milagros literarios con episodios del d\u00eda a d\u00eda. Las mujeres de sus relatos est\u00e1n desorientadas, pero al mismo tiempo son fuertes, inteligentes y, sobre todo, extraordinariamente reales. R\u00eden, lloran, aman, beben: sobreviven. La cr\u00edtica ha dicho&#8230;&hellip;&nbsp;<a href=\"https:\/\/www.libertocitybell.com\/?product=manual-para-mujeres-de-la-limpiezalucia-berlin\" class=\"\" rel=\"bookmark\">Leer m\u00e1s &raquo;<span class=\"screen-reader-text\">Manual para mujeres de la limpieza<br \/>\nLucia Berlin<\/span><\/a><\/p>\n","protected":false},"featured_media":1530,"comment_status":"open","ping_status":"closed","template":"","meta":{"_coblocks_attr":"","_coblocks_dimensions":"","_coblocks_responsive_height":"","_coblocks_accordion_ie_support":"","neve_meta_sidebar":"","neve_meta_container":"","neve_meta_enable_content_width":"","neve_meta_content_width":0,"neve_meta_title_alignment":"","neve_meta_author_avatar":"","neve_post_elements_order":"","neve_meta_disable_header":"","neve_meta_disable_footer":"","neve_meta_disable_title":"","spay_email":"","jetpack_publicize_message":"","jetpack_is_tweetstorm":false,"jetpack_publicize_feature_enabled":true},"product_cat":[20],"product_tag":[],"class_list":{"0":"post-1531","1":"product","2":"type-product","3":"status-publish","4":"has-post-thumbnail","6":"product_cat-narrativa-internacional","8":"first","9":"outofstock","10":"taxable","11":"shipping-taxable","12":"purchasable","13":"product-type-simple"},"jetpack_publicize_connections":[],"_links":{"self":[{"href":"https:\/\/www.libertocitybell.com\/index.php?rest_route=\/wp\/v2\/product\/1531","targetHints":{"allow":["GET"]}}],"collection":[{"href":"https:\/\/www.libertocitybell.com\/index.php?rest_route=\/wp\/v2\/product"}],"about":[{"href":"https:\/\/www.libertocitybell.com\/index.php?rest_route=\/wp\/v2\/types\/product"}],"replies":[{"embeddable":true,"href":"https:\/\/www.libertocitybell.com\/index.php?rest_route=%2Fwp%2Fv2%2Fcomments&post=1531"}],"wp:featuredmedia":[{"embeddable":true,"href":"https:\/\/www.libertocitybell.com\/index.php?rest_route=\/wp\/v2\/media\/1530"}],"wp:attachment":[{"href":"https:\/\/www.libertocitybell.com\/index.php?rest_route=%2Fwp%2Fv2%2Fmedia&parent=1531"}],"wp:term":[{"taxonomy":"product_cat","embeddable":true,"href":"https:\/\/www.libertocitybell.com\/index.php?rest_route=%2Fwp%2Fv2%2Fproduct_cat&post=1531"},{"taxonomy":"product_tag","embeddable":true,"href":"https:\/\/www.libertocitybell.com\/index.php?rest_route=%2Fwp%2Fv2%2Fproduct_tag&post=1531"}],"curies":[{"name":"wp","href":"https:\/\/api.w.org\/{rel}","templated":true}]}}