{"id":1520,"date":"2022-04-07T10:11:37","date_gmt":"2022-04-07T13:11:37","guid":{"rendered":"https:\/\/www.libertocitybell.com\/?product=loa-setenta-y-cinco-foliosmarcel-proust"},"modified":"2023-02-09T20:31:44","modified_gmt":"2023-02-09T23:31:44","slug":"loa-setenta-y-cinco-foliosmarcel-proust","status":"publish","type":"product","link":"https:\/\/www.libertocitybell.com\/?product=loa-setenta-y-cinco-foliosmarcel-proust","title":{"rendered":"Loa setenta y cinco folios\nMarcel Proust"},"content":{"rendered":"<p><span style=\"font-family: Arial, Helvetica, sans-serif;font-size: 13px;font-style: normal;font-weight: normal;letter-spacing: normal;text-align: left;text-indent: 0px;text-transform: none;text-decoration: none;float: none\">\u00abPor fin: aqu\u00ed est\u00e1n los proleg\u00f3menos de la gran obra, la aurora boreal del ciclo, el lienzo secreto del fresco, el solar en el que se construy\u00f3 la catedral de siete pilares, el prefacio del propio Marcel, la b\u00fasqueda de En busca del tiempo perdido. [&#8230;] Proust ha vuelto, \u00fanico y visionario como siempre&#8221; (J. Garon, L&#8217;Obs). As\u00ed han saludado un\u00e1nimemente los expertos y la cr\u00edtica el hallazgo de este tesoro literario: un manuscrito m\u00edtico que ve la luz tras el fallecimiento de su propietario, Bernard de Fallois. Escritos entre 1907 y 1908, con estos episodios emblem\u00e1ticos y fundacionales de su obra maestra se adentra por arte de magia en la memoria proustiana como si se tratara de una primigenia autobiograf\u00eda en la que los personajes y los lugares surgen en toda su desnudez y conservando sus nombres aut\u00e9nticos -la abuela Ad \u00bfle, la madre Jeanne y un joven Marcel estremecedoramente &#8220;humano, amoroso, atento con su familia, fiel y generoso\u00bb (A. Compagnon, Le Figaro Litt\u00e9raire). La cr\u00edtica ha dicho&#8230; \u00abEl grial absoluto, la estrella inaccesible para cualquier buscador del tiempo perdido. [&#8230;] Esta nueva obra har\u00e1 las delicias de los aficionados al proustismo y los fascinados por el marcelismo, ambos religiosos del mismo culto\u00bb. Pierre Assouline, L&#8217;Express \u00abEs como si todo Proust saliera de una taza de t\u00e9. Una peque\u00f1a magdalena que da acceso a toda su obra. [&#8230;] Un \u00e1lbum familiar, mucho menos intimidatorio que su m\u00e1s famosa y monumental novela, en el que desear\u00e1n sumergirse de inmediato\u00bb. Yves Jaegl\u00e9, Le Parisien<\/span><\/p>\n","protected":false},"excerpt":{"rendered":"<p>\u00abPor fin: aqu\u00ed est\u00e1n los proleg\u00f3menos de la gran obra, la aurora boreal del ciclo, el lienzo secreto del fresco, el solar en el que se construy\u00f3 la catedral de siete pilares, el prefacio del propio Marcel, la b\u00fasqueda de En busca del tiempo perdido. [&#8230;] Proust ha vuelto, \u00fanico y visionario como siempre&#8221; (J.&hellip;&nbsp;<a href=\"https:\/\/www.libertocitybell.com\/?product=loa-setenta-y-cinco-foliosmarcel-proust\" class=\"\" rel=\"bookmark\">Leer m\u00e1s &raquo;<span class=\"screen-reader-text\">Loa setenta y cinco folios<br \/>\nMarcel Proust<\/span><\/a><\/p>\n","protected":false},"featured_media":1519,"comment_status":"open","ping_status":"closed","template":"","meta":{"_coblocks_attr":"","_coblocks_dimensions":"","_coblocks_responsive_height":"","_coblocks_accordion_ie_support":"","neve_meta_sidebar":"","neve_meta_container":"","neve_meta_enable_content_width":"","neve_meta_content_width":0,"neve_meta_title_alignment":"","neve_meta_author_avatar":"","neve_post_elements_order":"","neve_meta_disable_header":"","neve_meta_disable_footer":"","neve_meta_disable_title":"","spay_email":"","jetpack_publicize_message":"","jetpack_is_tweetstorm":false,"jetpack_publicize_feature_enabled":true},"product_cat":[20],"product_tag":[],"class_list":{"0":"post-1520","1":"product","2":"type-product","3":"status-publish","4":"has-post-thumbnail","6":"product_cat-narrativa-internacional","8":"first","9":"outofstock","10":"taxable","11":"shipping-taxable","12":"purchasable","13":"product-type-simple"},"jetpack_publicize_connections":[],"_links":{"self":[{"href":"https:\/\/www.libertocitybell.com\/index.php?rest_route=\/wp\/v2\/product\/1520","targetHints":{"allow":["GET"]}}],"collection":[{"href":"https:\/\/www.libertocitybell.com\/index.php?rest_route=\/wp\/v2\/product"}],"about":[{"href":"https:\/\/www.libertocitybell.com\/index.php?rest_route=\/wp\/v2\/types\/product"}],"replies":[{"embeddable":true,"href":"https:\/\/www.libertocitybell.com\/index.php?rest_route=%2Fwp%2Fv2%2Fcomments&post=1520"}],"wp:featuredmedia":[{"embeddable":true,"href":"https:\/\/www.libertocitybell.com\/index.php?rest_route=\/wp\/v2\/media\/1519"}],"wp:attachment":[{"href":"https:\/\/www.libertocitybell.com\/index.php?rest_route=%2Fwp%2Fv2%2Fmedia&parent=1520"}],"wp:term":[{"taxonomy":"product_cat","embeddable":true,"href":"https:\/\/www.libertocitybell.com\/index.php?rest_route=%2Fwp%2Fv2%2Fproduct_cat&post=1520"},{"taxonomy":"product_tag","embeddable":true,"href":"https:\/\/www.libertocitybell.com\/index.php?rest_route=%2Fwp%2Fv2%2Fproduct_tag&post=1520"}],"curies":[{"name":"wp","href":"https:\/\/api.w.org\/{rel}","templated":true}]}}