{"id":1518,"date":"2022-04-07T10:08:16","date_gmt":"2022-04-07T13:08:16","guid":{"rendered":"https:\/\/www.libertocitybell.com\/?product=fenomenos-de-circoana-maria-shua"},"modified":"2023-02-09T20:09:15","modified_gmt":"2023-02-09T23:09:15","slug":"fenomenos-de-circoana-maria-shua","status":"publish","type":"product","link":"https:\/\/www.libertocitybell.com\/?product=fenomenos-de-circoana-maria-shua","title":{"rendered":"Fen\u00f3menos de circo\nAna Mar\u00eda Shua"},"content":{"rendered":"<p><span style=\"font-family: Arial, Helvetica, sans-serif;font-size: 13px;font-style: normal;font-weight: normal;letter-spacing: normal;text-align: left;text-indent: 0px;text-transform: none;text-decoration: none;float: none\">Espejo de la vida y quiz\u00e1 de la literatura, fascinante y revulsivo a la vez, el circo se mueve en los bordes. \u00bfEs arte o entretenimiento? \u00bfQu\u00e9 deseo esencial anida en el coraz\u00f3n del espectador mientras contempla al trapecista, al domador que introduce su cabeza en la boca del le\u00f3n, al mago que serrucha la caja donde yace la bella se\u00f1orita? Reales e imaginarios, posibles y quim\u00e9ricos, el circo y sus fen\u00f3menos aparecen aqu\u00ed en las versiones m\u00e1s ins\u00f3litas e inesperadas. En el circo dudoso, una mujer amamanta a un tigre peque\u00f1o, o lo sue\u00f1a. El circo fantasma aparece sin aviso y es transparente. En el circo pobre, cada artista cumple varias funciones: el mago puede ser tambi\u00e9n trapecio, elefante, aro de fuego. Hay una gitana que no adivina el futuro: su bola de cristal s\u00f3lo ve im\u00e1genes irrelevantes y banales. A unos hermanos siameses, unidos por la espalda, los separan sus habilidades. Y usted, parece sugerir la lectura, \u00bfqu\u00e9 ser\u00eda capaz de hacer por un aplauso? Fen\u00f3menos de circo es un libro de cuentos brev\u00edsimos.<\/span><br \/>\n<span style=\"font-family: Arial, Helvetica, sans-serif;font-size: 13px;font-style: normal;font-weight: normal;letter-spacing: normal;text-align: left;text-indent: 0px;text-transform: none;text-decoration: none;float: none\">Maestra indiscutida del g\u00e9nero, Ana Mar\u00eda Shua recurre a su genial inventiva y a la gracia incomparable de su escritura para crear estos inquietantes mundos m\u00ednimos, habitados por seres de una ambig \u00bcedad m\u00e1s que humana.<\/span><\/p>\n","protected":false},"excerpt":{"rendered":"<p>Espejo de la vida y quiz\u00e1 de la literatura, fascinante y revulsivo a la vez, el circo se mueve en los bordes. \u00bfEs arte o entretenimiento? \u00bfQu\u00e9 deseo esencial anida en el coraz\u00f3n del espectador mientras contempla al trapecista, al domador que introduce su cabeza en la boca del le\u00f3n, al mago que serrucha la&hellip;&nbsp;<a href=\"https:\/\/www.libertocitybell.com\/?product=fenomenos-de-circoana-maria-shua\" class=\"\" rel=\"bookmark\">Leer m\u00e1s &raquo;<span class=\"screen-reader-text\">Fen\u00f3menos de circo<br \/>\nAna Mar\u00eda Shua<\/span><\/a><\/p>\n","protected":false},"featured_media":1517,"comment_status":"open","ping_status":"closed","template":"","meta":{"_coblocks_attr":"","_coblocks_dimensions":"","_coblocks_responsive_height":"","_coblocks_accordion_ie_support":"","neve_meta_sidebar":"","neve_meta_container":"","neve_meta_enable_content_width":"","neve_meta_content_width":0,"neve_meta_title_alignment":"","neve_meta_author_avatar":"","neve_post_elements_order":"","neve_meta_disable_header":"","neve_meta_disable_footer":"","neve_meta_disable_title":"","spay_email":"","jetpack_publicize_message":"","jetpack_is_tweetstorm":false,"jetpack_publicize_feature_enabled":true},"product_cat":[21],"product_tag":[],"class_list":{"0":"post-1518","1":"product","2":"type-product","3":"status-publish","4":"has-post-thumbnail","6":"product_cat-narrativa-argentina","8":"first","9":"outofstock","10":"taxable","11":"shipping-taxable","12":"purchasable","13":"product-type-simple"},"jetpack_publicize_connections":[],"_links":{"self":[{"href":"https:\/\/www.libertocitybell.com\/index.php?rest_route=\/wp\/v2\/product\/1518","targetHints":{"allow":["GET"]}}],"collection":[{"href":"https:\/\/www.libertocitybell.com\/index.php?rest_route=\/wp\/v2\/product"}],"about":[{"href":"https:\/\/www.libertocitybell.com\/index.php?rest_route=\/wp\/v2\/types\/product"}],"replies":[{"embeddable":true,"href":"https:\/\/www.libertocitybell.com\/index.php?rest_route=%2Fwp%2Fv2%2Fcomments&post=1518"}],"wp:featuredmedia":[{"embeddable":true,"href":"https:\/\/www.libertocitybell.com\/index.php?rest_route=\/wp\/v2\/media\/1517"}],"wp:attachment":[{"href":"https:\/\/www.libertocitybell.com\/index.php?rest_route=%2Fwp%2Fv2%2Fmedia&parent=1518"}],"wp:term":[{"taxonomy":"product_cat","embeddable":true,"href":"https:\/\/www.libertocitybell.com\/index.php?rest_route=%2Fwp%2Fv2%2Fproduct_cat&post=1518"},{"taxonomy":"product_tag","embeddable":true,"href":"https:\/\/www.libertocitybell.com\/index.php?rest_route=%2Fwp%2Fv2%2Fproduct_tag&post=1518"}],"curies":[{"name":"wp","href":"https:\/\/api.w.org\/{rel}","templated":true}]}}