{"id":1510,"date":"2022-04-06T19:09:10","date_gmt":"2022-04-06T22:09:10","guid":{"rendered":"https:\/\/www.libertocitybell.com\/?product=el-ano-del-monopatti-smith"},"modified":"2023-02-09T16:25:49","modified_gmt":"2023-02-09T19:25:49","slug":"el-ano-del-monopatti-smith","status":"publish","type":"product","link":"https:\/\/www.libertocitybell.com\/?product=el-ano-del-monopatti-smith","title":{"rendered":"El a\u00f1o del mono\nPatti Smith"},"content":{"rendered":"<p><span style=\"font-family: Arial, Helvetica, sans-serif;font-size: 13px;font-style: normal;font-weight: normal;letter-spacing: normal;text-align: left;text-indent: 0px;text-transform: none;text-decoration: none;float: none\">Al contemplar mi imagen en la superficie gris mercurio de la tostadora, me fij\u00e9 en que parec\u00eda joven y vieja al mismo tiempo. Son las dos de la madrugada de la Nochevieja de 2015 cuando Patti Smith llega al Dream Motel, junto a la playa de Santa Cruz, tras dar un concierto en la legendaria sala Fillmore de San Francisco. Acaba de cumplir setenta a\u00f1os. En la primera ma\u00f1ana del a\u00f1o sale a dar un paseo y toma su primera polaroid del r\u00f3tulo del hotel, con el que mantiene una l\u00facida conversaci\u00f3n, como una Alicia moderna en su particular Pa\u00eds de las Maravillas. La charla le inspira unos versos y decide volver a su habitaci\u00f3n, desde cuya terraza escucha las olas y piensa en su amigo Sandy Pearlman, el famoso productor musical, que lleva dos d\u00edas en coma. \u2030l fue quien le sugiri\u00f3 en su juventud que montara una banda de rock. As\u00ed comienza un viaje por la Costa Oeste, el desierto de Arizona, Manhattan o Kentucky, pero tambi\u00e9n por parajes recordados o imaginados, del mundo exterior y del interior, en el que Patti Smith nos permite deambular a su lado como sus acompa\u00f1antes m\u00e1s \u00edntimos. Esta edici\u00f3n se cierra con un emocionante ep\u00edlogo escrito a ra\u00edz de los acontecimientos de 2020.<\/span><\/p>\n","protected":false},"excerpt":{"rendered":"<p>Al contemplar mi imagen en la superficie gris mercurio de la tostadora, me fij\u00e9 en que parec\u00eda joven y vieja al mismo tiempo. Son las dos de la madrugada de la Nochevieja de 2015 cuando Patti Smith llega al Dream Motel, junto a la playa de Santa Cruz, tras dar un concierto en la legendaria&hellip;&nbsp;<a href=\"https:\/\/www.libertocitybell.com\/?product=el-ano-del-monopatti-smith\" class=\"\" rel=\"bookmark\">Leer m\u00e1s &raquo;<span class=\"screen-reader-text\">El a\u00f1o del mono<br \/>\nPatti Smith<\/span><\/a><\/p>\n","protected":false},"featured_media":1509,"comment_status":"open","ping_status":"closed","template":"","meta":{"_coblocks_attr":"","_coblocks_dimensions":"","_coblocks_responsive_height":"","_coblocks_accordion_ie_support":"","neve_meta_sidebar":"","neve_meta_container":"","neve_meta_enable_content_width":"","neve_meta_content_width":0,"neve_meta_title_alignment":"","neve_meta_author_avatar":"","neve_post_elements_order":"","neve_meta_disable_header":"","neve_meta_disable_footer":"","neve_meta_disable_title":"","spay_email":"","jetpack_publicize_message":"","jetpack_is_tweetstorm":false,"jetpack_publicize_feature_enabled":true},"product_cat":[20],"product_tag":[],"class_list":{"0":"post-1510","1":"product","2":"type-product","3":"status-publish","4":"has-post-thumbnail","6":"product_cat-narrativa-internacional","8":"first","9":"outofstock","10":"taxable","11":"shipping-taxable","12":"purchasable","13":"product-type-simple"},"jetpack_publicize_connections":[],"_links":{"self":[{"href":"https:\/\/www.libertocitybell.com\/index.php?rest_route=\/wp\/v2\/product\/1510","targetHints":{"allow":["GET"]}}],"collection":[{"href":"https:\/\/www.libertocitybell.com\/index.php?rest_route=\/wp\/v2\/product"}],"about":[{"href":"https:\/\/www.libertocitybell.com\/index.php?rest_route=\/wp\/v2\/types\/product"}],"replies":[{"embeddable":true,"href":"https:\/\/www.libertocitybell.com\/index.php?rest_route=%2Fwp%2Fv2%2Fcomments&post=1510"}],"wp:featuredmedia":[{"embeddable":true,"href":"https:\/\/www.libertocitybell.com\/index.php?rest_route=\/wp\/v2\/media\/1509"}],"wp:attachment":[{"href":"https:\/\/www.libertocitybell.com\/index.php?rest_route=%2Fwp%2Fv2%2Fmedia&parent=1510"}],"wp:term":[{"taxonomy":"product_cat","embeddable":true,"href":"https:\/\/www.libertocitybell.com\/index.php?rest_route=%2Fwp%2Fv2%2Fproduct_cat&post=1510"},{"taxonomy":"product_tag","embeddable":true,"href":"https:\/\/www.libertocitybell.com\/index.php?rest_route=%2Fwp%2Fv2%2Fproduct_tag&post=1510"}],"curies":[{"name":"wp","href":"https:\/\/api.w.org\/{rel}","templated":true}]}}