{"id":151,"date":"2020-10-05T16:20:38","date_gmt":"2020-10-05T19:20:38","guid":{"rendered":"http:\/\/www.libertocitybell.com\/?post_type=product&#038;p=151"},"modified":"2023-02-09T20:09:24","modified_gmt":"2023-02-09T23:09:24","slug":"frida-kahlo-taschen","status":"publish","type":"product","link":"https:\/\/www.libertocitybell.com\/?product=frida-kahlo-taschen","title":{"rendered":"Frida Kahlo &#8211; Editorial Taschen"},"content":{"rendered":"<div class=\"row read-more-content\">\n<div class=\"col-xs-12 col-sm-12 col-lg-12\"><strong>Icono feminista,<\/strong>\u00a0s\u00edmbolo de la cultura mexicana, activista pol\u00edtica, artista innovadora&#8230; Descubra las m\u00faltiples facetas de\u00a0<strong>Frida Kahlo,<\/strong>\u00a0una mujer que transform\u00f3 sus aflicciones en una\u00a0<strong>inagotable y poderosa obra pict\u00f3rica.\u00a0<\/strong>En este volumen introductorio se presentan buena parte de sus\u00a0<strong>atrevidos y llamativos trabajos,<\/strong>\u00a0acompa\u00f1ados de apuntes sobre su turbulenta vida que ayudar\u00e1n a comprender la mirada audaz y desafiante que pint\u00f3 en sus autorretratos.<\/div>\n<\/div>\n<div class=\"row bookdetails\">\n<div class=\"col-xs-12 col-sm-12 col-lg-12 sans-serif small\"><\/div>\n<\/div>\n","protected":false},"excerpt":{"rendered":"<p>Icono feminista,\u00a0s\u00edmbolo de la cultura mexicana, activista pol\u00edtica, artista innovadora&#8230; Descubra las m\u00faltiples facetas de\u00a0Frida Kahlo,\u00a0una mujer que transform\u00f3 sus aflicciones en una\u00a0inagotable y poderosa obra pict\u00f3rica.\u00a0En este volumen introductorio se presentan buena parte de sus\u00a0atrevidos y llamativos trabajos,\u00a0acompa\u00f1ados de apuntes sobre su turbulenta vida que ayudar\u00e1n a comprender la mirada audaz y desafiante que&hellip;&nbsp;<a href=\"https:\/\/www.libertocitybell.com\/?product=frida-kahlo-taschen\" class=\"\" rel=\"bookmark\">Leer m\u00e1s &raquo;<span class=\"screen-reader-text\">Frida Kahlo &#8211; Editorial Taschen<\/span><\/a><\/p>\n","protected":false},"featured_media":152,"comment_status":"open","ping_status":"closed","template":"","meta":{"_coblocks_attr":"","_coblocks_dimensions":"","_coblocks_responsive_height":"","_coblocks_accordion_ie_support":"","neve_meta_sidebar":"","neve_meta_container":"","neve_meta_enable_content_width":"off","neve_meta_content_width":0,"neve_meta_title_alignment":"","neve_meta_author_avatar":"","neve_post_elements_order":"","neve_meta_disable_header":"","neve_meta_disable_footer":"","neve_meta_disable_title":"","spay_email":"","jetpack_publicize_message":"","jetpack_is_tweetstorm":false,"jetpack_publicize_feature_enabled":true},"product_cat":[19],"product_tag":[],"class_list":{"0":"post-151","1":"product","2":"type-product","3":"status-publish","4":"has-post-thumbnail","6":"product_cat-arte","8":"first","9":"outofstock","10":"taxable","11":"shipping-taxable","12":"purchasable","13":"product-type-simple"},"jetpack_publicize_connections":[],"_links":{"self":[{"href":"https:\/\/www.libertocitybell.com\/index.php?rest_route=\/wp\/v2\/product\/151","targetHints":{"allow":["GET"]}}],"collection":[{"href":"https:\/\/www.libertocitybell.com\/index.php?rest_route=\/wp\/v2\/product"}],"about":[{"href":"https:\/\/www.libertocitybell.com\/index.php?rest_route=\/wp\/v2\/types\/product"}],"replies":[{"embeddable":true,"href":"https:\/\/www.libertocitybell.com\/index.php?rest_route=%2Fwp%2Fv2%2Fcomments&post=151"}],"wp:featuredmedia":[{"embeddable":true,"href":"https:\/\/www.libertocitybell.com\/index.php?rest_route=\/wp\/v2\/media\/152"}],"wp:attachment":[{"href":"https:\/\/www.libertocitybell.com\/index.php?rest_route=%2Fwp%2Fv2%2Fmedia&parent=151"}],"wp:term":[{"taxonomy":"product_cat","embeddable":true,"href":"https:\/\/www.libertocitybell.com\/index.php?rest_route=%2Fwp%2Fv2%2Fproduct_cat&post=151"},{"taxonomy":"product_tag","embeddable":true,"href":"https:\/\/www.libertocitybell.com\/index.php?rest_route=%2Fwp%2Fv2%2Fproduct_tag&post=151"}],"curies":[{"name":"wp","href":"https:\/\/api.w.org\/{rel}","templated":true}]}}