{"id":1463,"date":"2021-12-13T12:13:50","date_gmt":"2021-12-13T15:13:50","guid":{"rendered":"https:\/\/www.libertocitybell.com\/?product=kentukissamanta-schweblin"},"modified":"2023-02-09T20:11:15","modified_gmt":"2023-02-09T23:11:15","slug":"kentukissamanta-schweblin","status":"publish","type":"product","link":"https:\/\/www.libertocitybell.com\/?product=kentukissamanta-schweblin","title":{"rendered":"Kentukis\nSamanta Schweblin"},"content":{"rendered":"<p><span style=\"font-family: Arial, Helvetica, sans-serif;font-size: 13px;font-style: normal;font-weight: normal;letter-spacing: normal;text-align: left;text-indent: 0px;text-transform: none;text-decoration: none;float: none\">\u00bfQu\u00e9 suceder\u00eda si personas de cualquier lugar del planeta pudieran meterse en la vida de otras? \u00bfA trav\u00e9s de qu\u00e9 dispositivo lo har\u00edan? \u00bfHasta d\u00f3nde podr\u00eda llegar la creatividad humana para sacar provecho de esta situaci\u00f3n? Cada uno de los personajes de esta novela encarna el costado m\u00e1s escalofriante de la tecnolog\u00eda. Ya se registran miles de casos en Vancouver, Hong Kong, Tel Aviv, Barcelona, Oaxaca, y se est\u00e1 propagando r\u00e1pidamente a todos los rincones del mundo. No son mascotas, ni fantasmas, ni robots. Son ciudadanos reales, y el problema -se dice en las noticias y se comparte en las redes- es que una persona que vive en Berl\u00edn no deber\u00eda poder pasearse libremente por el living de otra que vive en S\u00eddney; ni alguien que vive en Bangkok, desayunar junto a tus hijos en tu departamento de Buenos Aires.<\/span><\/p>\n","protected":false},"excerpt":{"rendered":"<p>\u00bfQu\u00e9 suceder\u00eda si personas de cualquier lugar del planeta pudieran meterse en la vida de otras? \u00bfA trav\u00e9s de qu\u00e9 dispositivo lo har\u00edan? \u00bfHasta d\u00f3nde podr\u00eda llegar la creatividad humana para sacar provecho de esta situaci\u00f3n? Cada uno de los personajes de esta novela encarna el costado m\u00e1s escalofriante de la tecnolog\u00eda. Ya se registran&hellip;&nbsp;<a href=\"https:\/\/www.libertocitybell.com\/?product=kentukissamanta-schweblin\" class=\"\" rel=\"bookmark\">Leer m\u00e1s &raquo;<span class=\"screen-reader-text\">Kentukis<br \/>\nSamanta Schweblin<\/span><\/a><\/p>\n","protected":false},"featured_media":1462,"comment_status":"open","ping_status":"closed","template":"","meta":{"_coblocks_attr":"","_coblocks_dimensions":"","_coblocks_responsive_height":"","_coblocks_accordion_ie_support":"","neve_meta_sidebar":"","neve_meta_container":"","neve_meta_enable_content_width":"","neve_meta_content_width":0,"neve_meta_title_alignment":"","neve_meta_author_avatar":"","neve_post_elements_order":"","neve_meta_disable_header":"","neve_meta_disable_footer":"","neve_meta_disable_title":"","spay_email":"","jetpack_publicize_message":"","jetpack_is_tweetstorm":false,"jetpack_publicize_feature_enabled":true},"product_cat":[20],"product_tag":[],"class_list":{"0":"post-1463","1":"product","2":"type-product","3":"status-publish","4":"has-post-thumbnail","6":"product_cat-narrativa-internacional","8":"first","9":"outofstock","10":"taxable","11":"shipping-taxable","12":"purchasable","13":"product-type-simple"},"jetpack_publicize_connections":[],"_links":{"self":[{"href":"https:\/\/www.libertocitybell.com\/index.php?rest_route=\/wp\/v2\/product\/1463","targetHints":{"allow":["GET"]}}],"collection":[{"href":"https:\/\/www.libertocitybell.com\/index.php?rest_route=\/wp\/v2\/product"}],"about":[{"href":"https:\/\/www.libertocitybell.com\/index.php?rest_route=\/wp\/v2\/types\/product"}],"replies":[{"embeddable":true,"href":"https:\/\/www.libertocitybell.com\/index.php?rest_route=%2Fwp%2Fv2%2Fcomments&post=1463"}],"wp:featuredmedia":[{"embeddable":true,"href":"https:\/\/www.libertocitybell.com\/index.php?rest_route=\/wp\/v2\/media\/1462"}],"wp:attachment":[{"href":"https:\/\/www.libertocitybell.com\/index.php?rest_route=%2Fwp%2Fv2%2Fmedia&parent=1463"}],"wp:term":[{"taxonomy":"product_cat","embeddable":true,"href":"https:\/\/www.libertocitybell.com\/index.php?rest_route=%2Fwp%2Fv2%2Fproduct_cat&post=1463"},{"taxonomy":"product_tag","embeddable":true,"href":"https:\/\/www.libertocitybell.com\/index.php?rest_route=%2Fwp%2Fv2%2Fproduct_tag&post=1463"}],"curies":[{"name":"wp","href":"https:\/\/api.w.org\/{rel}","templated":true}]}}