{"id":1461,"date":"2021-12-13T12:10:40","date_gmt":"2021-12-13T15:10:40","guid":{"rendered":"https:\/\/www.libertocitybell.com\/?product=lo-que-aprendi-de-las-bestias-albertina-carri"},"modified":"2023-02-09T20:31:34","modified_gmt":"2023-02-09T23:31:34","slug":"lo-que-aprendi-de-las-bestias-albertina-carri","status":"publish","type":"product","link":"https:\/\/www.libertocitybell.com\/?product=lo-que-aprendi-de-las-bestias-albertina-carri","title":{"rendered":"Lo que aprend\u00ed de las bestias \nAlbertina Carri"},"content":{"rendered":"<p><span style=\"font-family: Arial, Helvetica, sans-serif;font-size: 13px;font-style: normal;font-weight: normal;letter-spacing: normal;text-align: left;text-indent: 0px;text-transform: none;text-decoration: none;float: none\">Carri transforma todo lo que har\u00eda de ella una v\u00edctima en objeto de inter\u00e9s, de apetencia, de codicia casi lasciva. No obedece m\u00e1s que a su deseo, no importa si esa cruz -la \u00fanica que se jacta de llevar- la lleva adonde no est\u00e1 segura de querer ir, la mete en problemas, la induce a equivocarse o a traicionar.\u00bb Alan Pauls \u00abUna deslumbrante novela estremecida de sonido y furia que, desorbitada, conjura la orfandad de la muerte ya sea de un caballo, una serpiente, un avestruz o un chaj\u00e1.\u00bb Gabriela Massuh Del rencuentro con su hermana, que vuelve a vivir al pa\u00eds con sus hijas, brotan para la protagonista los recuerdos dolorosos de una infancia rota tras el asesinato de sus padres. La locura a veces, la maldad otras, por momentos la fr\u00eda y simple desaprensi\u00f3n organizan el pasado de ambas. Sin embargo, y contra sus propios pron\u00f3sticos, la convivencia entre las cuatro promete la forma de una nueva familia y el alivio del amor. En esta esperada novela debut, Albertina Carri -figura ineludible del cine m\u00e1s original e irreverente de Latinoam\u00e9rica- vuelve a su escenario preferido: el campo. A trav\u00e9s de un relato descarnado, plagado de detalles crueles y luminosos, er\u00f3ticos y escalofriantes. Con un enorme poder dram\u00e1tico, aprovecha el aparente vac\u00edo de la pampa para que la pregunta por el sentido de la vida encarne en im\u00e1genes memorables y que en los animales, la noche y la soledad aparezcan las respuestas.<\/span><\/p>\n","protected":false},"excerpt":{"rendered":"<p>Carri transforma todo lo que har\u00eda de ella una v\u00edctima en objeto de inter\u00e9s, de apetencia, de codicia casi lasciva. No obedece m\u00e1s que a su deseo, no importa si esa cruz -la \u00fanica que se jacta de llevar- la lleva adonde no est\u00e1 segura de querer ir, la mete en problemas, la induce a&hellip;&nbsp;<a href=\"https:\/\/www.libertocitybell.com\/?product=lo-que-aprendi-de-las-bestias-albertina-carri\" class=\"\" rel=\"bookmark\">Leer m\u00e1s &raquo;<span class=\"screen-reader-text\">Lo que aprend\u00ed de las bestias<br \/>\nAlbertina Carri<\/span><\/a><\/p>\n","protected":false},"featured_media":1460,"comment_status":"open","ping_status":"closed","template":"","meta":{"_coblocks_attr":"","_coblocks_dimensions":"","_coblocks_responsive_height":"","_coblocks_accordion_ie_support":"","neve_meta_sidebar":"","neve_meta_container":"","neve_meta_enable_content_width":"","neve_meta_content_width":0,"neve_meta_title_alignment":"","neve_meta_author_avatar":"","neve_post_elements_order":"","neve_meta_disable_header":"","neve_meta_disable_footer":"","neve_meta_disable_title":"","spay_email":"","jetpack_publicize_message":"","jetpack_is_tweetstorm":false,"jetpack_publicize_feature_enabled":true},"product_cat":[21],"product_tag":[],"class_list":{"0":"post-1461","1":"product","2":"type-product","3":"status-publish","4":"has-post-thumbnail","6":"product_cat-narrativa-argentina","8":"first","9":"outofstock","10":"taxable","11":"shipping-taxable","12":"purchasable","13":"product-type-simple"},"jetpack_publicize_connections":[],"_links":{"self":[{"href":"https:\/\/www.libertocitybell.com\/index.php?rest_route=\/wp\/v2\/product\/1461","targetHints":{"allow":["GET"]}}],"collection":[{"href":"https:\/\/www.libertocitybell.com\/index.php?rest_route=\/wp\/v2\/product"}],"about":[{"href":"https:\/\/www.libertocitybell.com\/index.php?rest_route=\/wp\/v2\/types\/product"}],"replies":[{"embeddable":true,"href":"https:\/\/www.libertocitybell.com\/index.php?rest_route=%2Fwp%2Fv2%2Fcomments&post=1461"}],"wp:featuredmedia":[{"embeddable":true,"href":"https:\/\/www.libertocitybell.com\/index.php?rest_route=\/wp\/v2\/media\/1460"}],"wp:attachment":[{"href":"https:\/\/www.libertocitybell.com\/index.php?rest_route=%2Fwp%2Fv2%2Fmedia&parent=1461"}],"wp:term":[{"taxonomy":"product_cat","embeddable":true,"href":"https:\/\/www.libertocitybell.com\/index.php?rest_route=%2Fwp%2Fv2%2Fproduct_cat&post=1461"},{"taxonomy":"product_tag","embeddable":true,"href":"https:\/\/www.libertocitybell.com\/index.php?rest_route=%2Fwp%2Fv2%2Fproduct_tag&post=1461"}],"curies":[{"name":"wp","href":"https:\/\/api.w.org\/{rel}","templated":true}]}}