{"id":1456,"date":"2021-12-13T12:01:15","date_gmt":"2021-12-13T15:01:15","guid":{"rendered":"https:\/\/www.libertocitybell.com\/?product=ayeragota-kristof"},"modified":"2022-11-28T15:26:46","modified_gmt":"2022-11-28T18:26:46","slug":"ayeragota-kristof","status":"publish","type":"product","link":"https:\/\/www.libertocitybell.com\/?product=ayeragota-kristof","title":{"rendered":"Ayer\nAgota Kristof"},"content":{"rendered":"<p id=\"ctl00_ContentPlaceHolder1_rptFicha_ctl00_itemPropDescription\" class=\"resenia overflow-text\" data-min-height=\"300\" data-max-height=\"324\" style=\"border: 0px;margin: 0px 0px 5px;padding: 0px;font-size: 13px;line-height: 18px;overflow: hidden;font-family: Arial, Helvetica, sans-serif;font-style: normal;font-weight: normal;letter-spacing: normal;text-align: left;text-indent: 0px;text-transform: none;text-decoration: none;height: 324px\">Una inolvidable novela de Agota Kristof, la autora de la trilog\u00eda Claus y Lucas. S\u00e1ndor Lester, exiliado en una fr\u00eda ciudad europea, lleva una vida solitaria y mon\u00f3tona. Inmerso en una rutina alienante en la f\u00e1brica de relojes donde trabaja, pasa sus ratos libres escribiendo, frecuentando a gente en su misma situaci\u00f3n o en compa\u00f1\u00eda de Yolande, una mujer a la que no ama. Un d\u00eda conoce a Line, una nueva empleada de la f\u00e1brica que procede de su mismo pa\u00eds. Aunque est\u00e1 casada y tiene una hija de corta edad, S\u00e1ndor se enamorar\u00e1 de la reci\u00e9n llegada y entre los dos surgir\u00e1 un v\u00ednculo tan \u00edntimo y esencial como doloroso y destructivo. Al igual que su famosa trilog\u00eda Claus y Lucas, esta novela contiene ecos de la propia biograf\u00eda de Agota Kristof, escritora h\u00fangara refugiada en Suiza. En ella utiliza una prosa perfectamente depurada, precisa y despersonalizada con la que crea una penetrante y perturbadora atm\u00f3sfera para retratar las miserias y crueldades del mundo contempor\u00e1neo. L\u00facida e impactante, Ayer es sin duda una de las mejores obras de la autora.<\/p>\n","protected":false},"excerpt":{"rendered":"<p>Una inolvidable novela de Agota Kristof, la autora de la trilog\u00eda Claus y Lucas. S\u00e1ndor Lester, exiliado en una fr\u00eda ciudad europea, lleva una vida solitaria y mon\u00f3tona. Inmerso en una rutina alienante en la f\u00e1brica de relojes donde trabaja, pasa sus ratos libres escribiendo, frecuentando a gente en su misma situaci\u00f3n o en compa\u00f1\u00eda&hellip;&nbsp;<a href=\"https:\/\/www.libertocitybell.com\/?product=ayeragota-kristof\" class=\"\" rel=\"bookmark\">Leer m\u00e1s &raquo;<span class=\"screen-reader-text\">Ayer<br \/>\nAgota Kristof<\/span><\/a><\/p>\n","protected":false},"featured_media":1457,"comment_status":"open","ping_status":"closed","template":"","meta":{"_coblocks_attr":"","_coblocks_dimensions":"","_coblocks_responsive_height":"","_coblocks_accordion_ie_support":"","neve_meta_sidebar":"","neve_meta_container":"","neve_meta_enable_content_width":"","neve_meta_content_width":0,"neve_meta_title_alignment":"","neve_meta_author_avatar":"","neve_post_elements_order":"","neve_meta_disable_header":"","neve_meta_disable_footer":"","neve_meta_disable_title":"","spay_email":"","jetpack_publicize_message":"","jetpack_is_tweetstorm":false,"jetpack_publicize_feature_enabled":true},"product_cat":[20],"product_tag":[],"class_list":{"0":"post-1456","1":"product","2":"type-product","3":"status-publish","4":"has-post-thumbnail","6":"product_cat-narrativa-internacional","8":"first","9":"outofstock","10":"taxable","11":"shipping-taxable","12":"purchasable","13":"product-type-simple"},"jetpack_publicize_connections":[],"_links":{"self":[{"href":"https:\/\/www.libertocitybell.com\/index.php?rest_route=\/wp\/v2\/product\/1456","targetHints":{"allow":["GET"]}}],"collection":[{"href":"https:\/\/www.libertocitybell.com\/index.php?rest_route=\/wp\/v2\/product"}],"about":[{"href":"https:\/\/www.libertocitybell.com\/index.php?rest_route=\/wp\/v2\/types\/product"}],"replies":[{"embeddable":true,"href":"https:\/\/www.libertocitybell.com\/index.php?rest_route=%2Fwp%2Fv2%2Fcomments&post=1456"}],"wp:featuredmedia":[{"embeddable":true,"href":"https:\/\/www.libertocitybell.com\/index.php?rest_route=\/wp\/v2\/media\/1457"}],"wp:attachment":[{"href":"https:\/\/www.libertocitybell.com\/index.php?rest_route=%2Fwp%2Fv2%2Fmedia&parent=1456"}],"wp:term":[{"taxonomy":"product_cat","embeddable":true,"href":"https:\/\/www.libertocitybell.com\/index.php?rest_route=%2Fwp%2Fv2%2Fproduct_cat&post=1456"},{"taxonomy":"product_tag","embeddable":true,"href":"https:\/\/www.libertocitybell.com\/index.php?rest_route=%2Fwp%2Fv2%2Fproduct_tag&post=1456"}],"curies":[{"name":"wp","href":"https:\/\/api.w.org\/{rel}","templated":true}]}}