{"id":1455,"date":"2021-12-13T11:58:32","date_gmt":"2021-12-13T14:58:32","guid":{"rendered":"https:\/\/www.libertocitybell.com\/?product=la-hermana-menor-un-retrato-de-sivina-ocampomariana-enriquez"},"modified":"2023-02-09T20:13:23","modified_gmt":"2023-02-09T23:13:23","slug":"la-hermana-menor-un-retrato-de-sivina-ocampomariana-enriquez","status":"publish","type":"product","link":"https:\/\/www.libertocitybell.com\/?product=la-hermana-menor-un-retrato-de-sivina-ocampomariana-enriquez","title":{"rendered":"La hermana menor. Un retrato de Sivina Ocampo\nMariana Enriquez"},"content":{"rendered":"<p>La escritora argentina Silvina Ocampo es una de las figuras m\u00e1s exquisitas, talentosas y extra\u00f1as de la literatura en espa\u00f1ol. Hija de una familia aristocr\u00e1tica, autora de libros que, al decir de Roberto Bola\u00f1o, parecen provenir de \u00abuna limpia cocina literaria\u00bb, en torno a ella se han urdido mitos que envuelven no solo su obra, revalorizada con entusiasmo en los \u00faltimos a\u00f1os, sino tambi\u00e9n su vida privada: la particular relaci\u00f3n que ten\u00eda con su marido, Adolfo Bioy Casares; su cambiante y chismosa amistad con Jorge Luis Borges, que cenaba cada noche en su casa; sus presuntos romances con mujeres, como la poeta Alejandra Pizarnik o la madre del propio Bioy; sus perturbadoras premoniciones; sus ambiguos conflictos con la ol\u00edmpica Victoria Ocampo, su hermana mayor.<\/p>\n<p>En este libro, Mariana Enriquez, a trav\u00e9s de una enorme cantidad de fuentes bibliogr\u00e1ficas y testimonios de amigos, cr\u00edticos, parientes y albaceas de Silvina Ocampo, cuestiona los mitos, descorre el velo sobre los secretos y mira con una intensidad \u00fanica la vida de quien vivi\u00f3 con el af\u00e1n de permanecer oculta. El resultado es el retrato emocionante de una mujer entra\u00f1able y oscura, inteligente y suavemente perversa, due\u00f1a de una imaginaci\u00f3n desaforada (y de unas piernas espectaculares), a quien hoy se considera una de las mejores cuentistas del R\u00edo de la Plata.<\/p>\n","protected":false},"excerpt":{"rendered":"<p>La escritora argentina Silvina Ocampo es una de las figuras m\u00e1s exquisitas, talentosas y extra\u00f1as de la literatura en espa\u00f1ol. Hija de una familia aristocr\u00e1tica, autora de libros que, al decir de Roberto Bola\u00f1o, parecen provenir de \u00abuna limpia cocina literaria\u00bb, en torno a ella se han urdido mitos que envuelven no solo su obra,&hellip;&nbsp;<a href=\"https:\/\/www.libertocitybell.com\/?product=la-hermana-menor-un-retrato-de-sivina-ocampomariana-enriquez\" class=\"\" rel=\"bookmark\">Leer m\u00e1s &raquo;<span class=\"screen-reader-text\">La hermana menor. Un retrato de Sivina Ocampo<br \/>\nMariana Enriquez<\/span><\/a><\/p>\n","protected":false},"featured_media":1454,"comment_status":"open","ping_status":"closed","template":"","meta":{"_coblocks_attr":"","_coblocks_dimensions":"","_coblocks_responsive_height":"","_coblocks_accordion_ie_support":"","neve_meta_sidebar":"","neve_meta_container":"","neve_meta_enable_content_width":"","neve_meta_content_width":0,"neve_meta_title_alignment":"","neve_meta_author_avatar":"","neve_post_elements_order":"","neve_meta_disable_header":"","neve_meta_disable_footer":"","neve_meta_disable_title":"","spay_email":"","jetpack_publicize_message":"","jetpack_is_tweetstorm":false,"jetpack_publicize_feature_enabled":true},"product_cat":[21],"product_tag":[],"class_list":{"0":"post-1455","1":"product","2":"type-product","3":"status-publish","4":"has-post-thumbnail","6":"product_cat-narrativa-argentina","8":"first","9":"outofstock","10":"taxable","11":"shipping-taxable","12":"purchasable","13":"product-type-simple"},"jetpack_publicize_connections":[],"_links":{"self":[{"href":"https:\/\/www.libertocitybell.com\/index.php?rest_route=\/wp\/v2\/product\/1455","targetHints":{"allow":["GET"]}}],"collection":[{"href":"https:\/\/www.libertocitybell.com\/index.php?rest_route=\/wp\/v2\/product"}],"about":[{"href":"https:\/\/www.libertocitybell.com\/index.php?rest_route=\/wp\/v2\/types\/product"}],"replies":[{"embeddable":true,"href":"https:\/\/www.libertocitybell.com\/index.php?rest_route=%2Fwp%2Fv2%2Fcomments&post=1455"}],"wp:featuredmedia":[{"embeddable":true,"href":"https:\/\/www.libertocitybell.com\/index.php?rest_route=\/wp\/v2\/media\/1454"}],"wp:attachment":[{"href":"https:\/\/www.libertocitybell.com\/index.php?rest_route=%2Fwp%2Fv2%2Fmedia&parent=1455"}],"wp:term":[{"taxonomy":"product_cat","embeddable":true,"href":"https:\/\/www.libertocitybell.com\/index.php?rest_route=%2Fwp%2Fv2%2Fproduct_cat&post=1455"},{"taxonomy":"product_tag","embeddable":true,"href":"https:\/\/www.libertocitybell.com\/index.php?rest_route=%2Fwp%2Fv2%2Fproduct_tag&post=1455"}],"curies":[{"name":"wp","href":"https:\/\/api.w.org\/{rel}","templated":true}]}}