{"id":1447,"date":"2021-11-27T16:02:56","date_gmt":"2021-11-27T19:02:56","guid":{"rendered":"https:\/\/www.libertocitybell.com\/?product=las-maldiciones-claudia-pineiro"},"modified":"2023-02-09T20:29:48","modified_gmt":"2023-02-09T23:29:48","slug":"las-maldiciones-claudia-pineiro","status":"publish","type":"product","link":"https:\/\/www.libertocitybell.com\/?product=las-maldiciones-claudia-pineiro","title":{"rendered":"Las maldiciones \nClaudia Pi\u00f1eiro"},"content":{"rendered":"<p id=\"ctl00_ContentPlaceHolder1_rptFicha_ctl00_itemPropDescription\" class=\"resenia overflow-text\" data-min-height=\"300\" data-max-height=\"324\" style=\"border: 0px;margin: 0px 0px 5px;padding: 0px;font-size: 13px;line-height: 18px;overflow: hidden;font-family: Arial, Helvetica, sans-serif;font-style: normal;font-weight: normal;letter-spacing: normal;text-align: left;text-indent: 0px;text-transform: none;text-decoration: none;height: 324px\">\u00abAlguien puede llegar a la pol\u00edtica por muchos motivos. Unos m\u00e1s leg\u00edtimos, otros menos. Tambi\u00e9n por error, por desidia. O por no saber decir que no.\u00bb Rom\u00e1n Sabat\u00e9 entra al mundo de la pol\u00edtica casi por casualidad, pero es all\u00ed donde se sella su destino. La permanente tensi\u00f3n entre la necesidad de trabajo de un joven de provincia y las ocultas intenciones del pol\u00edtico que lo ha elegido como secretario privado es lo que mueve los hilos de esta novela: dos hombres en conflicto en una historia en la que hasta la paternidad est\u00e1 en juego. Magia, doble discurso o crimen, todo vale. Las maldiciones desnuda la verdad de la llamada &#8220;nueva pol\u00edtica&#8221;, basada en un pragmatismo absoluto que esconde la inescrupulosidad del enga\u00f1o y la ambici\u00f3n sin l\u00edmites. Claudia Pi\u00f1eiro ha escrito una novela certera, conmovedora y actual, que pone el foco en las perversiones de los gobernantes, pero que tambi\u00e9n les hace lugar a las historias de lealtad y amor m\u00e1s verdaderas. La cr\u00edtica ha dicho: \u00abLa voz de Claudia es una voz de seda, pero de seda afilada.\u00bb Revista Qu\u00e9 leer.<\/p>\n","protected":false},"excerpt":{"rendered":"<p>\u00abAlguien puede llegar a la pol\u00edtica por muchos motivos. Unos m\u00e1s leg\u00edtimos, otros menos. Tambi\u00e9n por error, por desidia. O por no saber decir que no.\u00bb Rom\u00e1n Sabat\u00e9 entra al mundo de la pol\u00edtica casi por casualidad, pero es all\u00ed donde se sella su destino. La permanente tensi\u00f3n entre la necesidad de trabajo de un&hellip;&nbsp;<a href=\"https:\/\/www.libertocitybell.com\/?product=las-maldiciones-claudia-pineiro\" class=\"\" rel=\"bookmark\">Leer m\u00e1s &raquo;<span class=\"screen-reader-text\">Las maldiciones<br \/>\nClaudia Pi\u00f1eiro<\/span><\/a><\/p>\n","protected":false},"featured_media":1446,"comment_status":"open","ping_status":"closed","template":"","meta":{"_coblocks_attr":"","_coblocks_dimensions":"","_coblocks_responsive_height":"","_coblocks_accordion_ie_support":"","neve_meta_sidebar":"","neve_meta_container":"","neve_meta_enable_content_width":"","neve_meta_content_width":0,"neve_meta_title_alignment":"","neve_meta_author_avatar":"","neve_post_elements_order":"","neve_meta_disable_header":"","neve_meta_disable_footer":"","neve_meta_disable_title":"","spay_email":"","jetpack_publicize_message":"","jetpack_is_tweetstorm":false,"jetpack_publicize_feature_enabled":true},"product_cat":[21],"product_tag":[],"class_list":{"0":"post-1447","1":"product","2":"type-product","3":"status-publish","4":"has-post-thumbnail","6":"product_cat-narrativa-argentina","8":"first","9":"outofstock","10":"taxable","11":"shipping-taxable","12":"purchasable","13":"product-type-simple"},"jetpack_publicize_connections":[],"_links":{"self":[{"href":"https:\/\/www.libertocitybell.com\/index.php?rest_route=\/wp\/v2\/product\/1447","targetHints":{"allow":["GET"]}}],"collection":[{"href":"https:\/\/www.libertocitybell.com\/index.php?rest_route=\/wp\/v2\/product"}],"about":[{"href":"https:\/\/www.libertocitybell.com\/index.php?rest_route=\/wp\/v2\/types\/product"}],"replies":[{"embeddable":true,"href":"https:\/\/www.libertocitybell.com\/index.php?rest_route=%2Fwp%2Fv2%2Fcomments&post=1447"}],"wp:featuredmedia":[{"embeddable":true,"href":"https:\/\/www.libertocitybell.com\/index.php?rest_route=\/wp\/v2\/media\/1446"}],"wp:attachment":[{"href":"https:\/\/www.libertocitybell.com\/index.php?rest_route=%2Fwp%2Fv2%2Fmedia&parent=1447"}],"wp:term":[{"taxonomy":"product_cat","embeddable":true,"href":"https:\/\/www.libertocitybell.com\/index.php?rest_route=%2Fwp%2Fv2%2Fproduct_cat&post=1447"},{"taxonomy":"product_tag","embeddable":true,"href":"https:\/\/www.libertocitybell.com\/index.php?rest_route=%2Fwp%2Fv2%2Fproduct_tag&post=1447"}],"curies":[{"name":"wp","href":"https:\/\/api.w.org\/{rel}","templated":true}]}}