{"id":1380,"date":"2021-11-08T13:56:16","date_gmt":"2021-11-08T16:56:16","guid":{"rendered":"https:\/\/www.libertocitybell.com\/?product=te-lo-digo-por-tu-biencabaleiro-agustina"},"modified":"2023-01-06T19:10:16","modified_gmt":"2023-01-06T22:10:16","slug":"te-lo-digo-por-tu-biencabaleiro-agustina","status":"publish","type":"product","link":"https:\/\/www.libertocitybell.com\/?product=te-lo-digo-por-tu-biencabaleiro-agustina","title":{"rendered":"Te lo digo por tu bien\nCabaleiro Agustina"},"content":{"rendered":"<p><span style=\"font-family: Arial, Helvetica, sans-serif;font-size: 13px;font-style: normal;font-weight: normal;letter-spacing: normal;text-align: left;text-indent: 0px;text-transform: none;text-decoration: none;float: none\">&#8220;La primera vez que me dijeron &#8216;gorda&#8217; fue en el jard\u00edn de infantes&#8221;, cuenta Agustina Cabaleiro, alias @onlinemami_, en el comienzo de este libro. Desde muy chica supo (aprendi\u00f3 a los golpes) que su cuerpo era una marca indeleble, un estigma. Las cosas que para las dem\u00e1s parec\u00edan tan sencillas, para Agustina eran muy complicadas: la ropa, el sexo, la amistad, el trabajo y hasta una simple consulta con un m\u00e9dico por un dolor de muela. Todo parec\u00eda estar atravesado por el volumen de su cuerpo, sobre el cual por otra parte todos se sent\u00edan en el derecho de opinar. &#8220;Te lo digo por tu bien&#8221;, se justificaban. &#8220;\u00bfC\u00f3mo se supone que vas a quererte si todo el mundo te est\u00e1 diciendo todo el tiempo que no vales nada?&#8221;, se pregunta Agustina, e intenta esbozar algunas respuestas.<\/span><\/p>\n","protected":false},"excerpt":{"rendered":"<p>&#8220;La primera vez que me dijeron &#8216;gorda&#8217; fue en el jard\u00edn de infantes&#8221;, cuenta Agustina Cabaleiro, alias @onlinemami_, en el comienzo de este libro. Desde muy chica supo (aprendi\u00f3 a los golpes) que su cuerpo era una marca indeleble, un estigma. Las cosas que para las dem\u00e1s parec\u00edan tan sencillas, para Agustina eran muy complicadas:&hellip;&nbsp;<a href=\"https:\/\/www.libertocitybell.com\/?product=te-lo-digo-por-tu-biencabaleiro-agustina\" class=\"\" rel=\"bookmark\">Leer m\u00e1s &raquo;<span class=\"screen-reader-text\">Te lo digo por tu bien<br \/>\nCabaleiro Agustina<\/span><\/a><\/p>\n","protected":false},"featured_media":1379,"comment_status":"open","ping_status":"closed","template":"","meta":{"_coblocks_attr":"","_coblocks_dimensions":"","_coblocks_responsive_height":"","_coblocks_accordion_ie_support":"","neve_meta_sidebar":"","neve_meta_container":"","neve_meta_enable_content_width":"","neve_meta_content_width":0,"neve_meta_title_alignment":"","neve_meta_author_avatar":"","neve_post_elements_order":"","neve_meta_disable_header":"","neve_meta_disable_footer":"","neve_meta_disable_title":"","spay_email":"","jetpack_publicize_message":"","jetpack_is_tweetstorm":false,"jetpack_publicize_feature_enabled":true},"product_cat":[18],"product_tag":[],"class_list":{"0":"post-1380","1":"product","2":"type-product","3":"status-publish","4":"has-post-thumbnail","6":"product_cat-sin-categorizar","8":"first","9":"instock","10":"featured","11":"taxable","12":"shipping-taxable","13":"purchasable","14":"product-type-simple"},"jetpack_publicize_connections":[],"_links":{"self":[{"href":"https:\/\/www.libertocitybell.com\/index.php?rest_route=\/wp\/v2\/product\/1380","targetHints":{"allow":["GET"]}}],"collection":[{"href":"https:\/\/www.libertocitybell.com\/index.php?rest_route=\/wp\/v2\/product"}],"about":[{"href":"https:\/\/www.libertocitybell.com\/index.php?rest_route=\/wp\/v2\/types\/product"}],"replies":[{"embeddable":true,"href":"https:\/\/www.libertocitybell.com\/index.php?rest_route=%2Fwp%2Fv2%2Fcomments&post=1380"}],"wp:featuredmedia":[{"embeddable":true,"href":"https:\/\/www.libertocitybell.com\/index.php?rest_route=\/wp\/v2\/media\/1379"}],"wp:attachment":[{"href":"https:\/\/www.libertocitybell.com\/index.php?rest_route=%2Fwp%2Fv2%2Fmedia&parent=1380"}],"wp:term":[{"taxonomy":"product_cat","embeddable":true,"href":"https:\/\/www.libertocitybell.com\/index.php?rest_route=%2Fwp%2Fv2%2Fproduct_cat&post=1380"},{"taxonomy":"product_tag","embeddable":true,"href":"https:\/\/www.libertocitybell.com\/index.php?rest_route=%2Fwp%2Fv2%2Fproduct_tag&post=1380"}],"curies":[{"name":"wp","href":"https:\/\/api.w.org\/{rel}","templated":true}]}}