{"id":1241,"date":"2021-06-08T08:59:50","date_gmt":"2021-06-08T11:59:50","guid":{"rendered":"https:\/\/www.libertocitybell.com\/?product=la-anomalia-herve-le-tellier"},"modified":"2023-02-09T20:12:00","modified_gmt":"2023-02-09T23:12:00","slug":"la-anomalia-herve-le-tellier","status":"publish","type":"product","link":"https:\/\/www.libertocitybell.com\/?product=la-anomalia-herve-le-tellier","title":{"rendered":"La Anomal\u00eda. Herv\u00e9 Le Tellier"},"content":{"rendered":"<p><span style=\"font-family: Arial, Helvetica, sans-serif;font-size: 13px;font-style: normal;font-weight: normal;letter-spacing: normal;text-align: left;text-indent: 0px;text-transform: none;text-decoration: none;float: none\">El 10 de Marzo de 2021 los doscientos cuarenta y tres pasajeros de un avi\u00f3n procedente de Par\u00eds aterrizan en Nueva York despu\u00e9s de pasar por una terrible tormenta. Ya en tierra cada uno sigue con su vida. Tres meses m\u00e1s tarde, y contra toda l\u00f3gica, un avion id\u00e9ntico, con los mismos pasajeros y el mismo equipo a bordo, aparece en el cielo de Nueva York. Nadie se explica este incre\u00edble fen\u00f3meno que va a desatar una crisis pol\u00edtica, medi\u00e1tica y cient\u00edfica sin precedentes en la que cada uno de los pasajeros acabar\u00e1 encontrandose cara a cara con una version distinta de s\u00ed mismos. Herve Le Tellier firma una novela brillante, inteligente y virtuosa en la que la l\u00f3gica se funde con lo imposible<\/span><\/p>\n","protected":false},"excerpt":{"rendered":"<p>El 10 de Marzo de 2021 los doscientos cuarenta y tres pasajeros de un avi\u00f3n procedente de Par\u00eds aterrizan en Nueva York despu\u00e9s de pasar por una terrible tormenta. Ya en tierra cada uno sigue con su vida. Tres meses m\u00e1s tarde, y contra toda l\u00f3gica, un avion id\u00e9ntico, con los mismos pasajeros y el&hellip;&nbsp;<a href=\"https:\/\/www.libertocitybell.com\/?product=la-anomalia-herve-le-tellier\" class=\"\" rel=\"bookmark\">Leer m\u00e1s &raquo;<span class=\"screen-reader-text\">La Anomal\u00eda. Herv\u00e9 Le Tellier<\/span><\/a><\/p>\n","protected":false},"featured_media":1240,"comment_status":"open","ping_status":"closed","template":"","meta":{"_coblocks_attr":"","_coblocks_dimensions":"","_coblocks_responsive_height":"","_coblocks_accordion_ie_support":"","neve_meta_sidebar":"","neve_meta_container":"","neve_meta_enable_content_width":"","neve_meta_content_width":0,"neve_meta_title_alignment":"","neve_meta_author_avatar":"","neve_post_elements_order":"","neve_meta_disable_header":"","neve_meta_disable_footer":"","neve_meta_disable_title":"","spay_email":"","jetpack_publicize_message":"","jetpack_is_tweetstorm":false,"jetpack_publicize_feature_enabled":true},"product_cat":[20],"product_tag":[],"class_list":{"0":"post-1241","1":"product","2":"type-product","3":"status-publish","4":"has-post-thumbnail","6":"product_cat-narrativa-internacional","8":"first","9":"outofstock","10":"taxable","11":"shipping-taxable","12":"purchasable","13":"product-type-simple"},"jetpack_publicize_connections":[],"_links":{"self":[{"href":"https:\/\/www.libertocitybell.com\/index.php?rest_route=\/wp\/v2\/product\/1241","targetHints":{"allow":["GET"]}}],"collection":[{"href":"https:\/\/www.libertocitybell.com\/index.php?rest_route=\/wp\/v2\/product"}],"about":[{"href":"https:\/\/www.libertocitybell.com\/index.php?rest_route=\/wp\/v2\/types\/product"}],"replies":[{"embeddable":true,"href":"https:\/\/www.libertocitybell.com\/index.php?rest_route=%2Fwp%2Fv2%2Fcomments&post=1241"}],"wp:featuredmedia":[{"embeddable":true,"href":"https:\/\/www.libertocitybell.com\/index.php?rest_route=\/wp\/v2\/media\/1240"}],"wp:attachment":[{"href":"https:\/\/www.libertocitybell.com\/index.php?rest_route=%2Fwp%2Fv2%2Fmedia&parent=1241"}],"wp:term":[{"taxonomy":"product_cat","embeddable":true,"href":"https:\/\/www.libertocitybell.com\/index.php?rest_route=%2Fwp%2Fv2%2Fproduct_cat&post=1241"},{"taxonomy":"product_tag","embeddable":true,"href":"https:\/\/www.libertocitybell.com\/index.php?rest_route=%2Fwp%2Fv2%2Fproduct_tag&post=1241"}],"curies":[{"name":"wp","href":"https:\/\/api.w.org\/{rel}","templated":true}]}}