{"id":1212,"date":"2021-05-06T18:45:44","date_gmt":"2021-05-06T21:45:44","guid":{"rendered":"https:\/\/www.libertocitybell.com\/?post_type=product&#038;p=1212"},"modified":"2023-02-09T20:47:52","modified_gmt":"2023-02-09T23:47:52","slug":"todos-los-desechos-reservados-hernan-casciari","status":"publish","type":"product","link":"https:\/\/www.libertocitybell.com\/?product=todos-los-desechos-reservados-hernan-casciari","title":{"rendered":"Todos Los Desechos Reservados &#8211; Hern\u00e1n Casciari"},"content":{"rendered":"<p>\u00abTodos los desechos reservados\u00bb es el noveno libro de relatos de Hern\u00e1n Casciari, escrito con los borradores a la vista del lector. Portada en r\u00fastica y solapas, con ilustraci\u00f3n de Ermengol Tols\u00e0. Tama\u00f1o 23x15cm. 256 p\u00e1ginas.<\/p>\n<p>SOBRE EL LIBRO<\/p>\n<p>Cada vez que Hern\u00e1n Casciari enviaba una columna incorrecta al peri\u00f3dico La Naci\u00f3n, sonaba su tel\u00e9fono en Barcelona:<\/p>\n<p>\u2014Hola Hern\u00e1n, disculpe la hora. \u00bfQu\u00e9 quiere decir, exactamente, en el p\u00e1rrafo sobre el Papa?<\/p>\n<p>\u2014\u00bfEn qu\u00e9 parte? \u2014preguntaba el autor.<\/p>\n<p>\u2014Donde pone que al Papa le gusta que le metan una l\u00e1mpara de pie en el ojete. \u00bfEst\u00e1 contrastado eso?<\/p>\n<p>\u2014Pero no es una informaci\u00f3n, es un chiste. Si quer\u00e9s sacar ojete y poner ano, por m\u00ed todo bien.<\/p>\n<p>\u2014Nos preocupa m\u00e1s la expresi\u00f3n l\u00e1mpara de pie. Nuestros lectores son muy sensibles, no est\u00e1n habituados a esas referencias lum\u00ednicas sobre la Iglesia.<\/p>\n<p>Entonces Casciari empezaba a desechar chistes hasta que quedaba una columna m\u00e1s correcta. Menos suya, pero m\u00e1s cercana al lector promedio de La Naci\u00f3n.<\/p>\n","protected":false},"excerpt":{"rendered":"<p>\u00abTodos los desechos reservados\u00bb es el noveno libro de relatos de Hern\u00e1n Casciari, escrito con los borradores a la vista del lector. Portada en r\u00fastica y solapas, con ilustraci\u00f3n de Ermengol Tols\u00e0. Tama\u00f1o 23x15cm. 256 p\u00e1ginas. SOBRE EL LIBRO Cada vez que Hern\u00e1n Casciari enviaba una columna incorrecta al peri\u00f3dico La Naci\u00f3n, sonaba su tel\u00e9fono&hellip;&nbsp;<a href=\"https:\/\/www.libertocitybell.com\/?product=todos-los-desechos-reservados-hernan-casciari\" class=\"\" rel=\"bookmark\">Leer m\u00e1s &raquo;<span class=\"screen-reader-text\">Todos Los Desechos Reservados &#8211; Hern\u00e1n Casciari<\/span><\/a><\/p>\n","protected":false},"featured_media":1213,"comment_status":"open","ping_status":"closed","template":"","meta":{"_coblocks_attr":"","_coblocks_dimensions":"","_coblocks_responsive_height":"","_coblocks_accordion_ie_support":"","neve_meta_sidebar":"","neve_meta_container":"","neve_meta_enable_content_width":"off","neve_meta_content_width":0,"neve_meta_title_alignment":"","neve_meta_author_avatar":"","neve_post_elements_order":"","neve_meta_disable_header":"","neve_meta_disable_footer":"","neve_meta_disable_title":"","spay_email":"","jetpack_publicize_message":"","jetpack_is_tweetstorm":false,"jetpack_publicize_feature_enabled":true},"product_cat":[21],"product_tag":[],"class_list":{"0":"post-1212","1":"product","2":"type-product","3":"status-publish","4":"has-post-thumbnail","6":"product_cat-narrativa-argentina","8":"first","9":"outofstock","10":"taxable","11":"shipping-taxable","12":"purchasable","13":"product-type-simple"},"jetpack_publicize_connections":[],"_links":{"self":[{"href":"https:\/\/www.libertocitybell.com\/index.php?rest_route=\/wp\/v2\/product\/1212","targetHints":{"allow":["GET"]}}],"collection":[{"href":"https:\/\/www.libertocitybell.com\/index.php?rest_route=\/wp\/v2\/product"}],"about":[{"href":"https:\/\/www.libertocitybell.com\/index.php?rest_route=\/wp\/v2\/types\/product"}],"replies":[{"embeddable":true,"href":"https:\/\/www.libertocitybell.com\/index.php?rest_route=%2Fwp%2Fv2%2Fcomments&post=1212"}],"wp:featuredmedia":[{"embeddable":true,"href":"https:\/\/www.libertocitybell.com\/index.php?rest_route=\/wp\/v2\/media\/1213"}],"wp:attachment":[{"href":"https:\/\/www.libertocitybell.com\/index.php?rest_route=%2Fwp%2Fv2%2Fmedia&parent=1212"}],"wp:term":[{"taxonomy":"product_cat","embeddable":true,"href":"https:\/\/www.libertocitybell.com\/index.php?rest_route=%2Fwp%2Fv2%2Fproduct_cat&post=1212"},{"taxonomy":"product_tag","embeddable":true,"href":"https:\/\/www.libertocitybell.com\/index.php?rest_route=%2Fwp%2Fv2%2Fproduct_tag&post=1212"}],"curies":[{"name":"wp","href":"https:\/\/api.w.org\/{rel}","templated":true}]}}