{"id":1206,"date":"2021-05-06T18:39:15","date_gmt":"2021-05-06T21:39:15","guid":{"rendered":"https:\/\/www.libertocitybell.com\/?post_type=product&#038;p=1206"},"modified":"2023-02-09T20:06:27","modified_gmt":"2023-02-09T23:06:27","slug":"el-nuevo-paraiso-de-los-tontos-hernan-casciari","status":"publish","type":"product","link":"https:\/\/www.libertocitybell.com\/?product=el-nuevo-paraiso-de-los-tontos-hernan-casciari","title":{"rendered":"El Nuevo Para\u00edso De Los Tontos &#8211; Hern\u00e1n Casciari"},"content":{"rendered":"<p>A principios de este siglo no sospech\u00e1bamos que un historial mal cerrado de la computadora pod\u00eda ser causa de divorcio. Ni que la fama se medir\u00eda en millones de visitas a Youtube. Pero est\u00e1 ocurriendo. \u00bfCu\u00e1ntas parejas, con m\u00e1s de ocho a\u00f1os de convivencia, son capaces de darle la contrase\u00f1a de su cuenta de correo a su c\u00f3nyuge? \u00bfQui\u00e9n se queda con la custodia del Instagram despu\u00e9s de una ruptura matrimonial? \u00bfQu\u00e9 lugar ocupa el romanticismo en la era de Facebook?<\/p>\n<p>Estos cuarenta relatos breves indagan en los viejos t\u00f3picos de la literatura: los celos, la traici\u00f3n, la lealtad, el desamor y la locura, pero con un nuevo protagonista que se mete en todo sin pedir permiso: la tecnolog\u00eda.<\/p>\n<p>\u00abEl nuevo para\u00edso de los tontos\u00bb es el tercer libro de relatos de Hern\u00e1n Casciari, escrito con los borradores a la vista del lector.<\/p>\n","protected":false},"excerpt":{"rendered":"<p>A principios de este siglo no sospech\u00e1bamos que un historial mal cerrado de la computadora pod\u00eda ser causa de divorcio. Ni que la fama se medir\u00eda en millones de visitas a Youtube. Pero est\u00e1 ocurriendo. \u00bfCu\u00e1ntas parejas, con m\u00e1s de ocho a\u00f1os de convivencia, son capaces de darle la contrase\u00f1a de su cuenta de correo&hellip;&nbsp;<a href=\"https:\/\/www.libertocitybell.com\/?product=el-nuevo-paraiso-de-los-tontos-hernan-casciari\" class=\"\" rel=\"bookmark\">Leer m\u00e1s &raquo;<span class=\"screen-reader-text\">El Nuevo Para\u00edso De Los Tontos &#8211; Hern\u00e1n Casciari<\/span><\/a><\/p>\n","protected":false},"featured_media":1207,"comment_status":"open","ping_status":"closed","template":"","meta":{"_coblocks_attr":"","_coblocks_dimensions":"","_coblocks_responsive_height":"","_coblocks_accordion_ie_support":"","neve_meta_sidebar":"","neve_meta_container":"","neve_meta_enable_content_width":"off","neve_meta_content_width":0,"neve_meta_title_alignment":"","neve_meta_author_avatar":"","neve_post_elements_order":"","neve_meta_disable_header":"","neve_meta_disable_footer":"","neve_meta_disable_title":"","spay_email":"","jetpack_publicize_message":"","jetpack_is_tweetstorm":false,"jetpack_publicize_feature_enabled":true},"product_cat":[21],"product_tag":[],"class_list":{"0":"post-1206","1":"product","2":"type-product","3":"status-publish","4":"has-post-thumbnail","6":"product_cat-narrativa-argentina","8":"first","9":"outofstock","10":"taxable","11":"shipping-taxable","12":"purchasable","13":"product-type-simple"},"jetpack_publicize_connections":[],"_links":{"self":[{"href":"https:\/\/www.libertocitybell.com\/index.php?rest_route=\/wp\/v2\/product\/1206","targetHints":{"allow":["GET"]}}],"collection":[{"href":"https:\/\/www.libertocitybell.com\/index.php?rest_route=\/wp\/v2\/product"}],"about":[{"href":"https:\/\/www.libertocitybell.com\/index.php?rest_route=\/wp\/v2\/types\/product"}],"replies":[{"embeddable":true,"href":"https:\/\/www.libertocitybell.com\/index.php?rest_route=%2Fwp%2Fv2%2Fcomments&post=1206"}],"wp:featuredmedia":[{"embeddable":true,"href":"https:\/\/www.libertocitybell.com\/index.php?rest_route=\/wp\/v2\/media\/1207"}],"wp:attachment":[{"href":"https:\/\/www.libertocitybell.com\/index.php?rest_route=%2Fwp%2Fv2%2Fmedia&parent=1206"}],"wp:term":[{"taxonomy":"product_cat","embeddable":true,"href":"https:\/\/www.libertocitybell.com\/index.php?rest_route=%2Fwp%2Fv2%2Fproduct_cat&post=1206"},{"taxonomy":"product_tag","embeddable":true,"href":"https:\/\/www.libertocitybell.com\/index.php?rest_route=%2Fwp%2Fv2%2Fproduct_tag&post=1206"}],"curies":[{"name":"wp","href":"https:\/\/api.w.org\/{rel}","templated":true}]}}