{"id":1132,"date":"2021-03-16T14:11:30","date_gmt":"2021-03-16T17:11:30","guid":{"rendered":"http:\/\/www.libertocitybell.com\/?post_type=product&#038;p=1132"},"modified":"2023-02-09T16:18:19","modified_gmt":"2023-02-09T19:18:19","slug":"calatrava-editorial-taschen","status":"publish","type":"product","link":"https:\/\/www.libertocitybell.com\/?product=calatrava-editorial-taschen","title":{"rendered":"Calatrava &#8211; Editorial Taschen"},"content":{"rendered":"<p>Explore las estructuras neofuturistas de Santiago Calatrava atravesando sus m\u00faltiples y c\u00e9lebres puentes y recorriendo sus edificios culturales, cient\u00edficos y religiosos. Las l\u00edneas fluidas del arquitecto valenciano, que combina formas org\u00e1nicas, inteligentes soluciones de ingenier\u00eda y una est\u00e9tica aerodin\u00e1mica espectacular, crean una sensaci\u00f3n de movimiento y equilibrio. Sus proyectos mantienen un elegante v\u00ednculo con su entorno y, sobre todo, miran al futuro.<\/p>\n<div class=\"text_bookdetails_facts small py-2\">Tapa dura, 21 x 26 cm, 0,56 kg, 96 p\u00e1ginas<\/div>\n","protected":false},"excerpt":{"rendered":"<p>Explore las estructuras neofuturistas de Santiago Calatrava atravesando sus m\u00faltiples y c\u00e9lebres puentes y recorriendo sus edificios culturales, cient\u00edficos y religiosos. Las l\u00edneas fluidas del arquitecto valenciano, que combina formas org\u00e1nicas, inteligentes soluciones de ingenier\u00eda y una est\u00e9tica aerodin\u00e1mica espectacular, crean una sensaci\u00f3n de movimiento y equilibrio. Sus proyectos mantienen un elegante v\u00ednculo con su&hellip;&nbsp;<a href=\"https:\/\/www.libertocitybell.com\/?product=calatrava-editorial-taschen\" class=\"\" rel=\"bookmark\">Leer m\u00e1s &raquo;<span class=\"screen-reader-text\">Calatrava &#8211; Editorial Taschen<\/span><\/a><\/p>\n","protected":false},"featured_media":1133,"comment_status":"open","ping_status":"closed","template":"","meta":{"_coblocks_attr":"","_coblocks_dimensions":"","_coblocks_responsive_height":"","_coblocks_accordion_ie_support":"","neve_meta_sidebar":"","neve_meta_container":"","neve_meta_enable_content_width":"off","neve_meta_content_width":0,"neve_meta_title_alignment":"","neve_meta_author_avatar":"","neve_post_elements_order":"","neve_meta_disable_header":"","neve_meta_disable_footer":"","neve_meta_disable_title":"","spay_email":"","jetpack_publicize_message":"","jetpack_is_tweetstorm":false,"jetpack_publicize_feature_enabled":true},"product_cat":[19],"product_tag":[],"class_list":{"0":"post-1132","1":"product","2":"type-product","3":"status-publish","4":"has-post-thumbnail","6":"product_cat-arte","8":"first","9":"outofstock","10":"taxable","11":"shipping-taxable","12":"purchasable","13":"product-type-simple"},"jetpack_publicize_connections":[],"_links":{"self":[{"href":"https:\/\/www.libertocitybell.com\/index.php?rest_route=\/wp\/v2\/product\/1132","targetHints":{"allow":["GET"]}}],"collection":[{"href":"https:\/\/www.libertocitybell.com\/index.php?rest_route=\/wp\/v2\/product"}],"about":[{"href":"https:\/\/www.libertocitybell.com\/index.php?rest_route=\/wp\/v2\/types\/product"}],"replies":[{"embeddable":true,"href":"https:\/\/www.libertocitybell.com\/index.php?rest_route=%2Fwp%2Fv2%2Fcomments&post=1132"}],"wp:featuredmedia":[{"embeddable":true,"href":"https:\/\/www.libertocitybell.com\/index.php?rest_route=\/wp\/v2\/media\/1133"}],"wp:attachment":[{"href":"https:\/\/www.libertocitybell.com\/index.php?rest_route=%2Fwp%2Fv2%2Fmedia&parent=1132"}],"wp:term":[{"taxonomy":"product_cat","embeddable":true,"href":"https:\/\/www.libertocitybell.com\/index.php?rest_route=%2Fwp%2Fv2%2Fproduct_cat&post=1132"},{"taxonomy":"product_tag","embeddable":true,"href":"https:\/\/www.libertocitybell.com\/index.php?rest_route=%2Fwp%2Fv2%2Fproduct_tag&post=1132"}],"curies":[{"name":"wp","href":"https:\/\/api.w.org\/{rel}","templated":true}]}}