{"id":108,"date":"2020-10-02T20:22:22","date_gmt":"2020-10-02T23:22:22","guid":{"rendered":"http:\/\/libertocitybell-com.preview-domain.com\/?post_type=product&#038;p=108"},"modified":"2023-02-09T16:14:51","modified_gmt":"2023-02-09T19:14:51","slug":"adios-cielo-latini","status":"publish","type":"product","link":"https:\/\/www.libertocitybell.com\/?product=adios-cielo-latini","title":{"rendered":"Adi\u00f3s &#8211; Cielo Latini"},"content":{"rendered":"<p>Adi\u00f3s\u00a0es el intento de una mujer joven por deshacerse del fantasma de un hombre al que am\u00f3. La protagonista cuenta su historia como una despedida, despellej\u00e1ndose el dolor.<br \/>\nHelena es una chica de veintid\u00f3s a\u00f1os que se enamora instant\u00e1neamente de Jaime, el m\u00e9dico cirujano cuarent\u00f3n que la convence de que no necesita una cirug\u00eda de aumento mamario que le sugiere su novio. Muy pronto Helena y Jaime se mandan correos diarios y se zambullen en una relaci\u00f3n: hay entre ellos una sensaci\u00f3n de almas gemelas inmediata. \u201cNo es normal amarse tanto\u201d, repiten uno y otro.<br \/>\nSin embargo, Helena va descubriendo con perplejidad que Jaime cambia y muestra otra cara. \u00bfEsconde un secreto o varios? La relaci\u00f3n se hace t\u00f3xica, turbia. Progresivamente, lo que era un romance id\u00edlico se convierte en una adicci\u00f3n de la que no sabe salir. Sin la mirada de Jaime, Helena se siente invalidada. Sin embargo, logra sobreponerse y se convierte en una detective con una \u00fanica misi\u00f3n: desenmascarar a su marido.<br \/>\nCielo Latini, la aclamada autora de\u00a0<em>Abzurdah<\/em>\u00a0y\u00a0<em>Chubasco<\/em>, ha escrito un thriller psicol\u00f3gico, cautivante e hipn\u00f3tico.\u00a0<em>Adi\u00f3s<\/em>\u00a0es una historia de violencia invisible, indenunciable.<\/p>\n","protected":false},"excerpt":{"rendered":"<p>Adi\u00f3s\u00a0es el intento de una mujer joven por deshacerse del fantasma de un hombre al que am\u00f3. La protagonista cuenta su historia como una despedida, despellej\u00e1ndose el dolor. Helena es una chica de veintid\u00f3s a\u00f1os que se enamora instant\u00e1neamente de Jaime, el m\u00e9dico cirujano cuarent\u00f3n que la convence de que no necesita una cirug\u00eda de&hellip;&nbsp;<a href=\"https:\/\/www.libertocitybell.com\/?product=adios-cielo-latini\" class=\"\" rel=\"bookmark\">Leer m\u00e1s &raquo;<span class=\"screen-reader-text\">Adi\u00f3s &#8211; Cielo Latini<\/span><\/a><\/p>\n","protected":false},"featured_media":109,"comment_status":"open","ping_status":"closed","template":"","meta":{"_coblocks_attr":"","_coblocks_dimensions":"","_coblocks_responsive_height":"","_coblocks_accordion_ie_support":"","neve_meta_sidebar":"","neve_meta_container":"","neve_meta_enable_content_width":"","neve_meta_content_width":0,"neve_meta_title_alignment":"","neve_meta_author_avatar":"","neve_post_elements_order":"","neve_meta_disable_header":"","neve_meta_disable_footer":"","neve_meta_disable_title":"","spay_email":"","jetpack_publicize_message":"","jetpack_is_tweetstorm":false,"jetpack_publicize_feature_enabled":true},"product_cat":[21],"product_tag":[],"class_list":{"0":"post-108","1":"product","2":"type-product","3":"status-publish","4":"has-post-thumbnail","6":"product_cat-narrativa-argentina","8":"first","9":"outofstock","10":"taxable","11":"shipping-taxable","12":"purchasable","13":"product-type-simple"},"jetpack_publicize_connections":[],"_links":{"self":[{"href":"https:\/\/www.libertocitybell.com\/index.php?rest_route=\/wp\/v2\/product\/108","targetHints":{"allow":["GET"]}}],"collection":[{"href":"https:\/\/www.libertocitybell.com\/index.php?rest_route=\/wp\/v2\/product"}],"about":[{"href":"https:\/\/www.libertocitybell.com\/index.php?rest_route=\/wp\/v2\/types\/product"}],"replies":[{"embeddable":true,"href":"https:\/\/www.libertocitybell.com\/index.php?rest_route=%2Fwp%2Fv2%2Fcomments&post=108"}],"wp:featuredmedia":[{"embeddable":true,"href":"https:\/\/www.libertocitybell.com\/index.php?rest_route=\/wp\/v2\/media\/109"}],"wp:attachment":[{"href":"https:\/\/www.libertocitybell.com\/index.php?rest_route=%2Fwp%2Fv2%2Fmedia&parent=108"}],"wp:term":[{"taxonomy":"product_cat","embeddable":true,"href":"https:\/\/www.libertocitybell.com\/index.php?rest_route=%2Fwp%2Fv2%2Fproduct_cat&post=108"},{"taxonomy":"product_tag","embeddable":true,"href":"https:\/\/www.libertocitybell.com\/index.php?rest_route=%2Fwp%2Fv2%2Fproduct_tag&post=108"}],"curies":[{"name":"wp","href":"https:\/\/api.w.org\/{rel}","templated":true}]}}